{"id":37141,"date":"2026-04-26T09:15:43","date_gmt":"2026-04-26T09:15:43","guid":{"rendered":""},"modified":"2026-04-26T09:15:43","modified_gmt":"2026-04-26T09:15:43","slug":"zrcadlo-ve-tvaru-kapky-led-osvetleni-po-obvodu-rozmer-800-x-800-mm-nastavitelna-barva-teploty-svetla-sezonni-sleva-37141","status":"publish","type":"product","link":"https:\/\/www.koupelnapro.com\/index.php\/produkt\/zrcadlo-ve-tvaru-kapky-led-osvetleni-po-obvodu-rozmer-800-x-800-mm-nastavitelna-barva-teploty-svetla-sezonni-sleva-37141\/","title":{"rendered":"Zrcadlo ve tvaru kapky, LED osv\u011btlen\u00ed po obvodu, rozm\u011br 800 x 800 mm, nastaviteln\u00e1 barva teploty sv\u011btla Sez\u00f3nn\u00ed Sleva"},"content":{"rendered":"<div class=\"basic-description\">\n<h3>Detailn\u00ed popis produktu<\/h3>\n<p>Toto kr\u00e1sn\u00e9 zrcadlo ve <strong>tvaru kapky<\/strong> s LED osv\u011btlen\u00edm po obvodu, je p\u0159esn\u011b t\u00edm, co pot\u0159ebujete pro dokonalou koupelnu. S jeho <strong>modern\u00edm designem<\/strong> a kvalitn\u00edm zpracov\u00e1n\u00edm se stane nejen praktick\u00fdm dopl\u0148kem, ale tak\u00e9 stylov\u00fdm prvkem, kter\u00fd zv\u00fdrazn\u00ed atmosf\u00e9ru cel\u00e9 m\u00edstnosti. <strong>Zrcadlo s LED osv\u011btlen\u00edm<\/strong> dok\u00e1\u017ee skv\u011ble rozjasnit jakoukoliv koupelnu a vytvo\u0159it dokonal\u00e9 prost\u0159ed\u00ed pro l\u00ed\u010den\u00ed a \u00fapravu. S jeho <strong>snadnou instalac\u00ed<\/strong> a v\u00fdkonn\u00fdm osv\u011btlen\u00edm budete m\u00edt dokonal\u00fd pohled na sebe kdykoliv, kdy si p\u0159ejete.<\/p>\n<p><strong><span>Zrcadlo s LED osv\u011btlen\u00edm a atypick\u00fdm designov\u00fdm tvarem kapky.<\/span><\/strong><\/p>\n<p><span><strong>Rozm\u011br zrcadla je 80 x 80 cm a lze jej zav\u011bsit ve \u010dty\u0159ech libovoln\u00fdch poloh\u00e1ch<\/strong>, viz. galerie. Zrcadlo m\u00e1\u00a0<strong>tlou\u0161\u0165ku 5 mm<\/strong>\u00a0a je vyrobeno\u00a0<strong>bez p\u0159\u00edm\u011bsi m\u011bdi<\/strong>\u00a0a dod\u00e1v\u00e1no s bezpe\u010dnostn\u00ed f\u00f3li\u00ed.\u00a0<strong>Po cel\u00e9m obvodu zrcadla jsou um\u00edst\u011bny LED diody<\/strong>, kter\u00e9 jsou zakryty 2 cm pr\u016fsvitn\u00fdm p\u00e1sem, kter\u00fd zaji\u0161\u0165uje rozptyl sv\u011btla.<\/span><\/p>\n<p><span>Zrcadlo je ovl\u00e1d\u00e1no pomoc\u00ed osv\u011btlen\u00e9ho\u00a0<strong>dotykov\u00e9ho sp\u00edna\u010de<\/strong>\u00a0um\u00edst\u011bn\u00e9ho na p\u0159edn\u00ed \u010d\u00e1sti zrcadla. Del\u0161\u00edm p\u0159idr\u017een\u00edm sp\u00edna\u010de lze\u00a0<strong>nastavit teplotu barvy osv\u011btlen\u00ed od studen\u00e9 b\u00edl\u00e9 3400 K po teplou \u017elutou 6400 K<\/strong>. Zapnut\u00ed a vypnut\u00ed jednoduch\u00fdm kr\u00e1tk\u00fdm dotykem.<\/span><\/p>\n<p><span>Zrcadlo m\u00e1\u00a0<strong>ze zadn\u00ed strany hlin\u00edkov\u00fd r\u00e1m o hloubce 30 mm<\/strong>\u00a0pro dostate\u010dn\u00e9 chlazen\u00ed modulu zrcadla a pohodlnou instalaci. Sou\u010d\u00e1st\u00ed je i\u00a0<strong>Instala\u010dn\u00ed materi\u00e1l je sou\u010d\u00e1st\u00ed<\/strong>.<\/span><\/p>\n<p><span><strong>Zadn\u00ed \u010d\u00e1st zrcadla je otev\u0159en\u00e1<\/strong>, je tak mo\u017en\u00e9\u00a0<strong>pohodln\u011b p\u0159ipojit elektrick\u00fd p\u0159\u00edvod<\/strong>.<\/span><\/p>\n<\/p><\/div>\n<div class=\"extended-description\">\n<h3>Dopl\u0148kov\u00e9 parametry<\/h3>\n<table class=\"detail-parameters\">\n<tbody>\n<tr>\n<th>        <span class=\"row-header-label\">            Kategorie<span class=\"row-header-label-colon\">:<\/span>        <\/span>    <\/th>\n<td>            <\/td>\n<\/tr>\n<tr>\n<th>            <span class=\"row-header-label\">                Z\u00e1ruka<span class=\"row-header-label-colon\">:<\/span>            <\/span>        <\/th>\n<td>            2 roky        <\/td>\n<\/tr>\n<tr>\n<th>            <span class=\"row-header-label\">                Hmotnost<span class=\"row-header-label-colon\">:<\/span>            <\/span>        <\/th>\n<td>            8 kg        <\/td>\n<\/tr>\n<tr>\n<th>                <span class=\"row-header-label\">                                            Dostupnost<span class=\"row-header-label-colon\">:<\/span>                                    <\/span>            <\/th>\n<td>                                                            Skladem                                                <\/td>\n<\/tr>\n<tr>\n<th>                <span class=\"row-header-label\">                                                                        Rozm\u011br<span class=\"row-header-label-colon\">:<\/span>                                                            <\/span>            <\/th>\n<td>80 x 80 cm<\/td>\n<\/tr>\n<tr>\n<th>                <span class=\"row-header-label\">                                                                        \u0160\u00ed\u0159ka<span class=\"row-header-label-colon\">:<\/span>                                                            <\/span>            <\/th>\n<td>80 cm<\/td>\n<\/tr>\n<tr>\n<th>                <span class=\"row-header-label\">                                                                        V\u00fd\u0161ka<span class=\"row-header-label-colon\">:<\/span>                                                            <\/span>            <\/th>\n<td>80 cm<\/td>\n<\/tr>\n<tr>\n<th>                <span class=\"row-header-label\">                                                                        Hloubka<span class=\"row-header-label-colon\">:<\/span>                                                            <\/span>            <\/th>\n<td>3 cm<\/td>\n<\/tr>\n<tr>\n<th>                <span class=\"row-header-label\">                                                                        V\u00fdbava<span class=\"row-header-label-colon\">:<\/span>                                                            <\/span>            <\/th>\n<td>LED osv\u011btlen\u00ed, nastaviteln\u00e1 teplota osv\u011btlen\u00ed<\/td>\n<\/tr>\n<tr>\n<th>                <span class=\"row-header-label\">                                                                        Typ zrcadla<span class=\"row-header-label-colon\">:<\/span>                                                            <\/span>            <\/th>\n<td>Podsv\u00edcen\u00e1 zrcadla<\/td>\n<\/tr>\n<tr>\n<th>                <span class=\"row-header-label\">                                                                        Typ osv\u011btlen\u00ed<span class=\"row-header-label-colon\">:<\/span>                                                            <\/span>            <\/th>\n<td>LED<\/td>\n<\/tr>\n<tr>\n<th>                <span class=\"row-header-label\">                                                                        Kryt\u00ed<span class=\"row-header-label-colon\">:<\/span>                                                            <\/span>            <\/th>\n<td>IP44<\/td>\n<\/tr>\n<tr>\n<th>                <span class=\"row-header-label\">                                                                        Objednac\u00ed k\u00f3d<span class=\"row-header-label-colon\">:<\/span>                                                            <\/span>            <\/th>\n<td>bssMFG8080<\/td>\n<\/tr>\n<tr>\n<th>                <span class=\"row-header-label\">                                                                        Hmotnost<span class=\"row-header-label-colon\">:<\/span>                                                            <\/span>            <\/th>\n<td>8 kg<\/td>\n<\/tr>\n<\/tbody>\n<\/table><\/div>\n<\/p><\/div>\n<\/p><\/div>\n","protected":false},"excerpt":{"rendered":"<p>Detailn\u00ed popis produktu Toto kr\u00e1sn\u00e9 zrcadlo ve tvaru kapky s LED osv\u011btlen\u00edm po obvodu, je p\u0159esn\u011b t\u00edm, co pot\u0159ebujete pro dokonalou koupelnu. S jeho modern\u00edm designem a kvalitn\u00edm zpracov\u00e1n\u00edm se stane nejen praktick\u00fdm dopl\u0148kem, ale tak\u00e9 stylov\u00fdm prvkem, kter\u00fd zv\u00fdrazn\u00ed atmosf\u00e9ru cel\u00e9 m\u00edstnosti. Zrcadlo s LED osv\u011btlen\u00edm dok\u00e1\u017ee skv\u011ble rozjasnit jakoukoliv koupelnu a vytvo\u0159it dokonal\u00e9 [&hellip;]<\/p>\n","protected":false},"featured_media":37241,"comment_status":"open","ping_status":"open","template":"","meta":[],"product_brand":[],"product_cat":[132],"product_tag":[],"class_list":{"0":"post-37141","1":"product","2":"type-product","3":"status-publish","4":"has-post-thumbnail","6":"product_cat-zrcadla","8":"first","9":"instock","10":"sale","11":"shipping-taxable","12":"purchasable","13":"product-type-simple"},"yoast_head":"<!-- This site is optimized with the Yoast SEO plugin v26.8 - https:\/\/yoast.com\/product\/yoast-seo-wordpress\/ -->\n<title>Zrcadlo ve tvaru kapky, LED osv\u011btlen\u00ed po obvodu, rozm\u011br 800 x 800 mm, nastaviteln\u00e1 barva teploty sv\u011btla Sez\u00f3nn\u00ed Sleva -<\/title>\n<meta name=\"robots\" content=\"index, follow, max-snippet:-1, max-image-preview:large, max-video-preview:-1\" \/>\n<link rel=\"canonical\" href=\"https:\/\/www.koupelnapro.com\/index.php\/produkt\/zrcadlo-ve-tvaru-kapky-led-osvetleni-po-obvodu-rozmer-800-x-800-mm-nastavitelna-barva-teploty-svetla-sezonni-sleva-37141\/\" \/>\n<meta property=\"og:locale\" content=\"cs_CZ\" \/>\n<meta property=\"og:type\" content=\"article\" \/>\n<meta property=\"og:title\" content=\"Zrcadlo ve tvaru kapky, LED osv\u011btlen\u00ed po obvodu, rozm\u011br 800 x 800 mm, nastaviteln\u00e1 barva teploty sv\u011btla Sez\u00f3nn\u00ed Sleva -\" \/>\n<meta property=\"og:description\" content=\"Detailn\u00ed popis produktu Toto kr\u00e1sn\u00e9 zrcadlo ve tvaru kapky s LED osv\u011btlen\u00edm po obvodu, je p\u0159esn\u011b t\u00edm, co pot\u0159ebujete pro dokonalou koupelnu. S jeho modern\u00edm designem a kvalitn\u00edm zpracov\u00e1n\u00edm se stane nejen praktick\u00fdm dopl\u0148kem, ale tak\u00e9 stylov\u00fdm prvkem, kter\u00fd zv\u00fdrazn\u00ed atmosf\u00e9ru cel\u00e9 m\u00edstnosti. Zrcadlo s LED osv\u011btlen\u00edm dok\u00e1\u017ee skv\u011ble rozjasnit jakoukoliv koupelnu a vytvo\u0159it dokonal\u00e9 [&hellip;]\" \/>\n<meta property=\"og:url\" content=\"https:\/\/www.koupelnapro.com\/index.php\/produkt\/zrcadlo-ve-tvaru-kapky-led-osvetleni-po-obvodu-rozmer-800-x-800-mm-nastavitelna-barva-teploty-svetla-sezonni-sleva-37141\/\" \/>\n<meta property=\"og:image\" content=\"https:\/\/www.koupelnapro.com\/wp-content\/uploads\/2026\/SK0003451-CZ20260425-092556-0-1777080363-43386_led-zrcadlo-drop-light-80x80-cm--nastavitelne-osvetel.webp\" \/>\n\t<meta property=\"og:image:width\" content=\"1000\" \/>\n\t<meta property=\"og:image:height\" content=\"750\" \/>\n\t<meta property=\"og:image:type\" content=\"image\/webp\" \/>\n<meta name=\"twitter:card\" content=\"summary_large_image\" \/>\n<meta name=\"twitter:label1\" content=\"Odhadovan\u00e1 doba \u010dten\u00ed\" \/>\n\t<meta name=\"twitter:data1\" content=\"2 minuty\" \/>\n<script type=\"application\/ld+json\" class=\"yoast-schema-graph\">{\"@context\":\"https:\/\/schema.org\",\"@graph\":[{\"@type\":\"WebPage\",\"@id\":\"https:\/\/www.koupelnapro.com\/index.php\/produkt\/zrcadlo-ve-tvaru-kapky-led-osvetleni-po-obvodu-rozmer-800-x-800-mm-nastavitelna-barva-teploty-svetla-sezonni-sleva-37141\/\",\"url\":\"https:\/\/www.koupelnapro.com\/index.php\/produkt\/zrcadlo-ve-tvaru-kapky-led-osvetleni-po-obvodu-rozmer-800-x-800-mm-nastavitelna-barva-teploty-svetla-sezonni-sleva-37141\/\",\"name\":\"Zrcadlo ve tvaru kapky, LED osv\u011btlen\u00ed po obvodu, rozm\u011br 800 x 800 mm, nastaviteln\u00e1 barva teploty sv\u011btla Sez\u00f3nn\u00ed Sleva -\",\"isPartOf\":{\"@id\":\"https:\/\/www.koupelnapro.com\/#website\"},\"primaryImageOfPage\":{\"@id\":\"https:\/\/www.koupelnapro.com\/index.php\/produkt\/zrcadlo-ve-tvaru-kapky-led-osvetleni-po-obvodu-rozmer-800-x-800-mm-nastavitelna-barva-teploty-svetla-sezonni-sleva-37141\/#primaryimage\"},\"image\":{\"@id\":\"https:\/\/www.koupelnapro.com\/index.php\/produkt\/zrcadlo-ve-tvaru-kapky-led-osvetleni-po-obvodu-rozmer-800-x-800-mm-nastavitelna-barva-teploty-svetla-sezonni-sleva-37141\/#primaryimage\"},\"thumbnailUrl\":\"https:\/\/www.koupelnapro.com\/wp-content\/uploads\/2026\/SK0003451-CZ20260425-092556-0-1777080363-43386_led-zrcadlo-drop-light-80x80-cm--nastavitelne-osvetel.webp\",\"datePublished\":\"2026-04-26T09:15:43+00:00\",\"breadcrumb\":{\"@id\":\"https:\/\/www.koupelnapro.com\/index.php\/produkt\/zrcadlo-ve-tvaru-kapky-led-osvetleni-po-obvodu-rozmer-800-x-800-mm-nastavitelna-barva-teploty-svetla-sezonni-sleva-37141\/#breadcrumb\"},\"inLanguage\":\"cs\",\"potentialAction\":[{\"@type\":\"ReadAction\",\"target\":[\"https:\/\/www.koupelnapro.com\/index.php\/produkt\/zrcadlo-ve-tvaru-kapky-led-osvetleni-po-obvodu-rozmer-800-x-800-mm-nastavitelna-barva-teploty-svetla-sezonni-sleva-37141\/\"]}]},{\"@type\":\"ImageObject\",\"inLanguage\":\"cs\",\"@id\":\"https:\/\/www.koupelnapro.com\/index.php\/produkt\/zrcadlo-ve-tvaru-kapky-led-osvetleni-po-obvodu-rozmer-800-x-800-mm-nastavitelna-barva-teploty-svetla-sezonni-sleva-37141\/#primaryimage\",\"url\":\"https:\/\/www.koupelnapro.com\/wp-content\/uploads\/2026\/SK0003451-CZ20260425-092556-0-1777080363-43386_led-zrcadlo-drop-light-80x80-cm--nastavitelne-osvetel.webp\",\"contentUrl\":\"https:\/\/www.koupelnapro.com\/wp-content\/uploads\/2026\/SK0003451-CZ20260425-092556-0-1777080363-43386_led-zrcadlo-drop-light-80x80-cm--nastavitelne-osvetel.webp\",\"width\":1000,\"height\":750},{\"@type\":\"BreadcrumbList\",\"@id\":\"https:\/\/www.koupelnapro.com\/index.php\/produkt\/zrcadlo-ve-tvaru-kapky-led-osvetleni-po-obvodu-rozmer-800-x-800-mm-nastavitelna-barva-teploty-svetla-sezonni-sleva-37141\/#breadcrumb\",\"itemListElement\":[{\"@type\":\"ListItem\",\"position\":1,\"name\":\"Home\",\"item\":\"https:\/\/www.koupelnapro.com\/\"},{\"@type\":\"ListItem\",\"position\":2,\"name\":\"Products\",\"item\":\"https:\/\/www.koupelnapro.com\/index.php\/products\/\"},{\"@type\":\"ListItem\",\"position\":3,\"name\":\"Zrcadlo ve tvaru kapky, LED osv\u011btlen\u00ed po obvodu, rozm\u011br 800 x 800 mm, nastaviteln\u00e1 barva teploty sv\u011btla Sez\u00f3nn\u00ed Sleva\"}]},{\"@type\":\"WebSite\",\"@id\":\"https:\/\/www.koupelnapro.com\/#website\",\"url\":\"https:\/\/www.koupelnapro.com\/\",\"name\":\"\",\"description\":\"\",\"potentialAction\":[{\"@type\":\"SearchAction\",\"target\":{\"@type\":\"EntryPoint\",\"urlTemplate\":\"https:\/\/www.koupelnapro.com\/?s={search_term_string}\"},\"query-input\":{\"@type\":\"PropertyValueSpecification\",\"valueRequired\":true,\"valueName\":\"search_term_string\"}}],\"inLanguage\":\"cs\"}]}<\/script>\n<!-- \/ Yoast SEO plugin. -->","yoast_head_json":{"title":"Zrcadlo ve tvaru kapky, LED osv\u011btlen\u00ed po obvodu, rozm\u011br 800 x 800 mm, nastaviteln\u00e1 barva teploty sv\u011btla Sez\u00f3nn\u00ed Sleva -","robots":{"index":"index","follow":"follow","max-snippet":"max-snippet:-1","max-image-preview":"max-image-preview:large","max-video-preview":"max-video-preview:-1"},"canonical":"https:\/\/www.koupelnapro.com\/index.php\/produkt\/zrcadlo-ve-tvaru-kapky-led-osvetleni-po-obvodu-rozmer-800-x-800-mm-nastavitelna-barva-teploty-svetla-sezonni-sleva-37141\/","og_locale":"cs_CZ","og_type":"article","og_title":"Zrcadlo ve tvaru kapky, LED osv\u011btlen\u00ed po obvodu, rozm\u011br 800 x 800 mm, nastaviteln\u00e1 barva teploty sv\u011btla Sez\u00f3nn\u00ed Sleva -","og_description":"Detailn\u00ed popis produktu Toto kr\u00e1sn\u00e9 zrcadlo ve tvaru kapky s LED osv\u011btlen\u00edm po obvodu, je p\u0159esn\u011b t\u00edm, co pot\u0159ebujete pro dokonalou koupelnu. S jeho modern\u00edm designem a kvalitn\u00edm zpracov\u00e1n\u00edm se stane nejen praktick\u00fdm dopl\u0148kem, ale tak\u00e9 stylov\u00fdm prvkem, kter\u00fd zv\u00fdrazn\u00ed atmosf\u00e9ru cel\u00e9 m\u00edstnosti. Zrcadlo s LED osv\u011btlen\u00edm dok\u00e1\u017ee skv\u011ble rozjasnit jakoukoliv koupelnu a vytvo\u0159it dokonal\u00e9 [&hellip;]","og_url":"https:\/\/www.koupelnapro.com\/index.php\/produkt\/zrcadlo-ve-tvaru-kapky-led-osvetleni-po-obvodu-rozmer-800-x-800-mm-nastavitelna-barva-teploty-svetla-sezonni-sleva-37141\/","og_image":[{"width":1000,"height":750,"url":"https:\/\/www.koupelnapro.com\/wp-content\/uploads\/2026\/SK0003451-CZ20260425-092556-0-1777080363-43386_led-zrcadlo-drop-light-80x80-cm--nastavitelne-osvetel.webp","type":"image\/webp"}],"twitter_card":"summary_large_image","twitter_misc":{"Odhadovan\u00e1 doba \u010dten\u00ed":"2 minuty"},"schema":{"@context":"https:\/\/schema.org","@graph":[{"@type":"WebPage","@id":"https:\/\/www.koupelnapro.com\/index.php\/produkt\/zrcadlo-ve-tvaru-kapky-led-osvetleni-po-obvodu-rozmer-800-x-800-mm-nastavitelna-barva-teploty-svetla-sezonni-sleva-37141\/","url":"https:\/\/www.koupelnapro.com\/index.php\/produkt\/zrcadlo-ve-tvaru-kapky-led-osvetleni-po-obvodu-rozmer-800-x-800-mm-nastavitelna-barva-teploty-svetla-sezonni-sleva-37141\/","name":"Zrcadlo ve tvaru kapky, LED osv\u011btlen\u00ed po obvodu, rozm\u011br 800 x 800 mm, nastaviteln\u00e1 barva teploty sv\u011btla Sez\u00f3nn\u00ed Sleva -","isPartOf":{"@id":"https:\/\/www.koupelnapro.com\/#website"},"primaryImageOfPage":{"@id":"https:\/\/www.koupelnapro.com\/index.php\/produkt\/zrcadlo-ve-tvaru-kapky-led-osvetleni-po-obvodu-rozmer-800-x-800-mm-nastavitelna-barva-teploty-svetla-sezonni-sleva-37141\/#primaryimage"},"image":{"@id":"https:\/\/www.koupelnapro.com\/index.php\/produkt\/zrcadlo-ve-tvaru-kapky-led-osvetleni-po-obvodu-rozmer-800-x-800-mm-nastavitelna-barva-teploty-svetla-sezonni-sleva-37141\/#primaryimage"},"thumbnailUrl":"https:\/\/www.koupelnapro.com\/wp-content\/uploads\/2026\/SK0003451-CZ20260425-092556-0-1777080363-43386_led-zrcadlo-drop-light-80x80-cm--nastavitelne-osvetel.webp","datePublished":"2026-04-26T09:15:43+00:00","breadcrumb":{"@id":"https:\/\/www.koupelnapro.com\/index.php\/produkt\/zrcadlo-ve-tvaru-kapky-led-osvetleni-po-obvodu-rozmer-800-x-800-mm-nastavitelna-barva-teploty-svetla-sezonni-sleva-37141\/#breadcrumb"},"inLanguage":"cs","potentialAction":[{"@type":"ReadAction","target":["https:\/\/www.koupelnapro.com\/index.php\/produkt\/zrcadlo-ve-tvaru-kapky-led-osvetleni-po-obvodu-rozmer-800-x-800-mm-nastavitelna-barva-teploty-svetla-sezonni-sleva-37141\/"]}]},{"@type":"ImageObject","inLanguage":"cs","@id":"https:\/\/www.koupelnapro.com\/index.php\/produkt\/zrcadlo-ve-tvaru-kapky-led-osvetleni-po-obvodu-rozmer-800-x-800-mm-nastavitelna-barva-teploty-svetla-sezonni-sleva-37141\/#primaryimage","url":"https:\/\/www.koupelnapro.com\/wp-content\/uploads\/2026\/SK0003451-CZ20260425-092556-0-1777080363-43386_led-zrcadlo-drop-light-80x80-cm--nastavitelne-osvetel.webp","contentUrl":"https:\/\/www.koupelnapro.com\/wp-content\/uploads\/2026\/SK0003451-CZ20260425-092556-0-1777080363-43386_led-zrcadlo-drop-light-80x80-cm--nastavitelne-osvetel.webp","width":1000,"height":750},{"@type":"BreadcrumbList","@id":"https:\/\/www.koupelnapro.com\/index.php\/produkt\/zrcadlo-ve-tvaru-kapky-led-osvetleni-po-obvodu-rozmer-800-x-800-mm-nastavitelna-barva-teploty-svetla-sezonni-sleva-37141\/#breadcrumb","itemListElement":[{"@type":"ListItem","position":1,"name":"Home","item":"https:\/\/www.koupelnapro.com\/"},{"@type":"ListItem","position":2,"name":"Products","item":"https:\/\/www.koupelnapro.com\/index.php\/products\/"},{"@type":"ListItem","position":3,"name":"Zrcadlo ve tvaru kapky, LED osv\u011btlen\u00ed po obvodu, rozm\u011br 800 x 800 mm, nastaviteln\u00e1 barva teploty sv\u011btla Sez\u00f3nn\u00ed Sleva"}]},{"@type":"WebSite","@id":"https:\/\/www.koupelnapro.com\/#website","url":"https:\/\/www.koupelnapro.com\/","name":"","description":"","potentialAction":[{"@type":"SearchAction","target":{"@type":"EntryPoint","urlTemplate":"https:\/\/www.koupelnapro.com\/?s={search_term_string}"},"query-input":{"@type":"PropertyValueSpecification","valueRequired":true,"valueName":"search_term_string"}}],"inLanguage":"cs"}]}},"_links":{"self":[{"href":"https:\/\/www.koupelnapro.com\/index.php\/wp-json\/wp\/v2\/product\/37141","targetHints":{"allow":["GET"]}}],"collection":[{"href":"https:\/\/www.koupelnapro.com\/index.php\/wp-json\/wp\/v2\/product"}],"about":[{"href":"https:\/\/www.koupelnapro.com\/index.php\/wp-json\/wp\/v2\/types\/product"}],"replies":[{"embeddable":true,"href":"https:\/\/www.koupelnapro.com\/index.php\/wp-json\/wp\/v2\/comments?post=37141"}],"wp:featuredmedia":[{"embeddable":true,"href":"https:\/\/www.koupelnapro.com\/index.php\/wp-json\/wp\/v2\/media\/37241"}],"wp:attachment":[{"href":"https:\/\/www.koupelnapro.com\/index.php\/wp-json\/wp\/v2\/media?parent=37141"}],"wp:term":[{"taxonomy":"product_brand","embeddable":true,"href":"https:\/\/www.koupelnapro.com\/index.php\/wp-json\/wp\/v2\/product_brand?post=37141"},{"taxonomy":"product_cat","embeddable":true,"href":"https:\/\/www.koupelnapro.com\/index.php\/wp-json\/wp\/v2\/product_cat?post=37141"},{"taxonomy":"product_tag","embeddable":true,"href":"https:\/\/www.koupelnapro.com\/index.php\/wp-json\/wp\/v2\/product_tag?post=37141"}],"curies":[{"name":"wp","href":"https:\/\/api.w.org\/{rel}","templated":true}]}}