{"id":36940,"date":"2026-04-26T09:15:42","date_gmt":"2026-04-26T09:15:42","guid":{"rendered":""},"modified":"2026-04-26T09:15:42","modified_gmt":"2026-04-26T09:15:42","slug":"znackovy-sigma-simply-obdelnikovy-sprchovy-kout-1000x800mm-l-p-varianta-cire-sklo-36940","status":"publish","type":"product","link":"https:\/\/www.koupelnapro.com\/index.php\/produkt\/znackovy-sigma-simply-obdelnikovy-sprchovy-kout-1000x800mm-l-p-varianta-cire-sklo-36940\/","title":{"rendered":"Zna\u010dkov\u00fd SIGMA SIMPLY obd\u00e9ln\u00edkov\u00fd sprchov\u00fd kout 1000x800mm L\/P varianta, \u010dir\u00e9 sklo"},"content":{"rendered":"<div class=\"basic-description\">\n<h3>Detailn\u00ed popis produktu<\/h3>\n<p style=\"text-align: justify;\">P\u0159i n\u00e1vrhu r\u00e1mov\u00fdch sprchov\u00fdch z\u00e1st\u011bn SIGMA SIMPLY byl kladen d\u016fraz na eleganci, funk\u010dnost a zejm\u00e9na snadnou a rychlou instalaci. Tenk\u00e9 profily z le\u0161t\u011bn\u00e9ho hlin\u00edku zachov\u00e1vaj\u00ed vzdu\u0161nost a pro pohodln\u00fd \u00fachop navr\u017een\u00e9 kovov\u00e9 madlo v chromu pot\u011b\u0161\u00ed ka\u017ed\u00e9ho p\u0159\u00edznivce modern\u00edho stylu. Pro snadnou \u00fadr\u017ebu u posuvn\u00fdch dve\u0159\u00ed slou\u017e\u00ed spodn\u00ed odklopn\u00fd syst\u00e9m pojezd\u016f, snadnost otev\u00edr\u00e1n\u00ed zaji\u0161\u0165uj\u00ed zdvojen\u00e9 lo\u017eiskov\u00e9 pojezdy.K \u010di\u0161t\u011bn\u00ed skel doporu\u010dujeme speci\u00e1ln\u00ed sadu p\u0159\u00edpravk\u016f PRO COMFORT a TOP COMFORT.<\/p>\n<p><strong>Celkov\u00e1 charakteristika sprchov\u00fdch z\u00e1st\u011bn s\u00e9rie SIGMA SIMPLY:<\/strong><\/p>\n<ul>\n<li>Bezpe\u010dnostn\u00ed sklo z\u00e1st\u011bn o s\u00edle 6 mm s povrchovou \u00fapravou COATED GLASS pro snadnou \u00fadr\u017ebu<\/li>\n<li>Na v\u00fdb\u011br 2 druhy sklen\u011bn\u00fdch v\u00fdpln\u00ed: \u010dir\u00e9 sklo a Brick sklo<\/li>\n<li>Zdvojen\u00e9 lo\u017eiskov\u00e9 pojezdy, spodn\u00ed v\u00fdklopn\u00e9 pro pohodln\u00e9 \u010di\u0161t\u011bn\u00ed<\/li>\n<li>Profily z le\u0161t\u011bn\u00e9ho hlin\u00edku<\/li>\n<li>Projmut\u00e9 obl\u00e9 madlo, kter\u00e9 je sou\u010d\u00e1st\u00ed z\u00e1st\u011bn, lze vym\u011bnit za hranat\u00e9 (k dokoupen\u00ed)<\/li>\n<li>Rozst\u0159iku vody zabra\u0148uje svisl\u00e9 silikonov\u00e9 a magnetick\u00e9 t\u011bsn\u011bn\u00ed<\/li>\n<li>\u010ctvrtkruhov\u00e9 z\u00e1st\u011bny a \u010dtvrtkruhov\u00e9 z\u00e1st\u011bny s prodlou\u017eenou st\u011bnou s posuvn\u00fdmi dve\u0159mi<\/li>\n<li>\u010ctvercov\u00e9 a obd\u00e9ln\u00edkov\u00e9 z\u00e1st\u011bny s rohov\u00fdm vstupem vytvo\u0159\u00edte spojen\u00edm dvou posuvn\u00fdch dve\u0159\u00ed pro rohov\u00fd vstup<\/li>\n<li>Kombinac\u00ed bo\u010dn\u00ed st\u011bny a dve\u0159\u00ed z\u00edsk\u00e1te obd\u00e9ln\u00edkovou\/\u010dtvercovou z\u00e1st\u011bnu &#8211; na v\u00fdb\u011br dve\u0159e posuvn\u00e9 a pivotov\u00e9<\/li>\n<li>U pivotov\u00fdch dve\u0159\u00ed je sklo uchyceno v oto\u010dn\u00e9m pivotov\u00e9m pantu, tento mechanismus poskytuje dlouhou \u017eivotnost<\/li>\n<li>Dve\u0159e umo\u017e\u0148uj\u00ed variabiln\u00ed instalaci s lev\u00fdm nebo prav\u00fdm otev\u00edr\u00e1n\u00edm<\/li>\n<li>Snadn\u00e1 a rychl\u00e1 instalace<\/li>\n<li>Mo\u017enost v\u00fdb\u011bru ze 3 typ\u016f madel: nam\u00edsto standardn\u011b dod\u00e1van\u00e9ho obl\u00e9ho lze zakoupit vybranou variantu hranat\u00e9ho&nbsp;<\/li>\n<li>Prodlou\u017een\u00e1 z\u00e1ruka 3 roky<\/li>\n<\/ul>\n<div style=\"float: left; width: 33%; text-align: justify;\">\n<div style=\"padding-right: 25px;\">St\u011bnov\u00fd profil poskytuje nastavitelnost a\u017e&nbsp; 20 mm pro vyrovn\u00e1n\u00ed nerovnost\u00ed.Snadn\u00e1 fixace z\u00e1st\u011bny ke st\u011bnov\u00e9mu profilu pouze jedn\u00edm vrutem zaji\u0161\u0165uje dostate\u010dnou stabilitu.<\/div>\n<\/div>\n<div style=\"float: left; width: 33%; text-align: justify;\">\n<div style=\"padding-right: 25px;\">Zdvojen\u00e9 lo\u017eiskov\u00e9 pojezdy pro bezprobl\u00e9mov\u00fd chod, spodn\u00ed v\u00fdklopn\u00e9 pro lep\u0161\u00ed p\u0159\u00edstup p\u0159i \u010di\u0161t\u011bn\u00ed.<\/div>\n<\/div>\n<div style=\"float: left; width: 33%; text-align: justify;\">\n<div style=\"padding-right: 25px;\">P\u0159edinstalovan\u00e9 patky na skle, na kter\u00e9 se pojezdy jen nasunou, zkr\u00e1t\u00ed \u010das instalace.<\/div>\n<\/div>\n<div style=\"clear: both;\"><\/div>\n<div style=\"float: left; width: 33%; text-align: justify;\">\n<div style=\"padding-right: 25px;\">Elegantn\u00ed praktick\u00e9 madlo pro pohodln\u00e9 otev\u00edr\u00e1n\u00ed.<\/div>\n<\/div>\n<div style=\"float: left; width: 33%; text-align: justify;\">\n<div style=\"padding-right: 25px;\">U pivotov\u00fdch dve\u0159\u00ed je sklo uchyceno v oto\u010dn\u00e9m pivotov\u00e9m pantu.<\/div>\n<\/div>\n<div style=\"float: left; width: 33%; text-align: justify;\">\n<div style=\"padding-right: 25px;\">Pivot = mechanismus s dlouhou \u017eivotnost\u00ed.<\/div>\n<\/div>\n<div style=\"clear: both;\"><\/div>\n<div class=\"product-explanation-item\">\n<h3>Sm\u011br otev\u00edr\u00e1n\u00ed &#8211; univerz\u00e1ln\u00ed<\/h3>\n<p style=\"text-align: justify;\">Instalace je mo\u017en\u00e1 s lev\u00fdm nebo prav\u00fdm otev\u00edr\u00e1n\u00edm dve\u0159\u00ed.<\/p>\n<\/div>\n<div class=\"product-explanation-item\">\n<h3><span><strong>Coated glass<\/strong><\/span><\/h3>\n<p style=\"text-align: justify;\">Coated glass p\u0159edstavuje jednu z nejkvalitn\u011bj\u0161\u00edch \u00faprav skla sprchov\u00fdch kout\u016f. Jedn\u00e1 se o chemickou slou\u010deninu sm\u011bsi polymer\u016f, kter\u00e1 ve spojen\u00ed s katalyz\u00e1tory reaguje s k\u0159emi\u010ditanov\u00fdmi skupinami obsa\u017een\u00fdmi ve skle. Na sklen\u011bn\u00fdch ploch\u00e1ch tak vytv\u00e1\u0159\u00ed souvislou vrstvu filmu, kter\u00e1 vypln\u00ed mikrop\u00f3ry ve skle a odpuzuje vodu. Vlivem vod\u011bodpudiv\u00e9ho filmu se kapky vody shlukuj\u00ed a st\u00e9kaj\u00ed z povrchu skla. I kdy\u017e dojde k nepatrn\u00e9mu udr\u017een\u00ed men\u0161\u00edch kapek na skle, nedojde k chemick\u00e9 vazb\u011b, sklo nebude naru\u0161eno a neze\u0161edne.<\/p>\n<\/div>\n<div class=\"product-explanation-item\">\n<h3>R\u00e1mov\u00e9 sprchov\u00e9 z\u00e1st\u011bny<\/h3>\n<p style=\"text-align: justify;\">V\u00fdhodou r\u00e1mov\u00e9ho proveden\u00ed z\u00e1st\u011bny je lep\u0161\u00ed ochrana proti st\u0159\u00edkaj\u00edc\u00ed vod\u011b. I v p\u0159\u00edpad\u011b intenzivn\u00edho sprchov\u00e1n\u00ed zabr\u00e1n\u00ed r\u00e1m ve spodn\u00ed vodorovn\u00e9 \u010d\u00e1sti dve\u0159\u00ed p\u0159ete\u010den\u00ed vody mimo sprchov\u00fd kout. Ur\u010ditou nev\u00fdhodou je, \u017ee tyto z\u00e1st\u011bny nejsou bezbari\u00e9rov\u00e9 a r\u00e1m p\u016fsob\u00ed robustn\u011b.<\/p>\n<\/p>\n<\/div><\/div>\n<div class=\"extended-description\">\n<h3>Dopl\u0148kov\u00e9 parametry<\/h3>\n<table class=\"detail-parameters\">\n<tbody>\n<tr>\n<th>        <span class=\"row-header-label\">            Kategorie<span class=\"row-header-label-colon\">:<\/span>        <\/span>    <\/th>\n<td>            <\/td>\n<\/tr>\n<tr>\n<th>            <span class=\"row-header-label\">                Z\u00e1ruka<span class=\"row-header-label-colon\">:<\/span>            <\/span>        <\/th>\n<td>            36        <\/td>\n<\/tr>\n<tr>\n<th>            <span class=\"row-header-label\">                Hmotnost<span class=\"row-header-label-colon\">:<\/span>            <\/span>        <\/th>\n<td>            65 kg        <\/td>\n<\/tr>\n<tr class=\"productEan\">\n<th>          <span class=\"row-header-label productEan__label\">              EAN<span class=\"row-header-label-colon\">:<\/span>          <\/span>      <\/th>\n<td>          <span class=\"productEan__value\">8590913912962<\/span>      <\/td>\n<\/tr>\n<tr>\n<th>                <span class=\"row-header-label\">                                            Balen\u00ed<span class=\"row-header-label-colon\">:<\/span>                                    <\/span>            <\/th>\n<td>                                                            2 ks                                                <\/td>\n<\/tr>\n<tr>\n<th>                <span class=\"row-header-label\">                                            Barva profilu<span class=\"row-header-label-colon\">:<\/span>                                    <\/span>            <\/th>\n<td>                                                            Chrom &#8211; Le\u0161t\u011bn\u00fd hlin\u00edk                                                <\/td>\n<\/tr>\n<tr>\n<th>                <span class=\"row-header-label\">                                            Dostupnost<span class=\"row-header-label-colon\">:<\/span>                                    <\/span>            <\/th>\n<td>                                                            Skladem                                                <\/td>\n<\/tr>\n<tr>\n<th>                <span class=\"row-header-label\">                                            Hloubka<span class=\"row-header-label-colon\">:<\/span>                                    <\/span>            <\/th>\n<td>                                                            800 mm                                                <\/td>\n<\/tr>\n<tr>\n<th>                <span class=\"row-header-label\">                                            Rozm\u011br<span class=\"row-header-label-colon\">:<\/span>                                    <\/span>            <\/th>\n<td>                                                            100&#215;80 cm                                                <\/td>\n<\/tr>\n<tr>\n<th>                <span class=\"row-header-label\">                                            Sm\u011br otev\u00edr\u00e1n\u00ed<span class=\"row-header-label-colon\">:<\/span>                                    <\/span>            <\/th>\n<td>                                                            Univerz\u00e1ln\u00ed                                                <\/td>\n<\/tr>\n<tr>\n<th>                <span class=\"row-header-label\">                                            \u0160\u00ed\u0159ka<span class=\"row-header-label-colon\">:<\/span>                                    <\/span>            <\/th>\n<td>                                                            1000 mm                                                <\/td>\n<\/tr>\n<tr>\n<th>                <span class=\"row-header-label\">                                            \u0160\u00ed\u0159ka vstupu<span class=\"row-header-label-colon\">:<\/span>                                    <\/span>            <\/th>\n<td>                                                            400 mm                                                <\/td>\n<\/tr>\n<tr>\n<th>                <span class=\"row-header-label\">                                            Tlou\u0161\u0165ka skla<span class=\"row-header-label-colon\">:<\/span>                                    <\/span>            <\/th>\n<td>                                                            6 mm                                                <\/td>\n<\/tr>\n<tr>\n<th>                <span class=\"row-header-label\">                                            Tvar<span class=\"row-header-label-colon\">:<\/span>                                    <\/span>            <\/th>\n<td>                                                            Obd\u00e9ln\u00edkov\u00e9 z\u00e1st\u011bny                                                <\/td>\n<\/tr>\n<tr>\n<th>                <span class=\"row-header-label\">                                            Typ otev\u00edr\u00e1n\u00ed<span class=\"row-header-label-colon\">:<\/span>                                    <\/span>            <\/th>\n<td>                                                            Posuvn\u00e9                                                <\/td>\n<\/tr>\n<tr>\n<th>                <span class=\"row-header-label\">                                            Typ v\u00fdpln\u011b<span class=\"row-header-label-colon\">:<\/span>                                    <\/span>            <\/th>\n<td>                                                            \u010cIR\u00c9 sklo                                                <\/td>\n<\/tr>\n<tr>\n<th>                <span class=\"row-header-label\">                                            \u00daprava skla<span class=\"row-header-label-colon\">:<\/span>                                    <\/span>            <\/th>\n<td>                                                            Coated glass                                                <\/td>\n<\/tr>\n<tr>\n<th>                <span class=\"row-header-label\">                                            Vlastnosti<span class=\"row-header-label-colon\">:<\/span>                                    <\/span>            <\/th>\n<td>                                                            R\u00e1mov\u00e9 proveden\u00ed                                                <\/td>\n<\/tr>\n<tr>\n<th>                <span class=\"row-header-label\">                                            V\u00fd\u0161ka<span class=\"row-header-label-colon\">:<\/span>                                    <\/span>            <\/th>\n<td>                                                            1900 mm                                                <\/td>\n<\/tr>\n<tr>\n<th>                <span class=\"row-header-label\">                                            Z\u00e1ruka<span class=\"row-header-label-colon\">:<\/span>                                    <\/span>            <\/th>\n<td>                                                            3 roky                                                <\/td>\n<\/tr>\n<\/tbody>\n<\/table><\/div>\n<\/p><\/div>\n<\/p><\/div>\n","protected":false},"excerpt":{"rendered":"<p>Detailn\u00ed popis produktu P\u0159i n\u00e1vrhu r\u00e1mov\u00fdch sprchov\u00fdch z\u00e1st\u011bn SIGMA SIMPLY byl kladen d\u016fraz na eleganci, funk\u010dnost a zejm\u00e9na snadnou a rychlou instalaci. Tenk\u00e9 profily z le\u0161t\u011bn\u00e9ho hlin\u00edku zachov\u00e1vaj\u00ed vzdu\u0161nost a pro pohodln\u00fd \u00fachop navr\u017een\u00e9 kovov\u00e9 madlo v chromu pot\u011b\u0161\u00ed ka\u017ed\u00e9ho p\u0159\u00edznivce modern\u00edho stylu. Pro snadnou \u00fadr\u017ebu u posuvn\u00fdch dve\u0159\u00ed slou\u017e\u00ed spodn\u00ed odklopn\u00fd syst\u00e9m pojezd\u016f, snadnost [&hellip;]<\/p>\n","protected":false},"featured_media":37040,"comment_status":"open","ping_status":"open","template":"","meta":[],"product_brand":[],"product_cat":[122],"product_tag":[],"class_list":{"0":"post-36940","1":"product","2":"type-product","3":"status-publish","4":"has-post-thumbnail","6":"product_cat-sprchove-kouty","8":"first","9":"instock","10":"sale","11":"shipping-taxable","12":"purchasable","13":"product-type-simple"},"yoast_head":"<!-- This site is optimized with the Yoast SEO plugin v26.8 - https:\/\/yoast.com\/product\/yoast-seo-wordpress\/ -->\n<title>Zna\u010dkov\u00fd SIGMA SIMPLY obd\u00e9ln\u00edkov\u00fd sprchov\u00fd kout 1000x800mm L\/P varianta, \u010dir\u00e9 sklo -<\/title>\n<meta name=\"robots\" content=\"index, follow, max-snippet:-1, max-image-preview:large, max-video-preview:-1\" \/>\n<link rel=\"canonical\" href=\"https:\/\/www.koupelnapro.com\/index.php\/produkt\/znackovy-sigma-simply-obdelnikovy-sprchovy-kout-1000x800mm-l-p-varianta-cire-sklo-36940\/\" \/>\n<meta property=\"og:locale\" content=\"cs_CZ\" \/>\n<meta property=\"og:type\" content=\"article\" \/>\n<meta property=\"og:title\" content=\"Zna\u010dkov\u00fd SIGMA SIMPLY obd\u00e9ln\u00edkov\u00fd sprchov\u00fd kout 1000x800mm L\/P varianta, \u010dir\u00e9 sklo -\" \/>\n<meta property=\"og:description\" content=\"Detailn\u00ed popis produktu P\u0159i n\u00e1vrhu r\u00e1mov\u00fdch sprchov\u00fdch z\u00e1st\u011bn SIGMA SIMPLY byl kladen d\u016fraz na eleganci, funk\u010dnost a zejm\u00e9na snadnou a rychlou instalaci. Tenk\u00e9 profily z le\u0161t\u011bn\u00e9ho hlin\u00edku zachov\u00e1vaj\u00ed vzdu\u0161nost a pro pohodln\u00fd \u00fachop navr\u017een\u00e9 kovov\u00e9 madlo v chromu pot\u011b\u0161\u00ed ka\u017ed\u00e9ho p\u0159\u00edznivce modern\u00edho stylu. Pro snadnou \u00fadr\u017ebu u posuvn\u00fdch dve\u0159\u00ed slou\u017e\u00ed spodn\u00ed odklopn\u00fd syst\u00e9m pojezd\u016f, snadnost [&hellip;]\" \/>\n<meta property=\"og:url\" content=\"https:\/\/www.koupelnapro.com\/index.php\/produkt\/znackovy-sigma-simply-obdelnikovy-sprchovy-kout-1000x800mm-l-p-varianta-cire-sklo-36940\/\" \/>\n<meta property=\"og:image\" content=\"https:\/\/www.koupelnapro.com\/wp-content\/uploads\/2026\/SK0003349-CZ20260425-092556-0-1777080363-42600-7_gs1110gs3180-161834367713454.webp\" \/>\n\t<meta property=\"og:image:width\" content=\"1000\" \/>\n\t<meta property=\"og:image:height\" content=\"750\" \/>\n\t<meta property=\"og:image:type\" content=\"image\/webp\" \/>\n<meta name=\"twitter:card\" content=\"summary_large_image\" \/>\n<meta name=\"twitter:label1\" content=\"Odhadovan\u00e1 doba \u010dten\u00ed\" \/>\n\t<meta name=\"twitter:data1\" content=\"3 minuty\" \/>\n<script type=\"application\/ld+json\" class=\"yoast-schema-graph\">{\"@context\":\"https:\/\/schema.org\",\"@graph\":[{\"@type\":\"WebPage\",\"@id\":\"https:\/\/www.koupelnapro.com\/index.php\/produkt\/znackovy-sigma-simply-obdelnikovy-sprchovy-kout-1000x800mm-l-p-varianta-cire-sklo-36940\/\",\"url\":\"https:\/\/www.koupelnapro.com\/index.php\/produkt\/znackovy-sigma-simply-obdelnikovy-sprchovy-kout-1000x800mm-l-p-varianta-cire-sklo-36940\/\",\"name\":\"Zna\u010dkov\u00fd SIGMA SIMPLY obd\u00e9ln\u00edkov\u00fd sprchov\u00fd kout 1000x800mm L\/P varianta, \u010dir\u00e9 sklo -\",\"isPartOf\":{\"@id\":\"https:\/\/www.koupelnapro.com\/#website\"},\"primaryImageOfPage\":{\"@id\":\"https:\/\/www.koupelnapro.com\/index.php\/produkt\/znackovy-sigma-simply-obdelnikovy-sprchovy-kout-1000x800mm-l-p-varianta-cire-sklo-36940\/#primaryimage\"},\"image\":{\"@id\":\"https:\/\/www.koupelnapro.com\/index.php\/produkt\/znackovy-sigma-simply-obdelnikovy-sprchovy-kout-1000x800mm-l-p-varianta-cire-sklo-36940\/#primaryimage\"},\"thumbnailUrl\":\"https:\/\/www.koupelnapro.com\/wp-content\/uploads\/2026\/SK0003349-CZ20260425-092556-0-1777080363-42600-7_gs1110gs3180-161834367713454.webp\",\"datePublished\":\"2026-04-26T09:15:42+00:00\",\"breadcrumb\":{\"@id\":\"https:\/\/www.koupelnapro.com\/index.php\/produkt\/znackovy-sigma-simply-obdelnikovy-sprchovy-kout-1000x800mm-l-p-varianta-cire-sklo-36940\/#breadcrumb\"},\"inLanguage\":\"cs\",\"potentialAction\":[{\"@type\":\"ReadAction\",\"target\":[\"https:\/\/www.koupelnapro.com\/index.php\/produkt\/znackovy-sigma-simply-obdelnikovy-sprchovy-kout-1000x800mm-l-p-varianta-cire-sklo-36940\/\"]}]},{\"@type\":\"ImageObject\",\"inLanguage\":\"cs\",\"@id\":\"https:\/\/www.koupelnapro.com\/index.php\/produkt\/znackovy-sigma-simply-obdelnikovy-sprchovy-kout-1000x800mm-l-p-varianta-cire-sklo-36940\/#primaryimage\",\"url\":\"https:\/\/www.koupelnapro.com\/wp-content\/uploads\/2026\/SK0003349-CZ20260425-092556-0-1777080363-42600-7_gs1110gs3180-161834367713454.webp\",\"contentUrl\":\"https:\/\/www.koupelnapro.com\/wp-content\/uploads\/2026\/SK0003349-CZ20260425-092556-0-1777080363-42600-7_gs1110gs3180-161834367713454.webp\",\"width\":1000,\"height\":750},{\"@type\":\"BreadcrumbList\",\"@id\":\"https:\/\/www.koupelnapro.com\/index.php\/produkt\/znackovy-sigma-simply-obdelnikovy-sprchovy-kout-1000x800mm-l-p-varianta-cire-sklo-36940\/#breadcrumb\",\"itemListElement\":[{\"@type\":\"ListItem\",\"position\":1,\"name\":\"Home\",\"item\":\"https:\/\/www.koupelnapro.com\/\"},{\"@type\":\"ListItem\",\"position\":2,\"name\":\"Products\",\"item\":\"https:\/\/www.koupelnapro.com\/index.php\/products\/\"},{\"@type\":\"ListItem\",\"position\":3,\"name\":\"Zna\u010dkov\u00fd SIGMA SIMPLY obd\u00e9ln\u00edkov\u00fd sprchov\u00fd kout 1000x800mm L\/P varianta, \u010dir\u00e9 sklo\"}]},{\"@type\":\"WebSite\",\"@id\":\"https:\/\/www.koupelnapro.com\/#website\",\"url\":\"https:\/\/www.koupelnapro.com\/\",\"name\":\"\",\"description\":\"\",\"potentialAction\":[{\"@type\":\"SearchAction\",\"target\":{\"@type\":\"EntryPoint\",\"urlTemplate\":\"https:\/\/www.koupelnapro.com\/?s={search_term_string}\"},\"query-input\":{\"@type\":\"PropertyValueSpecification\",\"valueRequired\":true,\"valueName\":\"search_term_string\"}}],\"inLanguage\":\"cs\"}]}<\/script>\n<!-- \/ Yoast SEO plugin. -->","yoast_head_json":{"title":"Zna\u010dkov\u00fd SIGMA SIMPLY obd\u00e9ln\u00edkov\u00fd sprchov\u00fd kout 1000x800mm L\/P varianta, \u010dir\u00e9 sklo -","robots":{"index":"index","follow":"follow","max-snippet":"max-snippet:-1","max-image-preview":"max-image-preview:large","max-video-preview":"max-video-preview:-1"},"canonical":"https:\/\/www.koupelnapro.com\/index.php\/produkt\/znackovy-sigma-simply-obdelnikovy-sprchovy-kout-1000x800mm-l-p-varianta-cire-sklo-36940\/","og_locale":"cs_CZ","og_type":"article","og_title":"Zna\u010dkov\u00fd SIGMA SIMPLY obd\u00e9ln\u00edkov\u00fd sprchov\u00fd kout 1000x800mm L\/P varianta, \u010dir\u00e9 sklo -","og_description":"Detailn\u00ed popis produktu P\u0159i n\u00e1vrhu r\u00e1mov\u00fdch sprchov\u00fdch z\u00e1st\u011bn SIGMA SIMPLY byl kladen d\u016fraz na eleganci, funk\u010dnost a zejm\u00e9na snadnou a rychlou instalaci. Tenk\u00e9 profily z le\u0161t\u011bn\u00e9ho hlin\u00edku zachov\u00e1vaj\u00ed vzdu\u0161nost a pro pohodln\u00fd \u00fachop navr\u017een\u00e9 kovov\u00e9 madlo v chromu pot\u011b\u0161\u00ed ka\u017ed\u00e9ho p\u0159\u00edznivce modern\u00edho stylu. Pro snadnou \u00fadr\u017ebu u posuvn\u00fdch dve\u0159\u00ed slou\u017e\u00ed spodn\u00ed odklopn\u00fd syst\u00e9m pojezd\u016f, snadnost [&hellip;]","og_url":"https:\/\/www.koupelnapro.com\/index.php\/produkt\/znackovy-sigma-simply-obdelnikovy-sprchovy-kout-1000x800mm-l-p-varianta-cire-sklo-36940\/","og_image":[{"width":1000,"height":750,"url":"https:\/\/www.koupelnapro.com\/wp-content\/uploads\/2026\/SK0003349-CZ20260425-092556-0-1777080363-42600-7_gs1110gs3180-161834367713454.webp","type":"image\/webp"}],"twitter_card":"summary_large_image","twitter_misc":{"Odhadovan\u00e1 doba \u010dten\u00ed":"3 minuty"},"schema":{"@context":"https:\/\/schema.org","@graph":[{"@type":"WebPage","@id":"https:\/\/www.koupelnapro.com\/index.php\/produkt\/znackovy-sigma-simply-obdelnikovy-sprchovy-kout-1000x800mm-l-p-varianta-cire-sklo-36940\/","url":"https:\/\/www.koupelnapro.com\/index.php\/produkt\/znackovy-sigma-simply-obdelnikovy-sprchovy-kout-1000x800mm-l-p-varianta-cire-sklo-36940\/","name":"Zna\u010dkov\u00fd SIGMA SIMPLY obd\u00e9ln\u00edkov\u00fd sprchov\u00fd kout 1000x800mm L\/P varianta, \u010dir\u00e9 sklo -","isPartOf":{"@id":"https:\/\/www.koupelnapro.com\/#website"},"primaryImageOfPage":{"@id":"https:\/\/www.koupelnapro.com\/index.php\/produkt\/znackovy-sigma-simply-obdelnikovy-sprchovy-kout-1000x800mm-l-p-varianta-cire-sklo-36940\/#primaryimage"},"image":{"@id":"https:\/\/www.koupelnapro.com\/index.php\/produkt\/znackovy-sigma-simply-obdelnikovy-sprchovy-kout-1000x800mm-l-p-varianta-cire-sklo-36940\/#primaryimage"},"thumbnailUrl":"https:\/\/www.koupelnapro.com\/wp-content\/uploads\/2026\/SK0003349-CZ20260425-092556-0-1777080363-42600-7_gs1110gs3180-161834367713454.webp","datePublished":"2026-04-26T09:15:42+00:00","breadcrumb":{"@id":"https:\/\/www.koupelnapro.com\/index.php\/produkt\/znackovy-sigma-simply-obdelnikovy-sprchovy-kout-1000x800mm-l-p-varianta-cire-sklo-36940\/#breadcrumb"},"inLanguage":"cs","potentialAction":[{"@type":"ReadAction","target":["https:\/\/www.koupelnapro.com\/index.php\/produkt\/znackovy-sigma-simply-obdelnikovy-sprchovy-kout-1000x800mm-l-p-varianta-cire-sklo-36940\/"]}]},{"@type":"ImageObject","inLanguage":"cs","@id":"https:\/\/www.koupelnapro.com\/index.php\/produkt\/znackovy-sigma-simply-obdelnikovy-sprchovy-kout-1000x800mm-l-p-varianta-cire-sklo-36940\/#primaryimage","url":"https:\/\/www.koupelnapro.com\/wp-content\/uploads\/2026\/SK0003349-CZ20260425-092556-0-1777080363-42600-7_gs1110gs3180-161834367713454.webp","contentUrl":"https:\/\/www.koupelnapro.com\/wp-content\/uploads\/2026\/SK0003349-CZ20260425-092556-0-1777080363-42600-7_gs1110gs3180-161834367713454.webp","width":1000,"height":750},{"@type":"BreadcrumbList","@id":"https:\/\/www.koupelnapro.com\/index.php\/produkt\/znackovy-sigma-simply-obdelnikovy-sprchovy-kout-1000x800mm-l-p-varianta-cire-sklo-36940\/#breadcrumb","itemListElement":[{"@type":"ListItem","position":1,"name":"Home","item":"https:\/\/www.koupelnapro.com\/"},{"@type":"ListItem","position":2,"name":"Products","item":"https:\/\/www.koupelnapro.com\/index.php\/products\/"},{"@type":"ListItem","position":3,"name":"Zna\u010dkov\u00fd SIGMA SIMPLY obd\u00e9ln\u00edkov\u00fd sprchov\u00fd kout 1000x800mm L\/P varianta, \u010dir\u00e9 sklo"}]},{"@type":"WebSite","@id":"https:\/\/www.koupelnapro.com\/#website","url":"https:\/\/www.koupelnapro.com\/","name":"","description":"","potentialAction":[{"@type":"SearchAction","target":{"@type":"EntryPoint","urlTemplate":"https:\/\/www.koupelnapro.com\/?s={search_term_string}"},"query-input":{"@type":"PropertyValueSpecification","valueRequired":true,"valueName":"search_term_string"}}],"inLanguage":"cs"}]}},"_links":{"self":[{"href":"https:\/\/www.koupelnapro.com\/index.php\/wp-json\/wp\/v2\/product\/36940","targetHints":{"allow":["GET"]}}],"collection":[{"href":"https:\/\/www.koupelnapro.com\/index.php\/wp-json\/wp\/v2\/product"}],"about":[{"href":"https:\/\/www.koupelnapro.com\/index.php\/wp-json\/wp\/v2\/types\/product"}],"replies":[{"embeddable":true,"href":"https:\/\/www.koupelnapro.com\/index.php\/wp-json\/wp\/v2\/comments?post=36940"}],"wp:featuredmedia":[{"embeddable":true,"href":"https:\/\/www.koupelnapro.com\/index.php\/wp-json\/wp\/v2\/media\/37040"}],"wp:attachment":[{"href":"https:\/\/www.koupelnapro.com\/index.php\/wp-json\/wp\/v2\/media?parent=36940"}],"wp:term":[{"taxonomy":"product_brand","embeddable":true,"href":"https:\/\/www.koupelnapro.com\/index.php\/wp-json\/wp\/v2\/product_brand?post=36940"},{"taxonomy":"product_cat","embeddable":true,"href":"https:\/\/www.koupelnapro.com\/index.php\/wp-json\/wp\/v2\/product_cat?post=36940"},{"taxonomy":"product_tag","embeddable":true,"href":"https:\/\/www.koupelnapro.com\/index.php\/wp-json\/wp\/v2\/product_tag?post=36940"}],"curies":[{"name":"wp","href":"https:\/\/api.w.org\/{rel}","templated":true}]}}