{"id":35962,"date":"2026-04-26T09:15:38","date_gmt":"2026-04-26T09:15:38","guid":{"rendered":""},"modified":"2026-04-26T09:15:38","modified_gmt":"2026-04-26T09:15:38","slug":"znackovy-mitia-sprchova-vanicka-z-liteho-mramoru-obdelnik-200x90cm-bila-35962","status":"publish","type":"product","link":"https:\/\/www.koupelnapro.com\/produkt\/znackovy-mitia-sprchova-vanicka-z-liteho-mramoru-obdelnik-200x90cm-bila-35962\/","title":{"rendered":"Zna\u010dkov\u00fd MITIA sprchov\u00e1 vani\u010dka z lit\u00e9ho mramoru, obd\u00e9ln\u00edk 200x90cm, b\u00edl\u00e1"},"content":{"rendered":"<div class=\"basic-description\">\n<h3>Detailn\u00ed popis produktu<\/h3>\n<p>Vani\u010dka z lit\u00e9ho mramoru MITIA na prvn\u00ed pohled zaujme sv\u00fdm profilovan\u00fdm dnem v imitaci kamene.&nbsp;<\/p>\n<ul>\n<li>Profilovan\u00e9 dno, imitace kamene<\/li>\n<li>Nulov\u00fd pr\u016fhyb<\/li>\n<li>Nosnost 300 kg<\/li>\n<li>V\u00fd\u0161ka vani\u010dky 2,6 cm<\/li>\n<li>Kryt sifonu nerez m\u0159\u00ed\u017eka (sifon nen\u00ed sou\u010d\u00e1st\u00ed vani\u010dky)<\/li>\n<li>P\u0159i instalaci do niky je mo\u017en\u00e9 vani\u010dku upravit \u0159ezem na po\u017eadovan\u00fd rozm\u011br. Jeden \u0159ez je zdarma, ka\u017ed\u00fd dal\u0161\u00ed je zpoplatn\u011bn dle platn\u00e9ho cen\u00edku.&nbsp;Term\u00edn dod\u00e1n\u00ed cca 5-6 t\u00fddn\u016f.&nbsp;<span>Po\u017eadavek na \u00fapravu rozm\u011bru uv\u00e1d\u011bjte z\u00e1rove\u0148 s&nbsp;objedn\u00e1vkou vani\u010dky.<\/span><\/li>\n<li>Vani\u010dku je mo\u017en\u00e9 objednat v barv\u011b b\u00edl\u00e1, \u0161ed\u00e1, sv\u011btle \u0161ed\u00e1 a \u010dern\u00e1<\/li>\n<\/ul>\n<div class=\"product-explanation-item\">\n<h3><strong>Lit\u00fd mramor &#8211; materi\u00e1l s tepeln\u011b-izola\u010dn\u00edmi vlastnostmi, kter\u00e9 ocen\u00edte p\u0159i ka\u017ed\u00e9m doteku<\/strong><\/h3>\n<p style=\"text-align: justify;\">Pou\u017e\u00edv\u00e1 se pro v\u00fdrobu sprchov\u00fdch vani\u010dek, van, umyvadel i dal\u0161\u00edch produkt\u016f. Vyr\u00e1b\u00ed se ze sm\u011bsi mlet\u00e9ho v\u00e1pence, skl\u00e1\u0159sk\u00e9ho p\u00edsku, polyesterov\u00e9 prysky\u0159ice a barviv. V\u00fdrobky z lit\u00e9ho mramoru se vyzna\u010duj\u00ed vysokou pevnost\u00ed, nulov\u00fdm pr\u016fhybem, stabilitou a elegantn\u00edm designem.<\/p>\n<\/div><\/div>\n<div class=\"extended-description\">\n<h3>Dopl\u0148kov\u00e9 parametry<\/h3>\n<table class=\"detail-parameters\">\n<tbody>\n<tr>\n<th>        <span class=\"row-header-label\">            Kategorie<span class=\"row-header-label-colon\">:<\/span>        <\/span>    <\/th>\n<td>            <\/td>\n<\/tr>\n<tr>\n<th>            <span class=\"row-header-label\">                Z\u00e1ruka<span class=\"row-header-label-colon\">:<\/span>            <\/span>        <\/th>\n<td>            36        <\/td>\n<\/tr>\n<tr>\n<th>            <span class=\"row-header-label\">                Hmotnost<span class=\"row-header-label-colon\">:<\/span>            <\/span>        <\/th>\n<td>            99 kg        <\/td>\n<\/tr>\n<tr class=\"productEan\">\n<th>          <span class=\"row-header-label productEan__label\">              EAN<span class=\"row-header-label-colon\">:<\/span>          <\/span>      <\/th>\n<td>          <span class=\"productEan__value\">8590913893292<\/span>      <\/td>\n<\/tr>\n<tr>\n<th>                <span class=\"row-header-label\">                                            Balen\u00ed<span class=\"row-header-label-colon\">:<\/span>                                    <\/span>            <\/th>\n<td>                                                            1 ks                                                <\/td>\n<\/tr>\n<tr>\n<th>                <span class=\"row-header-label\">                                            Balen\u00ed obsahuje<span class=\"row-header-label-colon\">:<\/span>                                    <\/span>            <\/th>\n<td>                                                            Kryt sifonu                                                <\/td>\n<\/tr>\n<tr>\n<th>                <span class=\"row-header-label\">                                            Barva<span class=\"row-header-label-colon\">:<\/span>                                    <\/span>            <\/th>\n<td>                                                            B\u00edl\u00e1 mat                                                <\/td>\n<\/tr>\n<tr>\n<th>                <span class=\"row-header-label\">                                            D\u00e9lka<span class=\"row-header-label-colon\">:<\/span>                                    <\/span>            <\/th>\n<td>                                                            2000 mm                                                <\/td>\n<\/tr>\n<tr>\n<th>                <span class=\"row-header-label\">                                            Dostupnost<span class=\"row-header-label-colon\">:<\/span>                                    <\/span>            <\/th>\n<td>                                                            Dod\u00e1n\u00ed do m\u011bs\u00edce                                                <\/td>\n<\/tr>\n<tr>\n<th>                <span class=\"row-header-label\">                                            Materi\u00e1l<span class=\"row-header-label-colon\">:<\/span>                                    <\/span>            <\/th>\n<td>                                                            Lit\u00fd mramor                                                <\/td>\n<\/tr>\n<tr>\n<th>                <span class=\"row-header-label\">                                            Pr\u016fm\u011br odpadu<span class=\"row-header-label-colon\">:<\/span>                                    <\/span>            <\/th>\n<td>                                                            90 mm                                                <\/td>\n<\/tr>\n<tr>\n<th>                <span class=\"row-header-label\">                                            Reli\u00e9f (povrch) dna<span class=\"row-header-label-colon\">:<\/span>                                    <\/span>            <\/th>\n<td>                                                            Dekor k\u00e1men                                                <\/td>\n<\/tr>\n<tr>\n<th>                <span class=\"row-header-label\">                                            Rozm\u011br<span class=\"row-header-label-colon\">:<\/span>                                    <\/span>            <\/th>\n<td>                                                            200x90x2,6 cm                                                <\/td>\n<\/tr>\n<tr>\n<th>                <span class=\"row-header-label\">                                            \u0160\u00ed\u0159ka<span class=\"row-header-label-colon\">:<\/span>                                    <\/span>            <\/th>\n<td>                                                            900 mm                                                <\/td>\n<\/tr>\n<tr>\n<th>                <span class=\"row-header-label\">                                            Tvar<span class=\"row-header-label-colon\">:<\/span>                                    <\/span>            <\/th>\n<td>                                                            Obd\u00e9ln\u00edkov\u00e9                                                <\/td>\n<\/tr>\n<tr>\n<th>                <span class=\"row-header-label\">                                            V\u00fd\u0161ka<span class=\"row-header-label-colon\">:<\/span>                                    <\/span>            <\/th>\n<td>                                                            26 mm                                                <\/td>\n<\/tr>\n<tr>\n<th>                <span class=\"row-header-label\">                                            Z\u00e1ruka<span class=\"row-header-label-colon\">:<\/span>                                    <\/span>            <\/th>\n<td>                                                            3 roky                                                <\/td>\n<\/tr>\n<\/tbody>\n<\/table><\/div>\n<\/p><\/div>\n<\/p><\/div>\n","protected":false},"excerpt":{"rendered":"<p>Detailn\u00ed popis produktu Vani\u010dka z lit\u00e9ho mramoru MITIA na prvn\u00ed pohled zaujme sv\u00fdm profilovan\u00fdm dnem v imitaci kamene.&nbsp; Profilovan\u00e9 dno, imitace kamene Nulov\u00fd pr\u016fhyb Nosnost 300 kg V\u00fd\u0161ka vani\u010dky 2,6 cm Kryt sifonu nerez m\u0159\u00ed\u017eka (sifon nen\u00ed sou\u010d\u00e1st\u00ed vani\u010dky) P\u0159i instalaci do niky je mo\u017en\u00e9 vani\u010dku upravit \u0159ezem na po\u017eadovan\u00fd rozm\u011br. Jeden \u0159ez je zdarma, [&hellip;]<\/p>\n","protected":false},"featured_media":36062,"template":"","meta":[],"product_brand":[],"product_cat":[123],"product_tag":[],"class_list":{"0":"post-35962","1":"product","2":"type-product","3":"status-publish","4":"has-post-thumbnail","6":"product_cat-sprchove-vanicky","8":"first","9":"instock","10":"sale","11":"shipping-taxable","12":"purchasable","13":"product-type-simple"},"yoast_head":"<!-- This site is optimized with the Yoast SEO plugin v26.8 - https:\/\/yoast.com\/product\/yoast-seo-wordpress\/ -->\n<title>Zna\u010dkov\u00fd MITIA sprchov\u00e1 vani\u010dka z lit\u00e9ho mramoru, obd\u00e9ln\u00edk 200x90cm, b\u00edl\u00e1 - Vybaven\u00ed pro d\u016fm<\/title>\n<meta name=\"robots\" content=\"index, follow, max-snippet:-1, max-image-preview:large, max-video-preview:-1\" \/>\n<link rel=\"canonical\" href=\"https:\/\/www.koupelnapro.com\/index.php\/produkt\/znackovy-mitia-sprchova-vanicka-z-liteho-mramoru-obdelnik-200x90cm-bila-35962\/\" \/>\n<meta property=\"og:locale\" content=\"cs_CZ\" \/>\n<meta property=\"og:type\" content=\"article\" \/>\n<meta property=\"og:title\" content=\"Zna\u010dkov\u00fd MITIA sprchov\u00e1 vani\u010dka z lit\u00e9ho mramoru, obd\u00e9ln\u00edk 200x90cm, b\u00edl\u00e1 - Vybaven\u00ed pro d\u016fm\" \/>\n<meta property=\"og:description\" content=\"Detailn\u00ed popis produktu Vani\u010dka z lit\u00e9ho mramoru MITIA na prvn\u00ed pohled zaujme sv\u00fdm profilovan\u00fdm dnem v imitaci kamene.&nbsp; Profilovan\u00e9 dno, imitace kamene Nulov\u00fd pr\u016fhyb Nosnost 300 kg V\u00fd\u0161ka vani\u010dky 2,6 cm Kryt sifonu nerez m\u0159\u00ed\u017eka (sifon nen\u00ed sou\u010d\u00e1st\u00ed vani\u010dky) P\u0159i instalaci do niky je mo\u017en\u00e9 vani\u010dku upravit \u0159ezem na po\u017eadovan\u00fd rozm\u011br. Jeden \u0159ez je zdarma, [&hellip;]\" \/>\n<meta property=\"og:url\" content=\"https:\/\/www.koupelnapro.com\/index.php\/produkt\/znackovy-mitia-sprchova-vanicka-z-liteho-mramoru-obdelnik-200x90cm-bila-35962\/\" \/>\n<meta property=\"og:site_name\" content=\"Vybaven\u00ed pro d\u016fm\" \/>\n<meta property=\"og:image\" content=\"https:\/\/www.koupelnapro.com\/wp-content\/uploads\/2026\/SK0002846-CZ20260425-092556-0-1777080363-39208-5_pmb20090-232894601627098.webp\" \/>\n\t<meta property=\"og:image:width\" content=\"1000\" \/>\n\t<meta property=\"og:image:height\" content=\"750\" \/>\n\t<meta property=\"og:image:type\" content=\"image\/webp\" \/>\n<meta name=\"twitter:card\" content=\"summary_large_image\" \/>\n<meta name=\"twitter:label1\" content=\"Odhadovan\u00e1 doba \u010dten\u00ed\" \/>\n\t<meta name=\"twitter:data1\" content=\"1 minuta\" \/>\n<script type=\"application\/ld+json\" class=\"yoast-schema-graph\">{\"@context\":\"https:\/\/schema.org\",\"@graph\":[{\"@type\":\"WebPage\",\"@id\":\"https:\/\/www.koupelnapro.com\/index.php\/produkt\/znackovy-mitia-sprchova-vanicka-z-liteho-mramoru-obdelnik-200x90cm-bila-35962\/\",\"url\":\"https:\/\/www.koupelnapro.com\/index.php\/produkt\/znackovy-mitia-sprchova-vanicka-z-liteho-mramoru-obdelnik-200x90cm-bila-35962\/\",\"name\":\"Zna\u010dkov\u00fd MITIA sprchov\u00e1 vani\u010dka z lit\u00e9ho mramoru, obd\u00e9ln\u00edk 200x90cm, b\u00edl\u00e1 - Vybaven\u00ed pro d\u016fm\",\"isPartOf\":{\"@id\":\"https:\/\/www.koupelnapro.com\/#website\"},\"primaryImageOfPage\":{\"@id\":\"https:\/\/www.koupelnapro.com\/index.php\/produkt\/znackovy-mitia-sprchova-vanicka-z-liteho-mramoru-obdelnik-200x90cm-bila-35962\/#primaryimage\"},\"image\":{\"@id\":\"https:\/\/www.koupelnapro.com\/index.php\/produkt\/znackovy-mitia-sprchova-vanicka-z-liteho-mramoru-obdelnik-200x90cm-bila-35962\/#primaryimage\"},\"thumbnailUrl\":\"https:\/\/www.koupelnapro.com\/wp-content\/uploads\/2026\/SK0002846-CZ20260425-092556-0-1777080363-39208-5_pmb20090-232894601627098.webp\",\"datePublished\":\"2026-04-26T09:15:38+00:00\",\"breadcrumb\":{\"@id\":\"https:\/\/www.koupelnapro.com\/index.php\/produkt\/znackovy-mitia-sprchova-vanicka-z-liteho-mramoru-obdelnik-200x90cm-bila-35962\/#breadcrumb\"},\"inLanguage\":\"cs\",\"potentialAction\":[{\"@type\":\"ReadAction\",\"target\":[\"https:\/\/www.koupelnapro.com\/index.php\/produkt\/znackovy-mitia-sprchova-vanicka-z-liteho-mramoru-obdelnik-200x90cm-bila-35962\/\"]}]},{\"@type\":\"ImageObject\",\"inLanguage\":\"cs\",\"@id\":\"https:\/\/www.koupelnapro.com\/index.php\/produkt\/znackovy-mitia-sprchova-vanicka-z-liteho-mramoru-obdelnik-200x90cm-bila-35962\/#primaryimage\",\"url\":\"https:\/\/www.koupelnapro.com\/wp-content\/uploads\/2026\/SK0002846-CZ20260425-092556-0-1777080363-39208-5_pmb20090-232894601627098.webp\",\"contentUrl\":\"https:\/\/www.koupelnapro.com\/wp-content\/uploads\/2026\/SK0002846-CZ20260425-092556-0-1777080363-39208-5_pmb20090-232894601627098.webp\",\"width\":1000,\"height\":750},{\"@type\":\"BreadcrumbList\",\"@id\":\"https:\/\/www.koupelnapro.com\/index.php\/produkt\/znackovy-mitia-sprchova-vanicka-z-liteho-mramoru-obdelnik-200x90cm-bila-35962\/#breadcrumb\",\"itemListElement\":[{\"@type\":\"ListItem\",\"position\":1,\"name\":\"Home\",\"item\":\"https:\/\/www.koupelnapro.com\/\"},{\"@type\":\"ListItem\",\"position\":2,\"name\":\"Products\",\"item\":\"https:\/\/www.koupelnapro.com\/products\/\"},{\"@type\":\"ListItem\",\"position\":3,\"name\":\"Zna\u010dkov\u00fd MITIA sprchov\u00e1 vani\u010dka z lit\u00e9ho mramoru, obd\u00e9ln\u00edk 200x90cm, b\u00edl\u00e1\"}]},{\"@type\":\"WebSite\",\"@id\":\"https:\/\/www.koupelnapro.com\/#website\",\"url\":\"https:\/\/www.koupelnapro.com\/\",\"name\":\"Vybaven\u00ed pro d\u016fm\",\"description\":\"Vybaven\u00ed pro d\u016fm\",\"publisher\":{\"@id\":\"https:\/\/www.koupelnapro.com\/#organization\"},\"potentialAction\":[{\"@type\":\"SearchAction\",\"target\":{\"@type\":\"EntryPoint\",\"urlTemplate\":\"https:\/\/www.koupelnapro.com\/?s={search_term_string}\"},\"query-input\":{\"@type\":\"PropertyValueSpecification\",\"valueRequired\":true,\"valueName\":\"search_term_string\"}}],\"inLanguage\":\"cs\"},{\"@type\":\"Organization\",\"@id\":\"https:\/\/www.koupelnapro.com\/#organization\",\"name\":\"Vybaven\u00ed pro d\u016fm\",\"url\":\"https:\/\/www.koupelnapro.com\/\",\"logo\":{\"@type\":\"ImageObject\",\"inLanguage\":\"cs\",\"@id\":\"https:\/\/www.koupelnapro.com\/#\/schema\/logo\/image\/\",\"url\":\"https:\/\/www.koupelnapro.com\/wp-content\/uploads\/2026\/04\/koupelnapro-logo-deep-green.svg\",\"contentUrl\":\"https:\/\/www.koupelnapro.com\/wp-content\/uploads\/2026\/04\/koupelnapro-logo-deep-green.svg\",\"width\":920,\"height\":160,\"caption\":\"Vybaven\u00ed pro d\u016fm\"},\"image\":{\"@id\":\"https:\/\/www.koupelnapro.com\/#\/schema\/logo\/image\/\"}}]}<\/script>\n<!-- \/ Yoast SEO plugin. -->","yoast_head_json":{"title":"Zna\u010dkov\u00fd MITIA sprchov\u00e1 vani\u010dka z lit\u00e9ho mramoru, obd\u00e9ln\u00edk 200x90cm, b\u00edl\u00e1 - Vybaven\u00ed pro d\u016fm","robots":{"index":"index","follow":"follow","max-snippet":"max-snippet:-1","max-image-preview":"max-image-preview:large","max-video-preview":"max-video-preview:-1"},"canonical":"https:\/\/www.koupelnapro.com\/index.php\/produkt\/znackovy-mitia-sprchova-vanicka-z-liteho-mramoru-obdelnik-200x90cm-bila-35962\/","og_locale":"cs_CZ","og_type":"article","og_title":"Zna\u010dkov\u00fd MITIA sprchov\u00e1 vani\u010dka z lit\u00e9ho mramoru, obd\u00e9ln\u00edk 200x90cm, b\u00edl\u00e1 - Vybaven\u00ed pro d\u016fm","og_description":"Detailn\u00ed popis produktu Vani\u010dka z lit\u00e9ho mramoru MITIA na prvn\u00ed pohled zaujme sv\u00fdm profilovan\u00fdm dnem v imitaci kamene.&nbsp; Profilovan\u00e9 dno, imitace kamene Nulov\u00fd pr\u016fhyb Nosnost 300 kg V\u00fd\u0161ka vani\u010dky 2,6 cm Kryt sifonu nerez m\u0159\u00ed\u017eka (sifon nen\u00ed sou\u010d\u00e1st\u00ed vani\u010dky) P\u0159i instalaci do niky je mo\u017en\u00e9 vani\u010dku upravit \u0159ezem na po\u017eadovan\u00fd rozm\u011br. Jeden \u0159ez je zdarma, [&hellip;]","og_url":"https:\/\/www.koupelnapro.com\/index.php\/produkt\/znackovy-mitia-sprchova-vanicka-z-liteho-mramoru-obdelnik-200x90cm-bila-35962\/","og_site_name":"Vybaven\u00ed pro d\u016fm","og_image":[{"width":1000,"height":750,"url":"https:\/\/www.koupelnapro.com\/wp-content\/uploads\/2026\/SK0002846-CZ20260425-092556-0-1777080363-39208-5_pmb20090-232894601627098.webp","type":"image\/webp"}],"twitter_card":"summary_large_image","twitter_misc":{"Odhadovan\u00e1 doba \u010dten\u00ed":"1 minuta"},"schema":{"@context":"https:\/\/schema.org","@graph":[{"@type":"WebPage","@id":"https:\/\/www.koupelnapro.com\/index.php\/produkt\/znackovy-mitia-sprchova-vanicka-z-liteho-mramoru-obdelnik-200x90cm-bila-35962\/","url":"https:\/\/www.koupelnapro.com\/index.php\/produkt\/znackovy-mitia-sprchova-vanicka-z-liteho-mramoru-obdelnik-200x90cm-bila-35962\/","name":"Zna\u010dkov\u00fd MITIA sprchov\u00e1 vani\u010dka z lit\u00e9ho mramoru, obd\u00e9ln\u00edk 200x90cm, b\u00edl\u00e1 - Vybaven\u00ed pro d\u016fm","isPartOf":{"@id":"https:\/\/www.koupelnapro.com\/#website"},"primaryImageOfPage":{"@id":"https:\/\/www.koupelnapro.com\/index.php\/produkt\/znackovy-mitia-sprchova-vanicka-z-liteho-mramoru-obdelnik-200x90cm-bila-35962\/#primaryimage"},"image":{"@id":"https:\/\/www.koupelnapro.com\/index.php\/produkt\/znackovy-mitia-sprchova-vanicka-z-liteho-mramoru-obdelnik-200x90cm-bila-35962\/#primaryimage"},"thumbnailUrl":"https:\/\/www.koupelnapro.com\/wp-content\/uploads\/2026\/SK0002846-CZ20260425-092556-0-1777080363-39208-5_pmb20090-232894601627098.webp","datePublished":"2026-04-26T09:15:38+00:00","breadcrumb":{"@id":"https:\/\/www.koupelnapro.com\/index.php\/produkt\/znackovy-mitia-sprchova-vanicka-z-liteho-mramoru-obdelnik-200x90cm-bila-35962\/#breadcrumb"},"inLanguage":"cs","potentialAction":[{"@type":"ReadAction","target":["https:\/\/www.koupelnapro.com\/index.php\/produkt\/znackovy-mitia-sprchova-vanicka-z-liteho-mramoru-obdelnik-200x90cm-bila-35962\/"]}]},{"@type":"ImageObject","inLanguage":"cs","@id":"https:\/\/www.koupelnapro.com\/index.php\/produkt\/znackovy-mitia-sprchova-vanicka-z-liteho-mramoru-obdelnik-200x90cm-bila-35962\/#primaryimage","url":"https:\/\/www.koupelnapro.com\/wp-content\/uploads\/2026\/SK0002846-CZ20260425-092556-0-1777080363-39208-5_pmb20090-232894601627098.webp","contentUrl":"https:\/\/www.koupelnapro.com\/wp-content\/uploads\/2026\/SK0002846-CZ20260425-092556-0-1777080363-39208-5_pmb20090-232894601627098.webp","width":1000,"height":750},{"@type":"BreadcrumbList","@id":"https:\/\/www.koupelnapro.com\/index.php\/produkt\/znackovy-mitia-sprchova-vanicka-z-liteho-mramoru-obdelnik-200x90cm-bila-35962\/#breadcrumb","itemListElement":[{"@type":"ListItem","position":1,"name":"Home","item":"https:\/\/www.koupelnapro.com\/"},{"@type":"ListItem","position":2,"name":"Products","item":"https:\/\/www.koupelnapro.com\/products\/"},{"@type":"ListItem","position":3,"name":"Zna\u010dkov\u00fd MITIA sprchov\u00e1 vani\u010dka z lit\u00e9ho mramoru, obd\u00e9ln\u00edk 200x90cm, b\u00edl\u00e1"}]},{"@type":"WebSite","@id":"https:\/\/www.koupelnapro.com\/#website","url":"https:\/\/www.koupelnapro.com\/","name":"Vybaven\u00ed pro d\u016fm","description":"Vybaven\u00ed pro d\u016fm","publisher":{"@id":"https:\/\/www.koupelnapro.com\/#organization"},"potentialAction":[{"@type":"SearchAction","target":{"@type":"EntryPoint","urlTemplate":"https:\/\/www.koupelnapro.com\/?s={search_term_string}"},"query-input":{"@type":"PropertyValueSpecification","valueRequired":true,"valueName":"search_term_string"}}],"inLanguage":"cs"},{"@type":"Organization","@id":"https:\/\/www.koupelnapro.com\/#organization","name":"Vybaven\u00ed pro d\u016fm","url":"https:\/\/www.koupelnapro.com\/","logo":{"@type":"ImageObject","inLanguage":"cs","@id":"https:\/\/www.koupelnapro.com\/#\/schema\/logo\/image\/","url":"https:\/\/www.koupelnapro.com\/wp-content\/uploads\/2026\/04\/koupelnapro-logo-deep-green.svg","contentUrl":"https:\/\/www.koupelnapro.com\/wp-content\/uploads\/2026\/04\/koupelnapro-logo-deep-green.svg","width":920,"height":160,"caption":"Vybaven\u00ed pro d\u016fm"},"image":{"@id":"https:\/\/www.koupelnapro.com\/#\/schema\/logo\/image\/"}}]}},"_links":{"self":[{"href":"https:\/\/www.koupelnapro.com\/wp-json\/wp\/v2\/product\/35962","targetHints":{"allow":["GET"]}}],"collection":[{"href":"https:\/\/www.koupelnapro.com\/wp-json\/wp\/v2\/product"}],"about":[{"href":"https:\/\/www.koupelnapro.com\/wp-json\/wp\/v2\/types\/product"}],"wp:featuredmedia":[{"embeddable":true,"href":"https:\/\/www.koupelnapro.com\/wp-json\/wp\/v2\/media\/36062"}],"wp:attachment":[{"href":"https:\/\/www.koupelnapro.com\/wp-json\/wp\/v2\/media?parent=35962"}],"wp:term":[{"taxonomy":"product_brand","embeddable":true,"href":"https:\/\/www.koupelnapro.com\/wp-json\/wp\/v2\/product_brand?post=35962"},{"taxonomy":"product_cat","embeddable":true,"href":"https:\/\/www.koupelnapro.com\/wp-json\/wp\/v2\/product_cat?post=35962"},{"taxonomy":"product_tag","embeddable":true,"href":"https:\/\/www.koupelnapro.com\/wp-json\/wp\/v2\/product_tag?post=35962"}],"curies":[{"name":"wp","href":"https:\/\/api.w.org\/{rel}","templated":true}]}}