{"id":3536,"date":"2026-04-26T09:13:08","date_gmt":"2026-04-26T09:13:08","guid":{"rendered":""},"modified":"2026-04-26T09:13:08","modified_gmt":"2026-04-26T09:13:08","slug":"znackovy-vodic-lanko-ohebne-cya-h05v-k-0-5-ruda-3536","status":"publish","type":"product","link":"https:\/\/www.koupelnapro.com\/index.php\/produkt\/znackovy-vodic-lanko-ohebne-cya-h05v-k-0-5-ruda-3536\/","title":{"rendered":"Zna\u010dkov\u00fd Vodi\u010d lanko ohebn\u00e9 (CYA) H05V-K 0.5 rud\u00e1"},"content":{"rendered":"<div id=\"e9197687\" class=\"pages\">\n<div id=\"PDDescription\" class=\"UserContentView userContent v1a v1 bs-view dcon dc150 PDDescription\" >\n<p>\u00a0<\/p>\n<p><span style=\"color: #50514f; text-transform: none; text-indent: 0px; letter-spacing: normal; font-family: system-ui, -apple-system, 'Segoe UI', Roboto, 'Helvetica Neue', Arial, 'Noto Sans', 'Liberation Sans', sans-serif, 'Apple Color Emoji', 'Segoe UI Emoji', 'Segoe UI Symbol', 'Noto Color Emoji'; font-size: 16px; font-style: normal; font-weight: 400; word-spacing: 0px; float: none; display: inline !important; white-space: normal; orphans: 2; widows: 2; background-color: #ffffff; font-variant-ligatures: normal; font-variant-caps: normal; -webkit-text-stroke-width: 0px; text-decoration-thickness: initial; text-decoration-style: initial; text-decoration-color: initial;\">Propojovac\u00ed jedno\u017eilov\u00fd vodi\u010d. Instalace na povrchu nebo v instala\u010dn\u00edch trubk\u00e1ch nebo podobn\u00fdm uzav\u0159en\u00fdm syst\u00e9mem. Pro pevn\u00e9 ulo\u017een\u00ed uvnit\u0159 za\u0159\u00edzen\u00ed a pro sv\u011bteln\u00e9 p\u0159\u00edslu\u0161enstv\u00ed. Vhodn\u00e9 pro pevn\u00e9 chr\u00e1n\u011bn\u00e9 instalace, pro osv\u011btlen\u00ed a ovl\u00e1dac\u00ed za\u0159\u00edzen\u00ed a pro signaliza\u010dn\u00ed nebo kontroln\u00ed obvody. Pou\u017e\u00edv\u00e1n\u00ed mus\u00ed b\u00fdt v souladu s \u010cSN 34 7402.<\/span><\/p>\n<div id=\"PDTable3\" class=\"ProductDetailTableView v3a v3 bs-view dcon dc175 PDTable3\" >\n<table>\n<thead><\/thead>\n<tbody>\n<tr class=\"attribute attr_bsshop_maker\">\n<td class=\"caption\">V\u00fdrobce<\/td>\n<td class=\"value\">KABELY-CEN<\/td>\n<\/tr>\n<\/tbody>\n<\/table><\/div>\n<\/div>\n<\/div>\n<div id=\"e9197688\" class=\"tabs\">\n","protected":false},"excerpt":{"rendered":"<p>\u00a0 Propojovac\u00ed jedno\u017eilov\u00fd vodi\u010d. Instalace na povrchu nebo v instala\u010dn\u00edch trubk\u00e1ch nebo podobn\u00fdm uzav\u0159en\u00fdm syst\u00e9mem. Pro pevn\u00e9 ulo\u017een\u00ed uvnit\u0159 za\u0159\u00edzen\u00ed a pro sv\u011bteln\u00e9 p\u0159\u00edslu\u0161enstv\u00ed. Vhodn\u00e9 pro pevn\u00e9 chr\u00e1n\u011bn\u00e9 instalace, pro osv\u011btlen\u00ed a ovl\u00e1dac\u00ed za\u0159\u00edzen\u00ed a pro signaliza\u010dn\u00ed nebo kontroln\u00ed obvody. Pou\u017e\u00edv\u00e1n\u00ed mus\u00ed b\u00fdt v souladu s \u010cSN 34 7402. V\u00fdrobce KABELY-CEN<\/p>\n","protected":false},"featured_media":3636,"comment_status":"open","ping_status":"open","template":"","meta":[],"product_brand":[],"product_cat":[38],"product_tag":[],"class_list":{"0":"post-3536","1":"product","2":"type-product","3":"status-publish","4":"has-post-thumbnail","6":"product_cat-elektromateri-225-l","8":"first","9":"instock","10":"sale","11":"shipping-taxable","12":"purchasable","13":"product-type-simple"},"yoast_head":"<!-- This site is optimized with the Yoast SEO plugin v26.8 - https:\/\/yoast.com\/product\/yoast-seo-wordpress\/ -->\n<title>Zna\u010dkov\u00fd Vodi\u010d lanko ohebn\u00e9 (CYA) H05V-K 0.5 rud\u00e1 -<\/title>\n<meta name=\"robots\" content=\"index, follow, max-snippet:-1, max-image-preview:large, max-video-preview:-1\" \/>\n<link rel=\"canonical\" href=\"https:\/\/www.koupelnapro.com\/index.php\/produkt\/znackovy-vodic-lanko-ohebne-cya-h05v-k-0-5-ruda-3536\/\" \/>\n<meta property=\"og:locale\" content=\"cs_CZ\" \/>\n<meta property=\"og:type\" content=\"article\" \/>\n<meta property=\"og:title\" content=\"Zna\u010dkov\u00fd Vodi\u010d lanko ohebn\u00e9 (CYA) H05V-K 0.5 rud\u00e1 -\" \/>\n<meta property=\"og:description\" content=\"\u00a0 Propojovac\u00ed jedno\u017eilov\u00fd vodi\u010d. Instalace na povrchu nebo v instala\u010dn\u00edch trubk\u00e1ch nebo podobn\u00fdm uzav\u0159en\u00fdm syst\u00e9mem. Pro pevn\u00e9 ulo\u017een\u00ed uvnit\u0159 za\u0159\u00edzen\u00ed a pro sv\u011bteln\u00e9 p\u0159\u00edslu\u0161enstv\u00ed. Vhodn\u00e9 pro pevn\u00e9 chr\u00e1n\u011bn\u00e9 instalace, pro osv\u011btlen\u00ed a ovl\u00e1dac\u00ed za\u0159\u00edzen\u00ed a pro signaliza\u010dn\u00ed nebo kontroln\u00ed obvody. Pou\u017e\u00edv\u00e1n\u00ed mus\u00ed b\u00fdt v souladu s \u010cSN 34 7402. V\u00fdrobce KABELY-CEN\" \/>\n<meta property=\"og:url\" content=\"https:\/\/www.koupelnapro.com\/index.php\/produkt\/znackovy-vodic-lanko-ohebne-cya-h05v-k-0-5-ruda-3536\/\" \/>\n<meta property=\"og:image\" content=\"https:\/\/www.koupelnapro.com\/wp-content\/uploads\/2026\/SK0003609-CZ20260425-091623-0-1777079785-vodic-lanko-ohebne-cya-h05v-k-0-5-ruda.webp\" \/>\n\t<meta property=\"og:image:width\" content=\"1000\" \/>\n\t<meta property=\"og:image:height\" content=\"525\" \/>\n\t<meta property=\"og:image:type\" content=\"image\/webp\" \/>\n<meta name=\"twitter:card\" content=\"summary_large_image\" \/>\n<script type=\"application\/ld+json\" class=\"yoast-schema-graph\">{\"@context\":\"https:\/\/schema.org\",\"@graph\":[{\"@type\":\"WebPage\",\"@id\":\"https:\/\/www.koupelnapro.com\/index.php\/produkt\/znackovy-vodic-lanko-ohebne-cya-h05v-k-0-5-ruda-3536\/\",\"url\":\"https:\/\/www.koupelnapro.com\/index.php\/produkt\/znackovy-vodic-lanko-ohebne-cya-h05v-k-0-5-ruda-3536\/\",\"name\":\"Zna\u010dkov\u00fd Vodi\u010d lanko ohebn\u00e9 (CYA) H05V-K 0.5 rud\u00e1 -\",\"isPartOf\":{\"@id\":\"https:\/\/www.koupelnapro.com\/#website\"},\"primaryImageOfPage\":{\"@id\":\"https:\/\/www.koupelnapro.com\/index.php\/produkt\/znackovy-vodic-lanko-ohebne-cya-h05v-k-0-5-ruda-3536\/#primaryimage\"},\"image\":{\"@id\":\"https:\/\/www.koupelnapro.com\/index.php\/produkt\/znackovy-vodic-lanko-ohebne-cya-h05v-k-0-5-ruda-3536\/#primaryimage\"},\"thumbnailUrl\":\"https:\/\/www.koupelnapro.com\/wp-content\/uploads\/2026\/SK0003609-CZ20260425-091623-0-1777079785-vodic-lanko-ohebne-cya-h05v-k-0-5-ruda.webp\",\"datePublished\":\"2026-04-26T09:13:08+00:00\",\"breadcrumb\":{\"@id\":\"https:\/\/www.koupelnapro.com\/index.php\/produkt\/znackovy-vodic-lanko-ohebne-cya-h05v-k-0-5-ruda-3536\/#breadcrumb\"},\"inLanguage\":\"cs\",\"potentialAction\":[{\"@type\":\"ReadAction\",\"target\":[\"https:\/\/www.koupelnapro.com\/index.php\/produkt\/znackovy-vodic-lanko-ohebne-cya-h05v-k-0-5-ruda-3536\/\"]}]},{\"@type\":\"ImageObject\",\"inLanguage\":\"cs\",\"@id\":\"https:\/\/www.koupelnapro.com\/index.php\/produkt\/znackovy-vodic-lanko-ohebne-cya-h05v-k-0-5-ruda-3536\/#primaryimage\",\"url\":\"https:\/\/www.koupelnapro.com\/wp-content\/uploads\/2026\/SK0003609-CZ20260425-091623-0-1777079785-vodic-lanko-ohebne-cya-h05v-k-0-5-ruda.webp\",\"contentUrl\":\"https:\/\/www.koupelnapro.com\/wp-content\/uploads\/2026\/SK0003609-CZ20260425-091623-0-1777079785-vodic-lanko-ohebne-cya-h05v-k-0-5-ruda.webp\",\"width\":1000,\"height\":525},{\"@type\":\"BreadcrumbList\",\"@id\":\"https:\/\/www.koupelnapro.com\/index.php\/produkt\/znackovy-vodic-lanko-ohebne-cya-h05v-k-0-5-ruda-3536\/#breadcrumb\",\"itemListElement\":[{\"@type\":\"ListItem\",\"position\":1,\"name\":\"Home\",\"item\":\"https:\/\/www.koupelnapro.com\/\"},{\"@type\":\"ListItem\",\"position\":2,\"name\":\"Products\",\"item\":\"https:\/\/www.koupelnapro.com\/index.php\/products\/\"},{\"@type\":\"ListItem\",\"position\":3,\"name\":\"Zna\u010dkov\u00fd Vodi\u010d lanko ohebn\u00e9 (CYA) H05V-K 0.5 rud\u00e1\"}]},{\"@type\":\"WebSite\",\"@id\":\"https:\/\/www.koupelnapro.com\/#website\",\"url\":\"https:\/\/www.koupelnapro.com\/\",\"name\":\"\",\"description\":\"\",\"potentialAction\":[{\"@type\":\"SearchAction\",\"target\":{\"@type\":\"EntryPoint\",\"urlTemplate\":\"https:\/\/www.koupelnapro.com\/?s={search_term_string}\"},\"query-input\":{\"@type\":\"PropertyValueSpecification\",\"valueRequired\":true,\"valueName\":\"search_term_string\"}}],\"inLanguage\":\"cs\"}]}<\/script>\n<!-- \/ Yoast SEO plugin. -->","yoast_head_json":{"title":"Zna\u010dkov\u00fd Vodi\u010d lanko ohebn\u00e9 (CYA) H05V-K 0.5 rud\u00e1 -","robots":{"index":"index","follow":"follow","max-snippet":"max-snippet:-1","max-image-preview":"max-image-preview:large","max-video-preview":"max-video-preview:-1"},"canonical":"https:\/\/www.koupelnapro.com\/index.php\/produkt\/znackovy-vodic-lanko-ohebne-cya-h05v-k-0-5-ruda-3536\/","og_locale":"cs_CZ","og_type":"article","og_title":"Zna\u010dkov\u00fd Vodi\u010d lanko ohebn\u00e9 (CYA) H05V-K 0.5 rud\u00e1 -","og_description":"\u00a0 Propojovac\u00ed jedno\u017eilov\u00fd vodi\u010d. Instalace na povrchu nebo v instala\u010dn\u00edch trubk\u00e1ch nebo podobn\u00fdm uzav\u0159en\u00fdm syst\u00e9mem. Pro pevn\u00e9 ulo\u017een\u00ed uvnit\u0159 za\u0159\u00edzen\u00ed a pro sv\u011bteln\u00e9 p\u0159\u00edslu\u0161enstv\u00ed. Vhodn\u00e9 pro pevn\u00e9 chr\u00e1n\u011bn\u00e9 instalace, pro osv\u011btlen\u00ed a ovl\u00e1dac\u00ed za\u0159\u00edzen\u00ed a pro signaliza\u010dn\u00ed nebo kontroln\u00ed obvody. Pou\u017e\u00edv\u00e1n\u00ed mus\u00ed b\u00fdt v souladu s \u010cSN 34 7402. V\u00fdrobce KABELY-CEN","og_url":"https:\/\/www.koupelnapro.com\/index.php\/produkt\/znackovy-vodic-lanko-ohebne-cya-h05v-k-0-5-ruda-3536\/","og_image":[{"width":1000,"height":525,"url":"https:\/\/www.koupelnapro.com\/wp-content\/uploads\/2026\/SK0003609-CZ20260425-091623-0-1777079785-vodic-lanko-ohebne-cya-h05v-k-0-5-ruda.webp","type":"image\/webp"}],"twitter_card":"summary_large_image","schema":{"@context":"https:\/\/schema.org","@graph":[{"@type":"WebPage","@id":"https:\/\/www.koupelnapro.com\/index.php\/produkt\/znackovy-vodic-lanko-ohebne-cya-h05v-k-0-5-ruda-3536\/","url":"https:\/\/www.koupelnapro.com\/index.php\/produkt\/znackovy-vodic-lanko-ohebne-cya-h05v-k-0-5-ruda-3536\/","name":"Zna\u010dkov\u00fd Vodi\u010d lanko ohebn\u00e9 (CYA) H05V-K 0.5 rud\u00e1 -","isPartOf":{"@id":"https:\/\/www.koupelnapro.com\/#website"},"primaryImageOfPage":{"@id":"https:\/\/www.koupelnapro.com\/index.php\/produkt\/znackovy-vodic-lanko-ohebne-cya-h05v-k-0-5-ruda-3536\/#primaryimage"},"image":{"@id":"https:\/\/www.koupelnapro.com\/index.php\/produkt\/znackovy-vodic-lanko-ohebne-cya-h05v-k-0-5-ruda-3536\/#primaryimage"},"thumbnailUrl":"https:\/\/www.koupelnapro.com\/wp-content\/uploads\/2026\/SK0003609-CZ20260425-091623-0-1777079785-vodic-lanko-ohebne-cya-h05v-k-0-5-ruda.webp","datePublished":"2026-04-26T09:13:08+00:00","breadcrumb":{"@id":"https:\/\/www.koupelnapro.com\/index.php\/produkt\/znackovy-vodic-lanko-ohebne-cya-h05v-k-0-5-ruda-3536\/#breadcrumb"},"inLanguage":"cs","potentialAction":[{"@type":"ReadAction","target":["https:\/\/www.koupelnapro.com\/index.php\/produkt\/znackovy-vodic-lanko-ohebne-cya-h05v-k-0-5-ruda-3536\/"]}]},{"@type":"ImageObject","inLanguage":"cs","@id":"https:\/\/www.koupelnapro.com\/index.php\/produkt\/znackovy-vodic-lanko-ohebne-cya-h05v-k-0-5-ruda-3536\/#primaryimage","url":"https:\/\/www.koupelnapro.com\/wp-content\/uploads\/2026\/SK0003609-CZ20260425-091623-0-1777079785-vodic-lanko-ohebne-cya-h05v-k-0-5-ruda.webp","contentUrl":"https:\/\/www.koupelnapro.com\/wp-content\/uploads\/2026\/SK0003609-CZ20260425-091623-0-1777079785-vodic-lanko-ohebne-cya-h05v-k-0-5-ruda.webp","width":1000,"height":525},{"@type":"BreadcrumbList","@id":"https:\/\/www.koupelnapro.com\/index.php\/produkt\/znackovy-vodic-lanko-ohebne-cya-h05v-k-0-5-ruda-3536\/#breadcrumb","itemListElement":[{"@type":"ListItem","position":1,"name":"Home","item":"https:\/\/www.koupelnapro.com\/"},{"@type":"ListItem","position":2,"name":"Products","item":"https:\/\/www.koupelnapro.com\/index.php\/products\/"},{"@type":"ListItem","position":3,"name":"Zna\u010dkov\u00fd Vodi\u010d lanko ohebn\u00e9 (CYA) H05V-K 0.5 rud\u00e1"}]},{"@type":"WebSite","@id":"https:\/\/www.koupelnapro.com\/#website","url":"https:\/\/www.koupelnapro.com\/","name":"","description":"","potentialAction":[{"@type":"SearchAction","target":{"@type":"EntryPoint","urlTemplate":"https:\/\/www.koupelnapro.com\/?s={search_term_string}"},"query-input":{"@type":"PropertyValueSpecification","valueRequired":true,"valueName":"search_term_string"}}],"inLanguage":"cs"}]}},"_links":{"self":[{"href":"https:\/\/www.koupelnapro.com\/index.php\/wp-json\/wp\/v2\/product\/3536","targetHints":{"allow":["GET"]}}],"collection":[{"href":"https:\/\/www.koupelnapro.com\/index.php\/wp-json\/wp\/v2\/product"}],"about":[{"href":"https:\/\/www.koupelnapro.com\/index.php\/wp-json\/wp\/v2\/types\/product"}],"replies":[{"embeddable":true,"href":"https:\/\/www.koupelnapro.com\/index.php\/wp-json\/wp\/v2\/comments?post=3536"}],"wp:featuredmedia":[{"embeddable":true,"href":"https:\/\/www.koupelnapro.com\/index.php\/wp-json\/wp\/v2\/media\/3636"}],"wp:attachment":[{"href":"https:\/\/www.koupelnapro.com\/index.php\/wp-json\/wp\/v2\/media?parent=3536"}],"wp:term":[{"taxonomy":"product_brand","embeddable":true,"href":"https:\/\/www.koupelnapro.com\/index.php\/wp-json\/wp\/v2\/product_brand?post=3536"},{"taxonomy":"product_cat","embeddable":true,"href":"https:\/\/www.koupelnapro.com\/index.php\/wp-json\/wp\/v2\/product_cat?post=3536"},{"taxonomy":"product_tag","embeddable":true,"href":"https:\/\/www.koupelnapro.com\/index.php\/wp-json\/wp\/v2\/product_tag?post=3536"}],"curies":[{"name":"wp","href":"https:\/\/api.w.org\/{rel}","templated":true}]}}