{"id":35118,"date":"2026-04-26T09:15:34","date_gmt":"2026-04-26T09:15:34","guid":{"rendered":""},"modified":"2026-04-26T09:15:34","modified_gmt":"2026-04-26T09:15:34","slug":"super-cena-autonabijecka-cbr-20-12-24v-14a-element-shop-cz-35118","status":"publish","type":"product","link":"https:\/\/www.koupelnapro.com\/index.php\/produkt\/super-cena-autonabijecka-cbr-20-12-24v-14a-element-shop-cz-35118\/","title":{"rendered":"Super Cena Autonab\u00edje\u010dka CBR-20 12\/24V 14A | element-shop.cz"},"content":{"rendered":"<div class=\"basic-description\">\n<h3>Detailn\u00ed popis produktu<\/h3>\n<h1><span style=\"font-size: 20pt;\"><strong>Autonab\u00edje\u010dka CBR-20<\/strong><\/span><\/h1>\n<p><strong>Tato nab\u00edje\u010dka je ur\u010dena k nab\u00edjen\u00ed <span class=\"show-tooltip\" title=\"Olovo je chemick\u00fd prvek se symboly Pb (z latinsk\u00e9ho plumbum) a atomov\u00fdm \u010d\u00edslem 82.Je to t\u011b\u017ek\u00fd kov, kter\u00fd m\u00e1 m\u011bkkou a ohebnou texturu.&amp;nbsp;M\u00e1 relativn\u011b n\u00edzkou&amp;nbsp;teplotu t\u00e1n\u00ed,&amp;nbsp;je dob\u0159e kujn\u00fd i p\u0159i&amp;nbsp;pokojov\u00e9 teplot\u011b&amp;nbsp;a odoln\u00fd v\u016f\u010di&amp;hellip;\">olov\u011bn\u00fdch<\/span> <span class=\"show-tooltip\" title=\"Akumul\u00e1tor je za\u0159\u00edzen\u00ed slou\u017e\u00edc\u00ed k uchov\u00e1v\u00e1n\u00ed elektrick\u00e9 energie.&amp;nbsp;\u058d Jeho hlavn\u00ed funkc\u00ed je p\u0159em\u011bnit elektrickou energii do chemick\u00e9 energie b\u011bhem nab\u00edjen\u00ed a n\u00e1sledn\u011b zp\u011bt na elektrickou energii b\u011bhem vyb\u00edjen\u00ed.\u058d Akumul\u00e1tory jsou \u0161iroce&amp;hellip;\">akumul\u00e1tor\u016f<\/span> a je vhodn\u00e1 pro pou\u017eit\u00ed v motocyklech, osobn\u00edch automobilech, dod\u00e1vkov\u00fdch automobilech, traktorech, n\u00e1kladn\u00edch vozech, stavebn\u00edch stroj\u00edch a dal\u0161\u00edch za\u0159\u00edzen\u00edch.\u00a0<\/strong><\/p>\n<p><strong>P\u0159ep\u00edna\u010d pomal\u00e9ho a rychl\u00e9ho nab\u00edjen\u00ed:<\/strong> Nab\u00edje\u010dka je vybavena p\u0159ep\u00edna\u010dem, kter\u00fd umo\u017e\u0148uje volbu mezi pomal\u00fdm a rychl\u00fdm nab\u00edjen\u00edm, co\u017e umo\u017e\u0148uje p\u0159izp\u016fsobit nab\u00edjen\u00ed konkr\u00e9tn\u00edmu stavu baterie.<\/p>\n<div class=\"empty\">\u00a0<\/div>\n<div class=\"empty\">\n<p><strong>P\u0159ep\u00edna\u010d <span class=\"show-tooltip\" title=\"Nap\u011bt\u00ed, tak\u00e9 naz\u00fdvan\u00e9 elektrick\u00e9 nap\u011bt\u00ed, je fyzik\u00e1ln\u00ed veli\u010dina, kter\u00e1 vyjad\u0159uje potenci\u00e1ln\u00ed rozd\u00edl mezi dv\u011bma body v elektrick\u00e9m obvodu. Jedn\u00e1 se o skal\u00e1rn\u00ed veli\u010dinu, co\u017e znamen\u00e1, \u017ee m\u00e1 pouze velikost a nem\u00e1 sm\u011br.Nap\u011bt\u00ed je zp\u016fsobeno rozd\u00edlem&amp;hellip;\">nap\u011bt\u00ed<\/span> 12 \/ 24 V:<\/strong> Tato nab\u00edje\u010dka je schopna nab\u00edjet akumul\u00e1tory s nap\u011bt\u00edm 12 V nebo 24 V, co\u017e z n\u00ed \u010din\u00ed vhodnou pro r\u016fzn\u00e9 typy vozidel a za\u0159\u00edzen\u00ed.<\/p>\n<p><strong>Vstupn\u00ed nap\u011bt\u00ed:<\/strong> Nab\u00edje\u010dka se nap\u00e1j\u00ed z b\u011b\u017en\u00e9 z\u00e1suvky s nap\u011bt\u00edm 230 V p\u0159i <span class=\"show-tooltip\" title=\"Frekvence&amp;nbsp;(tak\u00e9 &quot;kmito\u010det&quot;) je fyzik\u00e1ln\u00ed veli\u010dina, kter\u00e1 ud\u00e1v\u00e1, kolikr\u00e1t se dan\u00fd periodick\u00fd proces opakuje za jednotku \u010dasu.&amp;nbsp;\u058d V kontextu zvuku nebo vln\u011bn\u00ed se frekvence m\u011b\u0159\u00ed v hertz\u00edch (Hz), co\u017e zna\u010d\u00ed po\u010det cykl\u016f nebo vlnov\u00fdch d\u00e9lek,&amp;hellip;\">frekvenci<\/span> 50 Hz.<\/p>\n<p><strong>V\u00fdstupn\u00ed nap\u011bt\u00ed:<\/strong> Nab\u00edje\u010dka m\u00e1 v\u00fdstupn\u00ed nap\u011bt\u00ed 12 V nebo 24 V v z\u00e1vislosti na nastaven\u00ed.<\/p>\n<p><strong><span class=\"show-tooltip\" title=\"P\u0159\u00edkon je fyzik\u00e1ln\u00ed veli\u010dina, kter\u00e1 ud\u00e1v\u00e1 rychlost, kterou spot\u0159ebi\u010d, za\u0159\u00edzen\u00ed nebo syst\u00e9m spot\u0159ebov\u00e1v\u00e1 elektrickou energii. Je to forma v\u00fdkonu vyj\u00e1d\u0159en\u00e1 v jednotce watt (W). P\u0159\u00edkon je d\u016fle\u017eit\u00fdm \u00fadajem, kter\u00fd n\u00e1m \u0159\u00edk\u00e1, jak rychle se za\u0159\u00edzen\u00ed&amp;hellip;\">P\u0159\u00edkon<\/span>:<\/strong> Nab\u00edje\u010dka m\u00e1 p\u0159\u00edkon 260 W pro 12 V re\u017eim a 480 W pro 24 V re\u017eim.<\/p>\n<p><strong>Nab\u00edjec\u00ed proud:<\/strong> Nab\u00edje\u010dka dod\u00e1v\u00e1 nab\u00edjec\u00ed proud o hodnot\u011b 14 A, co\u017e je dostate\u010dn\u00e9 pro rychl\u00e9 a efektivn\u00ed nab\u00edjen\u00ed.<\/p>\n<p><strong>Startovac\u00ed proud:<\/strong> Startovac\u00ed proud nen\u00ed uveden, co\u017e znamen\u00e1, \u017ee tato nab\u00edje\u010dka nen\u00ed prim\u00e1rn\u011b ur\u010dena k pou\u017eit\u00ed jako startovac\u00ed voz\u00edk.<\/p>\n<p><strong>Vhodn\u00e9 pro baterie:<\/strong> Nab\u00edje\u010dka je vhodn\u00e1 pro baterie s kapacitou od 25 Ah do 125 Ah.<\/p>\n<p><strong><span class=\"show-tooltip\" title=\"Hmotnost&amp;nbsp;je d\u016fle\u017eit\u00e1 fyzik\u00e1ln\u00ed veli\u010dina, aditivn\u00ed vlastnost&amp;nbsp;hmoty&amp;nbsp;(tedy vlastnost jednotliv\u00fdch hmotn\u00fdch&amp;nbsp;t\u011bles), kter\u00e1 vyjad\u0159uje m\u00edru&amp;nbsp;setrva\u010dn\u00fdch&amp;nbsp;\u00fa\u010dink\u016f \u010di m\u00edru&amp;nbsp;gravita\u010dn\u00edch&amp;nbsp;\u00fa\u010dink\u016f hmoty. Ekvivalence setrva\u010dn\u00fdch&amp;hellip;\">Hmotnost<\/span>:<\/strong> Nab\u00edje\u010dka m\u00e1 hmotnost 4,1 kg, co\u017e z n\u00ed \u010din\u00ed p\u0159enosn\u00e9 za\u0159\u00edzen\u00ed.<\/p>\n<p><strong>Tato nab\u00edje\u010dka je u\u017eite\u010dn\u00fdm n\u00e1strojem pro udr\u017eov\u00e1n\u00ed stavu nabit\u00ed bateri\u00ed v r\u016fzn\u00fdch typech vozidel a za\u0159\u00edzen\u00ed. Je vybavena funkcemi, kter\u00e9 umo\u017e\u0148uj\u00ed p\u0159izp\u016fsobit nab\u00edjen\u00ed pot\u0159eb\u00e1m baterie, a je vhodn\u00e1 pro dom\u00e1c\u00ed i profesion\u00e1ln\u00ed pou\u017eit\u00ed.<\/strong>\u00a0<\/p>\n<\/div>\n<div id=\"pobo-share-widget\">\n<table border=\"0\" cellpadding=\"1\" cellspacing=\"1\" style=\"width: 329px;\">\n<tbody>\n<tr>\n<td style=\"width: 206.188px;\"><span style=\"font-size: 11pt;\"><strong><span style=\"font-family: 'Exo 2', sans-serif;\">Vstupn\u00ed nap\u011bt\u00ed (nap\u00e1jen\u00ed):<\/span><\/strong><\/span><\/td>\n<td style=\"width: 121.812px;\"><span style=\"font-family: 'Exo 2', sans-serif; font-size: 11pt;\">230 V \/ 50 Hz<\/span><\/td>\n<\/tr>\n<tr>\n<td style=\"width: 206.188px;\"><span style=\"font-size: 11pt;\"><strong><span style=\"font-family: 'Exo 2', sans-serif;\">V\u00fdstupn\u00ed nap\u011bt\u00ed:<\/span><\/strong><\/span><\/td>\n<td style=\"width: 121.812px;\"><span style=\"font-family: 'Exo 2', sans-serif; font-size: 11pt;\">12 \/ 24 V<\/span><\/td>\n<\/tr>\n<tr>\n<td style=\"width: 206.188px;\"><span style=\"font-size: 11pt;\"><strong><span style=\"font-family: 'Exo 2', sans-serif;\">P\u0159\u00edkon:<\/span><\/strong><\/span><\/td>\n<td style=\"width: 121.812px;\"><span style=\"font-family: 'Exo 2', sans-serif; font-size: 11pt;\">260 \/ 480 W<\/span><\/td>\n<\/tr>\n<tr>\n<td style=\"width: 206.188px;\"><span style=\"font-size: 11pt;\"><strong><span style=\"font-family: 'Exo 2', sans-serif;\">Nab\u00edjec\u00ed proud:<\/span><\/strong><\/span><\/td>\n<td style=\"width: 121.812px;\"><span style=\"font-family: 'Exo 2', sans-serif; font-size: 11pt;\">14 A<\/span><\/td>\n<\/tr>\n<tr>\n<td style=\"width: 206.188px;\"><span style=\"font-size: 11pt;\"><strong><span style=\"font-family: 'Exo 2', sans-serif;\">Startovac\u00ed proud:<\/span><\/strong><\/span><\/td>\n<td style=\"width: 121.812px;\"><span style=\"font-family: 'Exo 2', sans-serif; font-size: 11pt;\">&#8211;<\/span><\/td>\n<\/tr>\n<tr>\n<td style=\"width: 206.188px;\"><span style=\"font-size: 11pt;\"><strong><span style=\"font-family: 'Exo 2', sans-serif;\">Vhodn\u00e9 pro baterie:<\/span><\/strong><\/span><\/td>\n<td style=\"width: 121.812px;\"><span style=\"font-family: 'Exo 2', sans-serif; font-size: 11pt;\">25 a\u017e 125 Ah<\/span><\/td>\n<\/tr>\n<tr>\n<td style=\"width: 206.188px;\"><span style=\"font-size: 11pt;\"><strong><span style=\"font-family: 'Exo 2', sans-serif;\">Hmotnost:<\/span><\/strong><\/span><\/td>\n<td style=\"width: 121.812px;\"><span style=\"font-family: 'Exo 2', sans-serif; font-size: 11pt;\">4,1 kg<\/span><\/td>\n<\/tr>\n<\/tbody>\n<\/table>\n<\/div><\/div>\n","protected":false},"excerpt":{"rendered":"<p>Detailn\u00ed popis produktu Autonab\u00edje\u010dka CBR-20 Tato nab\u00edje\u010dka je ur\u010dena k nab\u00edjen\u00ed olov\u011bn\u00fdch akumul\u00e1tor\u016f a je vhodn\u00e1 pro pou\u017eit\u00ed v motocyklech, osobn\u00edch automobilech, dod\u00e1vkov\u00fdch automobilech, traktorech, n\u00e1kladn\u00edch vozech, stavebn\u00edch stroj\u00edch a dal\u0161\u00edch za\u0159\u00edzen\u00edch.\u00a0 P\u0159ep\u00edna\u010d pomal\u00e9ho a rychl\u00e9ho nab\u00edjen\u00ed: Nab\u00edje\u010dka je vybavena p\u0159ep\u00edna\u010dem, kter\u00fd umo\u017e\u0148uje volbu mezi pomal\u00fdm a rychl\u00fdm nab\u00edjen\u00edm, co\u017e umo\u017e\u0148uje p\u0159izp\u016fsobit nab\u00edjen\u00ed konkr\u00e9tn\u00edmu stavu [&hellip;]<\/p>\n","protected":false},"featured_media":35218,"comment_status":"open","ping_status":"open","template":"","meta":[],"product_brand":[],"product_cat":[117],"product_tag":[],"class_list":{"0":"post-35118","1":"product","2":"type-product","3":"status-publish","4":"has-post-thumbnail","6":"product_cat-automotive","8":"first","9":"instock","10":"sale","11":"shipping-taxable","12":"purchasable","13":"product-type-simple"},"yoast_head":"<!-- This site is optimized with the Yoast SEO plugin v26.8 - https:\/\/yoast.com\/product\/yoast-seo-wordpress\/ -->\n<title>Super Cena Autonab\u00edje\u010dka CBR-20 12\/24V 14A | element-shop.cz -<\/title>\n<meta name=\"robots\" content=\"index, follow, max-snippet:-1, max-image-preview:large, max-video-preview:-1\" \/>\n<link rel=\"canonical\" href=\"https:\/\/www.koupelnapro.com\/index.php\/produkt\/super-cena-autonabijecka-cbr-20-12-24v-14a-element-shop-cz-35118\/\" \/>\n<meta property=\"og:locale\" content=\"cs_CZ\" \/>\n<meta property=\"og:type\" content=\"article\" \/>\n<meta property=\"og:title\" content=\"Super Cena Autonab\u00edje\u010dka CBR-20 12\/24V 14A | element-shop.cz -\" \/>\n<meta property=\"og:description\" content=\"Detailn\u00ed popis produktu Autonab\u00edje\u010dka CBR-20 Tato nab\u00edje\u010dka je ur\u010dena k nab\u00edjen\u00ed olov\u011bn\u00fdch akumul\u00e1tor\u016f a je vhodn\u00e1 pro pou\u017eit\u00ed v motocyklech, osobn\u00edch automobilech, dod\u00e1vkov\u00fdch automobilech, traktorech, n\u00e1kladn\u00edch vozech, stavebn\u00edch stroj\u00edch a dal\u0161\u00edch za\u0159\u00edzen\u00edch.\u00a0 P\u0159ep\u00edna\u010d pomal\u00e9ho a rychl\u00e9ho nab\u00edjen\u00ed: Nab\u00edje\u010dka je vybavena p\u0159ep\u00edna\u010dem, kter\u00fd umo\u017e\u0148uje volbu mezi pomal\u00fdm a rychl\u00fdm nab\u00edjen\u00edm, co\u017e umo\u017e\u0148uje p\u0159izp\u016fsobit nab\u00edjen\u00ed konkr\u00e9tn\u00edmu stavu [&hellip;]\" \/>\n<meta property=\"og:url\" content=\"https:\/\/www.koupelnapro.com\/index.php\/produkt\/super-cena-autonabijecka-cbr-20-12-24v-14a-element-shop-cz-35118\/\" \/>\n<meta property=\"og:image\" content=\"https:\/\/www.koupelnapro.com\/wp-content\/uploads\/2026\/SK0003610-CZ20260425-092522-0-1777080324-93006_rewrite-96436-116117.webp\" \/>\n\t<meta property=\"og:image:width\" content=\"1000\" \/>\n\t<meta property=\"og:image:height\" content=\"750\" \/>\n\t<meta property=\"og:image:type\" content=\"image\/webp\" \/>\n<meta name=\"twitter:card\" content=\"summary_large_image\" \/>\n<meta name=\"twitter:label1\" content=\"Odhadovan\u00e1 doba \u010dten\u00ed\" \/>\n\t<meta name=\"twitter:data1\" content=\"2 minuty\" \/>\n<script type=\"application\/ld+json\" class=\"yoast-schema-graph\">{\"@context\":\"https:\/\/schema.org\",\"@graph\":[{\"@type\":\"WebPage\",\"@id\":\"https:\/\/www.koupelnapro.com\/index.php\/produkt\/super-cena-autonabijecka-cbr-20-12-24v-14a-element-shop-cz-35118\/\",\"url\":\"https:\/\/www.koupelnapro.com\/index.php\/produkt\/super-cena-autonabijecka-cbr-20-12-24v-14a-element-shop-cz-35118\/\",\"name\":\"Super Cena Autonab\u00edje\u010dka CBR-20 12\/24V 14A | element-shop.cz -\",\"isPartOf\":{\"@id\":\"https:\/\/www.koupelnapro.com\/#website\"},\"primaryImageOfPage\":{\"@id\":\"https:\/\/www.koupelnapro.com\/index.php\/produkt\/super-cena-autonabijecka-cbr-20-12-24v-14a-element-shop-cz-35118\/#primaryimage\"},\"image\":{\"@id\":\"https:\/\/www.koupelnapro.com\/index.php\/produkt\/super-cena-autonabijecka-cbr-20-12-24v-14a-element-shop-cz-35118\/#primaryimage\"},\"thumbnailUrl\":\"https:\/\/www.koupelnapro.com\/wp-content\/uploads\/2026\/SK0003610-CZ20260425-092522-0-1777080324-93006_rewrite-96436-116117.webp\",\"datePublished\":\"2026-04-26T09:15:34+00:00\",\"breadcrumb\":{\"@id\":\"https:\/\/www.koupelnapro.com\/index.php\/produkt\/super-cena-autonabijecka-cbr-20-12-24v-14a-element-shop-cz-35118\/#breadcrumb\"},\"inLanguage\":\"cs\",\"potentialAction\":[{\"@type\":\"ReadAction\",\"target\":[\"https:\/\/www.koupelnapro.com\/index.php\/produkt\/super-cena-autonabijecka-cbr-20-12-24v-14a-element-shop-cz-35118\/\"]}]},{\"@type\":\"ImageObject\",\"inLanguage\":\"cs\",\"@id\":\"https:\/\/www.koupelnapro.com\/index.php\/produkt\/super-cena-autonabijecka-cbr-20-12-24v-14a-element-shop-cz-35118\/#primaryimage\",\"url\":\"https:\/\/www.koupelnapro.com\/wp-content\/uploads\/2026\/SK0003610-CZ20260425-092522-0-1777080324-93006_rewrite-96436-116117.webp\",\"contentUrl\":\"https:\/\/www.koupelnapro.com\/wp-content\/uploads\/2026\/SK0003610-CZ20260425-092522-0-1777080324-93006_rewrite-96436-116117.webp\",\"width\":1000,\"height\":750},{\"@type\":\"BreadcrumbList\",\"@id\":\"https:\/\/www.koupelnapro.com\/index.php\/produkt\/super-cena-autonabijecka-cbr-20-12-24v-14a-element-shop-cz-35118\/#breadcrumb\",\"itemListElement\":[{\"@type\":\"ListItem\",\"position\":1,\"name\":\"Home\",\"item\":\"https:\/\/www.koupelnapro.com\/\"},{\"@type\":\"ListItem\",\"position\":2,\"name\":\"Products\",\"item\":\"https:\/\/www.koupelnapro.com\/index.php\/products\/\"},{\"@type\":\"ListItem\",\"position\":3,\"name\":\"Super Cena Autonab\u00edje\u010dka CBR-20 12\/24V 14A | element-shop.cz\"}]},{\"@type\":\"WebSite\",\"@id\":\"https:\/\/www.koupelnapro.com\/#website\",\"url\":\"https:\/\/www.koupelnapro.com\/\",\"name\":\"\",\"description\":\"\",\"potentialAction\":[{\"@type\":\"SearchAction\",\"target\":{\"@type\":\"EntryPoint\",\"urlTemplate\":\"https:\/\/www.koupelnapro.com\/?s={search_term_string}\"},\"query-input\":{\"@type\":\"PropertyValueSpecification\",\"valueRequired\":true,\"valueName\":\"search_term_string\"}}],\"inLanguage\":\"cs\"}]}<\/script>\n<!-- \/ Yoast SEO plugin. -->","yoast_head_json":{"title":"Super Cena Autonab\u00edje\u010dka CBR-20 12\/24V 14A | element-shop.cz -","robots":{"index":"index","follow":"follow","max-snippet":"max-snippet:-1","max-image-preview":"max-image-preview:large","max-video-preview":"max-video-preview:-1"},"canonical":"https:\/\/www.koupelnapro.com\/index.php\/produkt\/super-cena-autonabijecka-cbr-20-12-24v-14a-element-shop-cz-35118\/","og_locale":"cs_CZ","og_type":"article","og_title":"Super Cena Autonab\u00edje\u010dka CBR-20 12\/24V 14A | element-shop.cz -","og_description":"Detailn\u00ed popis produktu Autonab\u00edje\u010dka CBR-20 Tato nab\u00edje\u010dka je ur\u010dena k nab\u00edjen\u00ed olov\u011bn\u00fdch akumul\u00e1tor\u016f a je vhodn\u00e1 pro pou\u017eit\u00ed v motocyklech, osobn\u00edch automobilech, dod\u00e1vkov\u00fdch automobilech, traktorech, n\u00e1kladn\u00edch vozech, stavebn\u00edch stroj\u00edch a dal\u0161\u00edch za\u0159\u00edzen\u00edch.\u00a0 P\u0159ep\u00edna\u010d pomal\u00e9ho a rychl\u00e9ho nab\u00edjen\u00ed: Nab\u00edje\u010dka je vybavena p\u0159ep\u00edna\u010dem, kter\u00fd umo\u017e\u0148uje volbu mezi pomal\u00fdm a rychl\u00fdm nab\u00edjen\u00edm, co\u017e umo\u017e\u0148uje p\u0159izp\u016fsobit nab\u00edjen\u00ed konkr\u00e9tn\u00edmu stavu [&hellip;]","og_url":"https:\/\/www.koupelnapro.com\/index.php\/produkt\/super-cena-autonabijecka-cbr-20-12-24v-14a-element-shop-cz-35118\/","og_image":[{"width":1000,"height":750,"url":"https:\/\/www.koupelnapro.com\/wp-content\/uploads\/2026\/SK0003610-CZ20260425-092522-0-1777080324-93006_rewrite-96436-116117.webp","type":"image\/webp"}],"twitter_card":"summary_large_image","twitter_misc":{"Odhadovan\u00e1 doba \u010dten\u00ed":"2 minuty"},"schema":{"@context":"https:\/\/schema.org","@graph":[{"@type":"WebPage","@id":"https:\/\/www.koupelnapro.com\/index.php\/produkt\/super-cena-autonabijecka-cbr-20-12-24v-14a-element-shop-cz-35118\/","url":"https:\/\/www.koupelnapro.com\/index.php\/produkt\/super-cena-autonabijecka-cbr-20-12-24v-14a-element-shop-cz-35118\/","name":"Super Cena Autonab\u00edje\u010dka CBR-20 12\/24V 14A | element-shop.cz -","isPartOf":{"@id":"https:\/\/www.koupelnapro.com\/#website"},"primaryImageOfPage":{"@id":"https:\/\/www.koupelnapro.com\/index.php\/produkt\/super-cena-autonabijecka-cbr-20-12-24v-14a-element-shop-cz-35118\/#primaryimage"},"image":{"@id":"https:\/\/www.koupelnapro.com\/index.php\/produkt\/super-cena-autonabijecka-cbr-20-12-24v-14a-element-shop-cz-35118\/#primaryimage"},"thumbnailUrl":"https:\/\/www.koupelnapro.com\/wp-content\/uploads\/2026\/SK0003610-CZ20260425-092522-0-1777080324-93006_rewrite-96436-116117.webp","datePublished":"2026-04-26T09:15:34+00:00","breadcrumb":{"@id":"https:\/\/www.koupelnapro.com\/index.php\/produkt\/super-cena-autonabijecka-cbr-20-12-24v-14a-element-shop-cz-35118\/#breadcrumb"},"inLanguage":"cs","potentialAction":[{"@type":"ReadAction","target":["https:\/\/www.koupelnapro.com\/index.php\/produkt\/super-cena-autonabijecka-cbr-20-12-24v-14a-element-shop-cz-35118\/"]}]},{"@type":"ImageObject","inLanguage":"cs","@id":"https:\/\/www.koupelnapro.com\/index.php\/produkt\/super-cena-autonabijecka-cbr-20-12-24v-14a-element-shop-cz-35118\/#primaryimage","url":"https:\/\/www.koupelnapro.com\/wp-content\/uploads\/2026\/SK0003610-CZ20260425-092522-0-1777080324-93006_rewrite-96436-116117.webp","contentUrl":"https:\/\/www.koupelnapro.com\/wp-content\/uploads\/2026\/SK0003610-CZ20260425-092522-0-1777080324-93006_rewrite-96436-116117.webp","width":1000,"height":750},{"@type":"BreadcrumbList","@id":"https:\/\/www.koupelnapro.com\/index.php\/produkt\/super-cena-autonabijecka-cbr-20-12-24v-14a-element-shop-cz-35118\/#breadcrumb","itemListElement":[{"@type":"ListItem","position":1,"name":"Home","item":"https:\/\/www.koupelnapro.com\/"},{"@type":"ListItem","position":2,"name":"Products","item":"https:\/\/www.koupelnapro.com\/index.php\/products\/"},{"@type":"ListItem","position":3,"name":"Super Cena Autonab\u00edje\u010dka CBR-20 12\/24V 14A | element-shop.cz"}]},{"@type":"WebSite","@id":"https:\/\/www.koupelnapro.com\/#website","url":"https:\/\/www.koupelnapro.com\/","name":"","description":"","potentialAction":[{"@type":"SearchAction","target":{"@type":"EntryPoint","urlTemplate":"https:\/\/www.koupelnapro.com\/?s={search_term_string}"},"query-input":{"@type":"PropertyValueSpecification","valueRequired":true,"valueName":"search_term_string"}}],"inLanguage":"cs"}]}},"_links":{"self":[{"href":"https:\/\/www.koupelnapro.com\/index.php\/wp-json\/wp\/v2\/product\/35118","targetHints":{"allow":["GET"]}}],"collection":[{"href":"https:\/\/www.koupelnapro.com\/index.php\/wp-json\/wp\/v2\/product"}],"about":[{"href":"https:\/\/www.koupelnapro.com\/index.php\/wp-json\/wp\/v2\/types\/product"}],"replies":[{"embeddable":true,"href":"https:\/\/www.koupelnapro.com\/index.php\/wp-json\/wp\/v2\/comments?post=35118"}],"wp:featuredmedia":[{"embeddable":true,"href":"https:\/\/www.koupelnapro.com\/index.php\/wp-json\/wp\/v2\/media\/35218"}],"wp:attachment":[{"href":"https:\/\/www.koupelnapro.com\/index.php\/wp-json\/wp\/v2\/media?parent=35118"}],"wp:term":[{"taxonomy":"product_brand","embeddable":true,"href":"https:\/\/www.koupelnapro.com\/index.php\/wp-json\/wp\/v2\/product_brand?post=35118"},{"taxonomy":"product_cat","embeddable":true,"href":"https:\/\/www.koupelnapro.com\/index.php\/wp-json\/wp\/v2\/product_cat?post=35118"},{"taxonomy":"product_tag","embeddable":true,"href":"https:\/\/www.koupelnapro.com\/index.php\/wp-json\/wp\/v2\/product_tag?post=35118"}],"curies":[{"name":"wp","href":"https:\/\/api.w.org\/{rel}","templated":true}]}}