{"id":3378,"date":"2026-04-26T09:13:08","date_gmt":"2026-04-26T09:13:08","guid":{"rendered":""},"modified":"2026-04-26T09:13:08","modified_gmt":"2026-04-26T09:13:08","slug":"enika-ps-1000-d-spinac-pohybovy-triak-top-prodej-3378","status":"publish","type":"product","link":"https:\/\/www.koupelnapro.com\/index.php\/produkt\/enika-ps-1000-d-spinac-pohybovy-triak-top-prodej-3378\/","title":{"rendered":"ENIKA PS 1000 D sp\u00edna\u010d pohybov\u00fd (triak) Top Prodej"},"content":{"rendered":"<div id=\"e9216939\" class=\"pages\">\n<div id=\"PDDescription\" class=\"UserContentView userContent v1a v1 bs-view dcon dc150 PDDescription\" >\n<h2><span style=\"color: #008080;\">ENIKA PS 1000 D sp\u00edna\u010d pohybov\u00fd (triak) <\/span><\/h2>\n<p>Tento infrapasivn\u00ed sp\u00edna\u010d je velice obl\u00edben\u00fd pro svou kvalitu a \u00fasporu energie. Tento sp\u00edna\u010d slou\u017e\u00ed pro sepnut\u00ed osv\u011btlen\u00ed nebo spot\u0159ebi\u010d\u016f na z\u00e1klad\u011b pohybu. Toto \u010didlo sp\u00edn\u00e1 na z\u00e1klad\u011b tepla pohybuj\u00edc\u00edch se osob. To V\u00e1m zaru\u010d\u00ed velkou \u00fasporu energie v prostor\u00e1ch jako jsou:<\/p>\n<p><span style=\"color: #404040; font-family: 'Arial','sans-serif'; font-size: 10.5pt;\"><\/span><\/p>\n<p>\u00a0<\/p>\n<p>Chodby dom\u016f, sklep\u016f, schodi\u0161\u0165, gar\u00e1\u017e\u00ed a v neposledn\u00ed \u0159ad\u011b z\u00e1chod\u016f WC, kde jej lze pou\u017e\u00edt i pro sp\u00edn\u00e1n\u00ed ventil\u00e1tor\u016f osv\u011b\u017eova\u010d\u016f a tak\u00e9 splachov\u00e1n\u00ed.<\/p>\n<p>Toto \u010didlo pou\u017e\u00edv\u00e1 p\u0159ipojen\u00ed dvoudr\u00e1tov\u00e9, m\u00e1 tedy men\u0161\u00ed sp\u00ednac\u00ed v\u00fdkon a nepou\u017e\u00edv\u00e1 nulov\u00fd vodi\u010d. Jako sp\u00ednac\u00ed prvek pou\u017e\u00edv\u00e1 triak \/ triac, nedoporu\u010duje se tedy pro sp\u00edn\u00e1n\u00ed n\u00edzk\u00fdch z\u00e1t\u011b\u017e\u00ed jako jsou LED zdroje a podobn\u011b.<\/p>\n<h2><span style=\"color: #008080; font-family: 'Arial','sans-serif'; font-size: 10.5pt;\">Parametry<\/span><\/h2>\n<p><span style=\"background: white; color: #333333; font-family: 'Arial','sans-serif'; font-size: 10.5pt;\">max. sp\u00ednan\u00fd v\u00fdkon: 40 \u00f7 300 W<\/span><span style=\"color: #333333; font-family: 'Arial','sans-serif'; font-size: 10.5pt;\"><br style=\"word-spacing: 0px; widows: 1; -webkit-text-stroke-width: 0px;\"> <span style=\"background: white;\"><span style=\"word-spacing: 0px; float: none; widows: 1; -webkit-text-stroke-width: 0px;\">nap\u00e1jen\u00ed: 230 V \/ 50 Hz<\/span><\/span><br style=\"word-spacing: 0px; widows: 1; -webkit-text-stroke-width: 0px;\"> <span style=\"background: white;\"><span style=\"word-spacing: 0px; float: none; widows: 1; -webkit-text-stroke-width: 0px;\">stupe\u0148 kryt\u00ed: IP 20<\/span><\/span><br style=\"word-spacing: 0px; widows: 1; -webkit-text-stroke-width: 0px;\"> <span style=\"background: white;\"><span style=\"word-spacing: 0px; float: none; widows: 1; -webkit-text-stroke-width: 0px;\">p\u0159ipojovac\u00ed svorky: 1,5 mm2<\/span><\/span><br style=\"word-spacing: 0px; widows: 1; -webkit-text-stroke-width: 0px;\"> <span style=\"background: white;\"><span style=\"word-spacing: 0px; float: none; widows: 1; -webkit-text-stroke-width: 0px;\">sp\u00ednac\u00ed prvek: triak\/triac<\/span><\/span><\/span><span style=\"color: #404040; font-family: 'Arial','sans-serif'; font-size: 10.5pt;\"> \u00a0<\/span><\/p>\n<p><span style=\"color: #404040; font-family: 'Arial','sans-serif'; font-size: 10.5pt;\"><\/span><\/p>\n<p><span style=\"color: #404040; font-family: 'Arial','sans-serif'; font-size: 10.5pt;\"><\/span><\/p>\n<p><span style=\"color: #404040; font-family: 'Arial','sans-serif'; font-size: 10.5pt;\"><\/span><\/p>\n<p>\u00a0<\/p>\n<p>\u00a0<\/p>\n<p>\u00a0<\/p>\n<p>\u00a0<\/p>\n<p>\u00a0<\/p>\n<p>\u00a0<\/p>\n<p>\u00a0<\/p>\n<p>\u00a0<\/p>\n<p>\u00a0<\/p>\n<p>\u00a0<\/p>\n<div id=\"PDTable3\" class=\"ProductDetailTableView v3a v3 bs-view dcon dc175 PDTable3\" >\n<table>\n<thead><\/thead>\n<tbody>\n<tr class=\"attribute attr_bsshop_maker\">\n<td class=\"caption\">V\u00fdrobce<\/td>\n<td class=\"value\">ENIKA<\/td>\n<\/tr>\n<\/tbody>\n<\/table><\/div>\n<\/div>\n<\/div>\n<div id=\"e9216940\" class=\"tabs\">\n","protected":false},"excerpt":{"rendered":"<p>ENIKA PS 1000 D sp\u00edna\u010d pohybov\u00fd (triak) Tento infrapasivn\u00ed sp\u00edna\u010d je velice obl\u00edben\u00fd pro svou kvalitu a \u00fasporu energie. Tento sp\u00edna\u010d slou\u017e\u00ed pro sepnut\u00ed osv\u011btlen\u00ed nebo spot\u0159ebi\u010d\u016f na z\u00e1klad\u011b pohybu. Toto \u010didlo sp\u00edn\u00e1 na z\u00e1klad\u011b tepla pohybuj\u00edc\u00edch se osob. To V\u00e1m zaru\u010d\u00ed velkou \u00fasporu energie v prostor\u00e1ch jako jsou: \u00a0 Chodby dom\u016f, sklep\u016f, schodi\u0161\u0165, gar\u00e1\u017e\u00ed [&hellip;]<\/p>\n","protected":false},"featured_media":3478,"comment_status":"open","ping_status":"open","template":"","meta":[],"product_brand":[],"product_cat":[37],"product_tag":[],"class_list":{"0":"post-3378","1":"product","2":"type-product","3":"status-publish","4":"has-post-thumbnail","6":"product_cat-sv-237-tidla-a-led","8":"first","9":"instock","10":"sale","11":"shipping-taxable","12":"purchasable","13":"product-type-simple"},"yoast_head":"<!-- This site is optimized with the Yoast SEO plugin v26.8 - https:\/\/yoast.com\/product\/yoast-seo-wordpress\/ -->\n<title>ENIKA PS 1000 D sp\u00edna\u010d pohybov\u00fd (triak) Top Prodej -<\/title>\n<meta name=\"robots\" content=\"index, follow, max-snippet:-1, max-image-preview:large, max-video-preview:-1\" \/>\n<link rel=\"canonical\" href=\"https:\/\/www.koupelnapro.com\/index.php\/produkt\/enika-ps-1000-d-spinac-pohybovy-triak-top-prodej-3378\/\" \/>\n<meta property=\"og:locale\" content=\"cs_CZ\" \/>\n<meta property=\"og:type\" content=\"article\" \/>\n<meta property=\"og:title\" content=\"ENIKA PS 1000 D sp\u00edna\u010d pohybov\u00fd (triak) Top Prodej -\" \/>\n<meta property=\"og:description\" content=\"ENIKA PS 1000 D sp\u00edna\u010d pohybov\u00fd (triak) Tento infrapasivn\u00ed sp\u00edna\u010d je velice obl\u00edben\u00fd pro svou kvalitu a \u00fasporu energie. Tento sp\u00edna\u010d slou\u017e\u00ed pro sepnut\u00ed osv\u011btlen\u00ed nebo spot\u0159ebi\u010d\u016f na z\u00e1klad\u011b pohybu. Toto \u010didlo sp\u00edn\u00e1 na z\u00e1klad\u011b tepla pohybuj\u00edc\u00edch se osob. To V\u00e1m zaru\u010d\u00ed velkou \u00fasporu energie v prostor\u00e1ch jako jsou: \u00a0 Chodby dom\u016f, sklep\u016f, schodi\u0161\u0165, gar\u00e1\u017e\u00ed [&hellip;]\" \/>\n<meta property=\"og:url\" content=\"https:\/\/www.koupelnapro.com\/index.php\/produkt\/enika-ps-1000-d-spinac-pohybovy-triak-top-prodej-3378\/\" \/>\n<meta property=\"og:image\" content=\"https:\/\/www.koupelnapro.com\/wp-content\/uploads\/2026\/SK0003751-CZ20260425-091623-0-1777079785-enika-ps-1000-d-spinac-pohybovy-triak.webp\" \/>\n\t<meta property=\"og:image:width\" content=\"1000\" \/>\n\t<meta property=\"og:image:height\" content=\"525\" \/>\n\t<meta property=\"og:image:type\" content=\"image\/webp\" \/>\n<meta name=\"twitter:card\" content=\"summary_large_image\" \/>\n<meta name=\"twitter:label1\" content=\"Odhadovan\u00e1 doba \u010dten\u00ed\" \/>\n\t<meta name=\"twitter:data1\" content=\"1 minuta\" \/>\n<script type=\"application\/ld+json\" class=\"yoast-schema-graph\">{\"@context\":\"https:\/\/schema.org\",\"@graph\":[{\"@type\":\"WebPage\",\"@id\":\"https:\/\/www.koupelnapro.com\/index.php\/produkt\/enika-ps-1000-d-spinac-pohybovy-triak-top-prodej-3378\/\",\"url\":\"https:\/\/www.koupelnapro.com\/index.php\/produkt\/enika-ps-1000-d-spinac-pohybovy-triak-top-prodej-3378\/\",\"name\":\"ENIKA PS 1000 D sp\u00edna\u010d pohybov\u00fd (triak) Top Prodej -\",\"isPartOf\":{\"@id\":\"https:\/\/www.koupelnapro.com\/#website\"},\"primaryImageOfPage\":{\"@id\":\"https:\/\/www.koupelnapro.com\/index.php\/produkt\/enika-ps-1000-d-spinac-pohybovy-triak-top-prodej-3378\/#primaryimage\"},\"image\":{\"@id\":\"https:\/\/www.koupelnapro.com\/index.php\/produkt\/enika-ps-1000-d-spinac-pohybovy-triak-top-prodej-3378\/#primaryimage\"},\"thumbnailUrl\":\"https:\/\/www.koupelnapro.com\/wp-content\/uploads\/2026\/SK0003751-CZ20260425-091623-0-1777079785-enika-ps-1000-d-spinac-pohybovy-triak.webp\",\"datePublished\":\"2026-04-26T09:13:08+00:00\",\"breadcrumb\":{\"@id\":\"https:\/\/www.koupelnapro.com\/index.php\/produkt\/enika-ps-1000-d-spinac-pohybovy-triak-top-prodej-3378\/#breadcrumb\"},\"inLanguage\":\"cs\",\"potentialAction\":[{\"@type\":\"ReadAction\",\"target\":[\"https:\/\/www.koupelnapro.com\/index.php\/produkt\/enika-ps-1000-d-spinac-pohybovy-triak-top-prodej-3378\/\"]}]},{\"@type\":\"ImageObject\",\"inLanguage\":\"cs\",\"@id\":\"https:\/\/www.koupelnapro.com\/index.php\/produkt\/enika-ps-1000-d-spinac-pohybovy-triak-top-prodej-3378\/#primaryimage\",\"url\":\"https:\/\/www.koupelnapro.com\/wp-content\/uploads\/2026\/SK0003751-CZ20260425-091623-0-1777079785-enika-ps-1000-d-spinac-pohybovy-triak.webp\",\"contentUrl\":\"https:\/\/www.koupelnapro.com\/wp-content\/uploads\/2026\/SK0003751-CZ20260425-091623-0-1777079785-enika-ps-1000-d-spinac-pohybovy-triak.webp\",\"width\":1000,\"height\":525},{\"@type\":\"BreadcrumbList\",\"@id\":\"https:\/\/www.koupelnapro.com\/index.php\/produkt\/enika-ps-1000-d-spinac-pohybovy-triak-top-prodej-3378\/#breadcrumb\",\"itemListElement\":[{\"@type\":\"ListItem\",\"position\":1,\"name\":\"Home\",\"item\":\"https:\/\/www.koupelnapro.com\/\"},{\"@type\":\"ListItem\",\"position\":2,\"name\":\"Products\",\"item\":\"https:\/\/www.koupelnapro.com\/index.php\/products\/\"},{\"@type\":\"ListItem\",\"position\":3,\"name\":\"ENIKA PS 1000 D sp\u00edna\u010d pohybov\u00fd (triak) Top Prodej\"}]},{\"@type\":\"WebSite\",\"@id\":\"https:\/\/www.koupelnapro.com\/#website\",\"url\":\"https:\/\/www.koupelnapro.com\/\",\"name\":\"\",\"description\":\"\",\"potentialAction\":[{\"@type\":\"SearchAction\",\"target\":{\"@type\":\"EntryPoint\",\"urlTemplate\":\"https:\/\/www.koupelnapro.com\/?s={search_term_string}\"},\"query-input\":{\"@type\":\"PropertyValueSpecification\",\"valueRequired\":true,\"valueName\":\"search_term_string\"}}],\"inLanguage\":\"cs\"}]}<\/script>\n<!-- \/ Yoast SEO plugin. -->","yoast_head_json":{"title":"ENIKA PS 1000 D sp\u00edna\u010d pohybov\u00fd (triak) Top Prodej -","robots":{"index":"index","follow":"follow","max-snippet":"max-snippet:-1","max-image-preview":"max-image-preview:large","max-video-preview":"max-video-preview:-1"},"canonical":"https:\/\/www.koupelnapro.com\/index.php\/produkt\/enika-ps-1000-d-spinac-pohybovy-triak-top-prodej-3378\/","og_locale":"cs_CZ","og_type":"article","og_title":"ENIKA PS 1000 D sp\u00edna\u010d pohybov\u00fd (triak) Top Prodej -","og_description":"ENIKA PS 1000 D sp\u00edna\u010d pohybov\u00fd (triak) Tento infrapasivn\u00ed sp\u00edna\u010d je velice obl\u00edben\u00fd pro svou kvalitu a \u00fasporu energie. Tento sp\u00edna\u010d slou\u017e\u00ed pro sepnut\u00ed osv\u011btlen\u00ed nebo spot\u0159ebi\u010d\u016f na z\u00e1klad\u011b pohybu. Toto \u010didlo sp\u00edn\u00e1 na z\u00e1klad\u011b tepla pohybuj\u00edc\u00edch se osob. To V\u00e1m zaru\u010d\u00ed velkou \u00fasporu energie v prostor\u00e1ch jako jsou: \u00a0 Chodby dom\u016f, sklep\u016f, schodi\u0161\u0165, gar\u00e1\u017e\u00ed [&hellip;]","og_url":"https:\/\/www.koupelnapro.com\/index.php\/produkt\/enika-ps-1000-d-spinac-pohybovy-triak-top-prodej-3378\/","og_image":[{"width":1000,"height":525,"url":"https:\/\/www.koupelnapro.com\/wp-content\/uploads\/2026\/SK0003751-CZ20260425-091623-0-1777079785-enika-ps-1000-d-spinac-pohybovy-triak.webp","type":"image\/webp"}],"twitter_card":"summary_large_image","twitter_misc":{"Odhadovan\u00e1 doba \u010dten\u00ed":"1 minuta"},"schema":{"@context":"https:\/\/schema.org","@graph":[{"@type":"WebPage","@id":"https:\/\/www.koupelnapro.com\/index.php\/produkt\/enika-ps-1000-d-spinac-pohybovy-triak-top-prodej-3378\/","url":"https:\/\/www.koupelnapro.com\/index.php\/produkt\/enika-ps-1000-d-spinac-pohybovy-triak-top-prodej-3378\/","name":"ENIKA PS 1000 D sp\u00edna\u010d pohybov\u00fd (triak) Top Prodej -","isPartOf":{"@id":"https:\/\/www.koupelnapro.com\/#website"},"primaryImageOfPage":{"@id":"https:\/\/www.koupelnapro.com\/index.php\/produkt\/enika-ps-1000-d-spinac-pohybovy-triak-top-prodej-3378\/#primaryimage"},"image":{"@id":"https:\/\/www.koupelnapro.com\/index.php\/produkt\/enika-ps-1000-d-spinac-pohybovy-triak-top-prodej-3378\/#primaryimage"},"thumbnailUrl":"https:\/\/www.koupelnapro.com\/wp-content\/uploads\/2026\/SK0003751-CZ20260425-091623-0-1777079785-enika-ps-1000-d-spinac-pohybovy-triak.webp","datePublished":"2026-04-26T09:13:08+00:00","breadcrumb":{"@id":"https:\/\/www.koupelnapro.com\/index.php\/produkt\/enika-ps-1000-d-spinac-pohybovy-triak-top-prodej-3378\/#breadcrumb"},"inLanguage":"cs","potentialAction":[{"@type":"ReadAction","target":["https:\/\/www.koupelnapro.com\/index.php\/produkt\/enika-ps-1000-d-spinac-pohybovy-triak-top-prodej-3378\/"]}]},{"@type":"ImageObject","inLanguage":"cs","@id":"https:\/\/www.koupelnapro.com\/index.php\/produkt\/enika-ps-1000-d-spinac-pohybovy-triak-top-prodej-3378\/#primaryimage","url":"https:\/\/www.koupelnapro.com\/wp-content\/uploads\/2026\/SK0003751-CZ20260425-091623-0-1777079785-enika-ps-1000-d-spinac-pohybovy-triak.webp","contentUrl":"https:\/\/www.koupelnapro.com\/wp-content\/uploads\/2026\/SK0003751-CZ20260425-091623-0-1777079785-enika-ps-1000-d-spinac-pohybovy-triak.webp","width":1000,"height":525},{"@type":"BreadcrumbList","@id":"https:\/\/www.koupelnapro.com\/index.php\/produkt\/enika-ps-1000-d-spinac-pohybovy-triak-top-prodej-3378\/#breadcrumb","itemListElement":[{"@type":"ListItem","position":1,"name":"Home","item":"https:\/\/www.koupelnapro.com\/"},{"@type":"ListItem","position":2,"name":"Products","item":"https:\/\/www.koupelnapro.com\/index.php\/products\/"},{"@type":"ListItem","position":3,"name":"ENIKA PS 1000 D sp\u00edna\u010d pohybov\u00fd (triak) Top Prodej"}]},{"@type":"WebSite","@id":"https:\/\/www.koupelnapro.com\/#website","url":"https:\/\/www.koupelnapro.com\/","name":"","description":"","potentialAction":[{"@type":"SearchAction","target":{"@type":"EntryPoint","urlTemplate":"https:\/\/www.koupelnapro.com\/?s={search_term_string}"},"query-input":{"@type":"PropertyValueSpecification","valueRequired":true,"valueName":"search_term_string"}}],"inLanguage":"cs"}]}},"_links":{"self":[{"href":"https:\/\/www.koupelnapro.com\/index.php\/wp-json\/wp\/v2\/product\/3378","targetHints":{"allow":["GET"]}}],"collection":[{"href":"https:\/\/www.koupelnapro.com\/index.php\/wp-json\/wp\/v2\/product"}],"about":[{"href":"https:\/\/www.koupelnapro.com\/index.php\/wp-json\/wp\/v2\/types\/product"}],"replies":[{"embeddable":true,"href":"https:\/\/www.koupelnapro.com\/index.php\/wp-json\/wp\/v2\/comments?post=3378"}],"wp:featuredmedia":[{"embeddable":true,"href":"https:\/\/www.koupelnapro.com\/index.php\/wp-json\/wp\/v2\/media\/3478"}],"wp:attachment":[{"href":"https:\/\/www.koupelnapro.com\/index.php\/wp-json\/wp\/v2\/media?parent=3378"}],"wp:term":[{"taxonomy":"product_brand","embeddable":true,"href":"https:\/\/www.koupelnapro.com\/index.php\/wp-json\/wp\/v2\/product_brand?post=3378"},{"taxonomy":"product_cat","embeddable":true,"href":"https:\/\/www.koupelnapro.com\/index.php\/wp-json\/wp\/v2\/product_cat?post=3378"},{"taxonomy":"product_tag","embeddable":true,"href":"https:\/\/www.koupelnapro.com\/index.php\/wp-json\/wp\/v2\/product_tag?post=3378"}],"curies":[{"name":"wp","href":"https:\/\/api.w.org\/{rel}","templated":true}]}}