{"id":33699,"date":"2026-04-26T09:15:27","date_gmt":"2026-04-26T09:15:27","guid":{"rendered":""},"modified":"2026-04-26T09:15:27","modified_gmt":"2026-04-26T09:15:27","slug":"ics-r-kanystr-plastovy-3-l-cenove-vyhodny-33699","status":"publish","type":"product","link":"https:\/\/www.koupelnapro.com\/index.php\/produkt\/ics-r-kanystr-plastovy-3-l-cenove-vyhodny-33699\/","title":{"rendered":"ICS\u00ae Kanystr plastov\u00fd, 3 l Cenov\u011b V\u00fdhodn\u00fd"},"content":{"rendered":"<div class=\"basic-description\">\n<h3>Detailn\u00ed popis produktu<\/h3>\n<table height=\"24\" style=\"width: 852px;\">\n<tbody>\n<tr>\n<td style=\"width: 707.031px;\">\n<h1><strong>Kanystr <span class=\"show-tooltip\" title=\"Plastyn\u011bkdy tak\u00e9 naz\u00fdvan\u00e9 plastick\u00e9 \u010di um\u011bl\u00e9 hmoty, p\u0159edstavuj\u00ed \u0161irokou \u0161k\u00e1lu syntetick\u00fdch nebo \u010d\u00e1ste\u010dn\u011b syntetick\u00fdch organick\u00fdch slou\u010denin a polymern\u00edch materi\u00e1l\u016f. \u010casto obsahuj\u00ed p\u0159\u00edsady zlep\u0161uj\u00edc\u00ed jejich funk\u010dn\u00ed vlastnosti, nap\u0159\u00edklad&amp;hellip;\">plastov\u00fd<\/span>&nbsp;\u00b7&nbsp;3 l<\/strong><\/h1>\n<\/td>\n<td style=\"width: 143.969px;\"><\/td>\n<\/tr>\n<\/tbody>\n<\/table>\n<table width=\"851\" height=\"91\">\n<tbody>\n<tr>\n<td>\n<div>&nbsp;<\/div>\n<div><span style=\"font-size: 12pt;\"><strong>Plastov\u00fd kanystr je praktick\u00fdm a v\u0161estrann\u00fdm pomocn\u00edkem pro dom\u00e1c\u00ed i profesion\u00e1ln\u00ed pou\u017eit\u00ed.&nbsp;<\/strong><\/span><\/div>\n<div>&nbsp;<\/div>\n<div>\u058d Vhodn\u00fd pro skladov\u00e1n\u00ed a p\u0159epravu vody, bytov\u00e9 chemie, autokosmetiky, prac\u00edch prost\u0159edk\u016f a potravin\u00e1\u0159sk\u00fdch produkt\u016f<\/div>\n<div>\u058d Kanystr nen\u00ed ur\u010den pro skladov\u00e1n\u00ed pohonn\u00fdch hmot (PHM)<\/div>\n<div>\u058d Nen\u00ed stohovateln\u00fd&nbsp;<\/div>\n<div>&nbsp;<\/div>\n<div><strong><span class=\"show-tooltip\" title=\"Objem je fyzik\u00e1ln\u00ed veli\u010dina, kter\u00e1 vyjad\u0159uje prostor obsazen\u00fd t\u011blesem. Objem se zpravidla m\u011b\u0159\u00ed v krychlov\u00fdch jednotk\u00e1ch, nap\u0159\u00edklad krychlov\u00e9 metry (m\u00b3) nebo krychlov\u00e9 centimetry (cm\u00b3). Objem lze vypo\u010d\u00edtat r\u016fzn\u00fdmi zp\u016fsoby, v z\u00e1vislosti na&amp;hellip;\">Objem<\/span><\/strong>: 3 l<\/div>\n<div><strong>Materi\u00e1l<\/strong>: <span class=\"show-tooltip\" title=\"Polyethylen (PE) je termoplastick\u00fd polymer, kter\u00fd pat\u0159\u00ed mezi nej\u010dast\u011bji pou\u017e\u00edvan\u00e9 typy plast\u016f. Je zn\u00e1m\u00fd svou vysokou odolnost\u00ed, chemickou stabilitou a n\u00edzkou hmotnost\u00ed. Polyethylen je vyr\u00e1b\u011bn polymerac\u00ed etylenu, co\u017e je jednoduch\u00fd uhlovod\u00edk. Existuj\u00ed&amp;hellip;\">polyethylen (PE)<\/span><\/div>\n<div><strong>Hrdlo<\/strong>: se \u0161roubovac\u00edm v\u00ed\u010dkem<\/div>\n<div>&nbsp;<\/div>\n<\/td>\n<\/tr>\n<\/tbody>\n<\/table>\n<div id=\"hzViewer\" style=\"background: none; line-height: 0px; overflow: hidden; padding: 10px 5px; position: absolute; z-index: 2147483647; visibility: visible; opacity: 1; top: 7px; left: 519px; width: auto; height: auto; cursor: pointer; pointer-events: none; display: none;\">&nbsp;<\/div>\n<\/p><\/div>\n","protected":false},"excerpt":{"rendered":"<p>Detailn\u00ed popis produktu Kanystr plastov\u00fd&nbsp;\u00b7&nbsp;3 l &nbsp; Plastov\u00fd kanystr je praktick\u00fdm a v\u0161estrann\u00fdm pomocn\u00edkem pro dom\u00e1c\u00ed i profesion\u00e1ln\u00ed pou\u017eit\u00ed.&nbsp; &nbsp; \u058d Vhodn\u00fd pro skladov\u00e1n\u00ed a p\u0159epravu vody, bytov\u00e9 chemie, autokosmetiky, prac\u00edch prost\u0159edk\u016f a potravin\u00e1\u0159sk\u00fdch produkt\u016f \u058d Kanystr nen\u00ed ur\u010den pro skladov\u00e1n\u00ed pohonn\u00fdch hmot (PHM) \u058d Nen\u00ed stohovateln\u00fd&nbsp; &nbsp; Objem: 3 l Materi\u00e1l: polyethylen (PE) Hrdlo: [&hellip;]<\/p>\n","protected":false},"featured_media":33799,"comment_status":"open","ping_status":"open","template":"","meta":[],"product_brand":[],"product_cat":[117],"product_tag":[],"class_list":{"0":"post-33699","1":"product","2":"type-product","3":"status-publish","4":"has-post-thumbnail","6":"product_cat-automotive","8":"first","9":"instock","10":"sale","11":"shipping-taxable","12":"purchasable","13":"product-type-simple"},"yoast_head":"<!-- This site is optimized with the Yoast SEO plugin v26.8 - https:\/\/yoast.com\/product\/yoast-seo-wordpress\/ -->\n<title>ICS\u00ae Kanystr plastov\u00fd, 3 l Cenov\u011b V\u00fdhodn\u00fd -<\/title>\n<meta name=\"robots\" content=\"index, follow, max-snippet:-1, max-image-preview:large, max-video-preview:-1\" \/>\n<link rel=\"canonical\" href=\"https:\/\/www.koupelnapro.com\/index.php\/produkt\/ics-r-kanystr-plastovy-3-l-cenove-vyhodny-33699\/\" \/>\n<meta property=\"og:locale\" content=\"cs_CZ\" \/>\n<meta property=\"og:type\" content=\"article\" \/>\n<meta property=\"og:title\" content=\"ICS\u00ae Kanystr plastov\u00fd, 3 l Cenov\u011b V\u00fdhodn\u00fd -\" \/>\n<meta property=\"og:description\" content=\"Detailn\u00ed popis produktu Kanystr plastov\u00fd&nbsp;\u00b7&nbsp;3 l &nbsp; Plastov\u00fd kanystr je praktick\u00fdm a v\u0161estrann\u00fdm pomocn\u00edkem pro dom\u00e1c\u00ed i profesion\u00e1ln\u00ed pou\u017eit\u00ed.&nbsp; &nbsp; \u058d Vhodn\u00fd pro skladov\u00e1n\u00ed a p\u0159epravu vody, bytov\u00e9 chemie, autokosmetiky, prac\u00edch prost\u0159edk\u016f a potravin\u00e1\u0159sk\u00fdch produkt\u016f \u058d Kanystr nen\u00ed ur\u010den pro skladov\u00e1n\u00ed pohonn\u00fdch hmot (PHM) \u058d Nen\u00ed stohovateln\u00fd&nbsp; &nbsp; Objem: 3 l Materi\u00e1l: polyethylen (PE) Hrdlo: [&hellip;]\" \/>\n<meta property=\"og:url\" content=\"https:\/\/www.koupelnapro.com\/index.php\/produkt\/ics-r-kanystr-plastovy-3-l-cenove-vyhodny-33699\/\" \/>\n<meta property=\"og:image\" content=\"https:\/\/www.koupelnapro.com\/wp-content\/uploads\/2026\/SK0002889-CZ20260425-092522-0-1777080324-74236-2_kanystr-3l.webp\" \/>\n\t<meta property=\"og:image:width\" content=\"1000\" \/>\n\t<meta property=\"og:image:height\" content=\"750\" \/>\n\t<meta property=\"og:image:type\" content=\"image\/webp\" \/>\n<meta name=\"twitter:card\" content=\"summary_large_image\" \/>\n<script type=\"application\/ld+json\" class=\"yoast-schema-graph\">{\"@context\":\"https:\/\/schema.org\",\"@graph\":[{\"@type\":\"WebPage\",\"@id\":\"https:\/\/www.koupelnapro.com\/index.php\/produkt\/ics-r-kanystr-plastovy-3-l-cenove-vyhodny-33699\/\",\"url\":\"https:\/\/www.koupelnapro.com\/index.php\/produkt\/ics-r-kanystr-plastovy-3-l-cenove-vyhodny-33699\/\",\"name\":\"ICS\u00ae Kanystr plastov\u00fd, 3 l Cenov\u011b V\u00fdhodn\u00fd -\",\"isPartOf\":{\"@id\":\"https:\/\/www.koupelnapro.com\/#website\"},\"primaryImageOfPage\":{\"@id\":\"https:\/\/www.koupelnapro.com\/index.php\/produkt\/ics-r-kanystr-plastovy-3-l-cenove-vyhodny-33699\/#primaryimage\"},\"image\":{\"@id\":\"https:\/\/www.koupelnapro.com\/index.php\/produkt\/ics-r-kanystr-plastovy-3-l-cenove-vyhodny-33699\/#primaryimage\"},\"thumbnailUrl\":\"https:\/\/www.koupelnapro.com\/wp-content\/uploads\/2026\/SK0002889-CZ20260425-092522-0-1777080324-74236-2_kanystr-3l.webp\",\"datePublished\":\"2026-04-26T09:15:27+00:00\",\"breadcrumb\":{\"@id\":\"https:\/\/www.koupelnapro.com\/index.php\/produkt\/ics-r-kanystr-plastovy-3-l-cenove-vyhodny-33699\/#breadcrumb\"},\"inLanguage\":\"cs\",\"potentialAction\":[{\"@type\":\"ReadAction\",\"target\":[\"https:\/\/www.koupelnapro.com\/index.php\/produkt\/ics-r-kanystr-plastovy-3-l-cenove-vyhodny-33699\/\"]}]},{\"@type\":\"ImageObject\",\"inLanguage\":\"cs\",\"@id\":\"https:\/\/www.koupelnapro.com\/index.php\/produkt\/ics-r-kanystr-plastovy-3-l-cenove-vyhodny-33699\/#primaryimage\",\"url\":\"https:\/\/www.koupelnapro.com\/wp-content\/uploads\/2026\/SK0002889-CZ20260425-092522-0-1777080324-74236-2_kanystr-3l.webp\",\"contentUrl\":\"https:\/\/www.koupelnapro.com\/wp-content\/uploads\/2026\/SK0002889-CZ20260425-092522-0-1777080324-74236-2_kanystr-3l.webp\",\"width\":1000,\"height\":750},{\"@type\":\"BreadcrumbList\",\"@id\":\"https:\/\/www.koupelnapro.com\/index.php\/produkt\/ics-r-kanystr-plastovy-3-l-cenove-vyhodny-33699\/#breadcrumb\",\"itemListElement\":[{\"@type\":\"ListItem\",\"position\":1,\"name\":\"Home\",\"item\":\"https:\/\/www.koupelnapro.com\/\"},{\"@type\":\"ListItem\",\"position\":2,\"name\":\"Products\",\"item\":\"https:\/\/www.koupelnapro.com\/index.php\/products\/\"},{\"@type\":\"ListItem\",\"position\":3,\"name\":\"ICS\u00ae Kanystr plastov\u00fd, 3 l Cenov\u011b V\u00fdhodn\u00fd\"}]},{\"@type\":\"WebSite\",\"@id\":\"https:\/\/www.koupelnapro.com\/#website\",\"url\":\"https:\/\/www.koupelnapro.com\/\",\"name\":\"\",\"description\":\"\",\"potentialAction\":[{\"@type\":\"SearchAction\",\"target\":{\"@type\":\"EntryPoint\",\"urlTemplate\":\"https:\/\/www.koupelnapro.com\/?s={search_term_string}\"},\"query-input\":{\"@type\":\"PropertyValueSpecification\",\"valueRequired\":true,\"valueName\":\"search_term_string\"}}],\"inLanguage\":\"cs\"}]}<\/script>\n<!-- \/ Yoast SEO plugin. -->","yoast_head_json":{"title":"ICS\u00ae Kanystr plastov\u00fd, 3 l Cenov\u011b V\u00fdhodn\u00fd -","robots":{"index":"index","follow":"follow","max-snippet":"max-snippet:-1","max-image-preview":"max-image-preview:large","max-video-preview":"max-video-preview:-1"},"canonical":"https:\/\/www.koupelnapro.com\/index.php\/produkt\/ics-r-kanystr-plastovy-3-l-cenove-vyhodny-33699\/","og_locale":"cs_CZ","og_type":"article","og_title":"ICS\u00ae Kanystr plastov\u00fd, 3 l Cenov\u011b V\u00fdhodn\u00fd -","og_description":"Detailn\u00ed popis produktu Kanystr plastov\u00fd&nbsp;\u00b7&nbsp;3 l &nbsp; Plastov\u00fd kanystr je praktick\u00fdm a v\u0161estrann\u00fdm pomocn\u00edkem pro dom\u00e1c\u00ed i profesion\u00e1ln\u00ed pou\u017eit\u00ed.&nbsp; &nbsp; \u058d Vhodn\u00fd pro skladov\u00e1n\u00ed a p\u0159epravu vody, bytov\u00e9 chemie, autokosmetiky, prac\u00edch prost\u0159edk\u016f a potravin\u00e1\u0159sk\u00fdch produkt\u016f \u058d Kanystr nen\u00ed ur\u010den pro skladov\u00e1n\u00ed pohonn\u00fdch hmot (PHM) \u058d Nen\u00ed stohovateln\u00fd&nbsp; &nbsp; Objem: 3 l Materi\u00e1l: polyethylen (PE) Hrdlo: [&hellip;]","og_url":"https:\/\/www.koupelnapro.com\/index.php\/produkt\/ics-r-kanystr-plastovy-3-l-cenove-vyhodny-33699\/","og_image":[{"width":1000,"height":750,"url":"https:\/\/www.koupelnapro.com\/wp-content\/uploads\/2026\/SK0002889-CZ20260425-092522-0-1777080324-74236-2_kanystr-3l.webp","type":"image\/webp"}],"twitter_card":"summary_large_image","schema":{"@context":"https:\/\/schema.org","@graph":[{"@type":"WebPage","@id":"https:\/\/www.koupelnapro.com\/index.php\/produkt\/ics-r-kanystr-plastovy-3-l-cenove-vyhodny-33699\/","url":"https:\/\/www.koupelnapro.com\/index.php\/produkt\/ics-r-kanystr-plastovy-3-l-cenove-vyhodny-33699\/","name":"ICS\u00ae Kanystr plastov\u00fd, 3 l Cenov\u011b V\u00fdhodn\u00fd -","isPartOf":{"@id":"https:\/\/www.koupelnapro.com\/#website"},"primaryImageOfPage":{"@id":"https:\/\/www.koupelnapro.com\/index.php\/produkt\/ics-r-kanystr-plastovy-3-l-cenove-vyhodny-33699\/#primaryimage"},"image":{"@id":"https:\/\/www.koupelnapro.com\/index.php\/produkt\/ics-r-kanystr-plastovy-3-l-cenove-vyhodny-33699\/#primaryimage"},"thumbnailUrl":"https:\/\/www.koupelnapro.com\/wp-content\/uploads\/2026\/SK0002889-CZ20260425-092522-0-1777080324-74236-2_kanystr-3l.webp","datePublished":"2026-04-26T09:15:27+00:00","breadcrumb":{"@id":"https:\/\/www.koupelnapro.com\/index.php\/produkt\/ics-r-kanystr-plastovy-3-l-cenove-vyhodny-33699\/#breadcrumb"},"inLanguage":"cs","potentialAction":[{"@type":"ReadAction","target":["https:\/\/www.koupelnapro.com\/index.php\/produkt\/ics-r-kanystr-plastovy-3-l-cenove-vyhodny-33699\/"]}]},{"@type":"ImageObject","inLanguage":"cs","@id":"https:\/\/www.koupelnapro.com\/index.php\/produkt\/ics-r-kanystr-plastovy-3-l-cenove-vyhodny-33699\/#primaryimage","url":"https:\/\/www.koupelnapro.com\/wp-content\/uploads\/2026\/SK0002889-CZ20260425-092522-0-1777080324-74236-2_kanystr-3l.webp","contentUrl":"https:\/\/www.koupelnapro.com\/wp-content\/uploads\/2026\/SK0002889-CZ20260425-092522-0-1777080324-74236-2_kanystr-3l.webp","width":1000,"height":750},{"@type":"BreadcrumbList","@id":"https:\/\/www.koupelnapro.com\/index.php\/produkt\/ics-r-kanystr-plastovy-3-l-cenove-vyhodny-33699\/#breadcrumb","itemListElement":[{"@type":"ListItem","position":1,"name":"Home","item":"https:\/\/www.koupelnapro.com\/"},{"@type":"ListItem","position":2,"name":"Products","item":"https:\/\/www.koupelnapro.com\/index.php\/products\/"},{"@type":"ListItem","position":3,"name":"ICS\u00ae Kanystr plastov\u00fd, 3 l Cenov\u011b V\u00fdhodn\u00fd"}]},{"@type":"WebSite","@id":"https:\/\/www.koupelnapro.com\/#website","url":"https:\/\/www.koupelnapro.com\/","name":"","description":"","potentialAction":[{"@type":"SearchAction","target":{"@type":"EntryPoint","urlTemplate":"https:\/\/www.koupelnapro.com\/?s={search_term_string}"},"query-input":{"@type":"PropertyValueSpecification","valueRequired":true,"valueName":"search_term_string"}}],"inLanguage":"cs"}]}},"_links":{"self":[{"href":"https:\/\/www.koupelnapro.com\/index.php\/wp-json\/wp\/v2\/product\/33699","targetHints":{"allow":["GET"]}}],"collection":[{"href":"https:\/\/www.koupelnapro.com\/index.php\/wp-json\/wp\/v2\/product"}],"about":[{"href":"https:\/\/www.koupelnapro.com\/index.php\/wp-json\/wp\/v2\/types\/product"}],"replies":[{"embeddable":true,"href":"https:\/\/www.koupelnapro.com\/index.php\/wp-json\/wp\/v2\/comments?post=33699"}],"wp:featuredmedia":[{"embeddable":true,"href":"https:\/\/www.koupelnapro.com\/index.php\/wp-json\/wp\/v2\/media\/33799"}],"wp:attachment":[{"href":"https:\/\/www.koupelnapro.com\/index.php\/wp-json\/wp\/v2\/media?parent=33699"}],"wp:term":[{"taxonomy":"product_brand","embeddable":true,"href":"https:\/\/www.koupelnapro.com\/index.php\/wp-json\/wp\/v2\/product_brand?post=33699"},{"taxonomy":"product_cat","embeddable":true,"href":"https:\/\/www.koupelnapro.com\/index.php\/wp-json\/wp\/v2\/product_cat?post=33699"},{"taxonomy":"product_tag","embeddable":true,"href":"https:\/\/www.koupelnapro.com\/index.php\/wp-json\/wp\/v2\/product_tag?post=33699"}],"curies":[{"name":"wp","href":"https:\/\/api.w.org\/{rel}","templated":true}]}}