{"id":31974,"date":"2026-04-26T09:15:17","date_gmt":"2026-04-26T09:15:17","guid":{"rendered":""},"modified":"2026-04-26T09:15:17","modified_gmt":"2026-04-26T09:15:17","slug":"skoda-sprej-ac1061-bila-labuti-200-ml-finalni-vyprodej-31974","status":"publish","type":"product","link":"https:\/\/www.koupelnapro.com\/index.php\/produkt\/skoda-sprej-ac1061-bila-labuti-200-ml-finalni-vyprodej-31974\/","title":{"rendered":"\u0160KODA sprej AC1061 b\u00edl\u00e1 labut\u00ed 200 ml Fin\u00e1ln\u00ed V\u00fdprodej"},"content":{"rendered":"<div class=\"filters-tab-box__left\">\n<h2>\u0160KODA sprej<\/h2>\n<p>Barevn\u00fd akryl\u00e1tov\u00fd sprej speci\u00e1ln\u011b navr\u017een\u00fd<b> pro auta zna\u010dky \u0160koda<\/b>. Barva<b> p\u0159esn\u011b lad\u00ed s origin\u00e1ln\u00edm odst\u00ednem<\/b>. V\u00fdborn\u00e1 kryvost a rychl\u00e9 zasych\u00e1n\u00ed barvy. Dostupn\u00e9 jsou<b> hladk\u00e9 i metalick\u00e9 <\/b>odst\u00edny.<\/p>\n<h3>Kl\u00ed\u010dov\u00e9 vlastnosti<\/h3>\n<ul class=\"vlastnosti\">\n<li>Barevn\u00fd akryl\u00e1tov\u00fd sprej speci\u00e1ln\u011b navr\u017een\u00fd<b> pro auta zna\u010dky \u0160koda<\/b><\/li>\n<li>Barva<b> p\u0159esn\u011b lad\u00ed s origin\u00e1ln\u00edm odst\u00ednem<\/b><\/li>\n<li>V\u00fdborn\u00e1 kryvost a rychl\u00e9 zasych\u00e1n\u00ed barvy<\/li>\n<li><b>Hladk\u00e9 i metalick\u00e9 <\/b>odst\u00edny<\/li>\n<\/ul>\n<h3>Pou\u017eit\u00ed<\/h3>\n<ul class=\"pouziti\">\n<li>Pokud se na povrchu objevuje koroze, o\u0161et\u0159ete ho antikorozn\u00edm p\u0159\u00edpravkem<\/li>\n<li>Zamaskujte \u010d\u00e1sti, kter\u00e9 nemaj\u00ed b\u00fdt lakov\u00e1ny<\/li>\n<li>Lakovan\u00fd povrch mus\u00ed b\u00fdt obrou\u0161en\u00fd a n\u00e1sledn\u011b odma\u0161t\u011bn\u00fd<\/li>\n<li>Podklad mus\u00ed b\u00fdt vytmelen\u00fd a v plni\u010di<\/li>\n<li>Prot\u0159epejte n\u00e1dobu po dobu 2 min.<\/li>\n<li>St\u0159\u00edkejte ze vzd\u00e1lenost<b>i 25 &#8211; 30 cm<\/b><\/li>\n<li>Naneste n\u011bkolik tenk\u00fdch vrtev a nechte zaschnout  2 hod.<\/li>\n<li>Po pou\u017eit\u00ed obra\u0165te n\u00e1dobku dnem vzh\u016fru a n\u011bkolikasekundov\u00fdm  stla\u010den\u00edm vy\u010dist\u011bte ventil<\/li>\n<li>Aplika\u010dn\u00ed teplota 15 &#8211; 25 \u00b0C<\/li>\n<li><b>Metalick\u00e9 odst\u00edny mus\u00ed b\u00fdt p\u0159elakov\u00e1ny bezbarv\u00fdm lakem<\/b><\/li>\n<li><b><span style=\"color: #FF0000\">P\u0159ed samotn\u00fdm lakov\u00e1n\u00edm prove\u010fte kontrolu odst\u00ednu<\/span><\/b> <\/li>\n<\/ul>\n<h3>Doporu\u010den\u00e9 podklady<\/h3>\n<ul class=\"podklady\">\n<li>Kov<\/li>\n<li>D\u0159evo<\/li>\n<li>Hlin\u00edk<\/li>\n<li>K\u00e1men<\/li>\n<li>Vybran\u00e9 druhy plast\u016f<\/li>\n<\/ul><\/div>\n<div class=\"filters-tab-box__right\">\n<h2>Parametry<\/h2>\n<table>\n<tbody>\n<tr>\n<td>Barva (n&#225;zev)                                            :                                        <\/td>\n<td>                                            b&#237;l&#225; labut&#237;                                        <\/td>\n<\/tr>\n<tr>\n<td>Barva (kod)                                            :                                        <\/td>\n<td>                                            AC1061                                        <\/td>\n<\/tr>\n<tr>\n<td>V&#253;robce                                            :                                        <\/td>\n<td>                                            Motip                                        <\/td>\n<\/tr>\n<tr>\n<td>Vydatnost                                            :                                        <\/td>\n<td>                                            0,5 m2                                        <\/td>\n<\/tr>\n<tr>\n<td>Balen&#237;                                            :                                        <\/td>\n<td>                                            200 ml                                        <\/td>\n<\/tr>\n<tr>\n<td>Vzorkovnice                                            :                                        <\/td>\n<td>\u0160koda                                        <\/td>\n<\/tr>\n<tr>\n<td>Objem                                            :                                        <\/td>\n<td>200 ml                                        <\/td>\n<\/tr>\n<\/tbody>\n<\/table><\/div>\n<\/p><\/div>\n","protected":false},"excerpt":{"rendered":"<p>\u0160KODA sprej Barevn\u00fd akryl\u00e1tov\u00fd sprej speci\u00e1ln\u011b navr\u017een\u00fd pro auta zna\u010dky \u0160koda. Barva p\u0159esn\u011b lad\u00ed s origin\u00e1ln\u00edm odst\u00ednem. V\u00fdborn\u00e1 kryvost a rychl\u00e9 zasych\u00e1n\u00ed barvy. Dostupn\u00e9 jsou hladk\u00e9 i metalick\u00e9 odst\u00edny. Kl\u00ed\u010dov\u00e9 vlastnosti Barevn\u00fd akryl\u00e1tov\u00fd sprej speci\u00e1ln\u011b navr\u017een\u00fd pro auta zna\u010dky \u0160koda Barva p\u0159esn\u011b lad\u00ed s origin\u00e1ln\u00edm odst\u00ednem V\u00fdborn\u00e1 kryvost a rychl\u00e9 zasych\u00e1n\u00ed barvy Hladk\u00e9 i metalick\u00e9 [&hellip;]<\/p>\n","protected":false},"featured_media":32074,"comment_status":"open","ping_status":"open","template":"","meta":[],"product_brand":[],"product_cat":[44],"product_tag":[],"class_list":{"0":"post-31974","1":"product","2":"type-product","3":"status-publish","4":"has-post-thumbnail","6":"product_cat-nejlepsi-prodejci","8":"first","9":"instock","10":"sale","11":"shipping-taxable","12":"purchasable","13":"product-type-simple"},"yoast_head":"<!-- This site is optimized with the Yoast SEO plugin v26.8 - https:\/\/yoast.com\/product\/yoast-seo-wordpress\/ -->\n<title>\u0160KODA sprej AC1061 b\u00edl\u00e1 labut\u00ed 200 ml Fin\u00e1ln\u00ed V\u00fdprodej -<\/title>\n<meta name=\"robots\" content=\"index, follow, max-snippet:-1, max-image-preview:large, max-video-preview:-1\" \/>\n<link rel=\"canonical\" href=\"https:\/\/www.koupelnapro.com\/index.php\/produkt\/skoda-sprej-ac1061-bila-labuti-200-ml-finalni-vyprodej-31974\/\" \/>\n<meta property=\"og:locale\" content=\"cs_CZ\" \/>\n<meta property=\"og:type\" content=\"article\" \/>\n<meta property=\"og:title\" content=\"\u0160KODA sprej AC1061 b\u00edl\u00e1 labut\u00ed 200 ml Fin\u00e1ln\u00ed V\u00fdprodej -\" \/>\n<meta property=\"og:description\" content=\"\u0160KODA sprej Barevn\u00fd akryl\u00e1tov\u00fd sprej speci\u00e1ln\u011b navr\u017een\u00fd pro auta zna\u010dky \u0160koda. Barva p\u0159esn\u011b lad\u00ed s origin\u00e1ln\u00edm odst\u00ednem. V\u00fdborn\u00e1 kryvost a rychl\u00e9 zasych\u00e1n\u00ed barvy. Dostupn\u00e9 jsou hladk\u00e9 i metalick\u00e9 odst\u00edny. Kl\u00ed\u010dov\u00e9 vlastnosti Barevn\u00fd akryl\u00e1tov\u00fd sprej speci\u00e1ln\u011b navr\u017een\u00fd pro auta zna\u010dky \u0160koda Barva p\u0159esn\u011b lad\u00ed s origin\u00e1ln\u00edm odst\u00ednem V\u00fdborn\u00e1 kryvost a rychl\u00e9 zasych\u00e1n\u00ed barvy Hladk\u00e9 i metalick\u00e9 [&hellip;]\" \/>\n<meta property=\"og:url\" content=\"https:\/\/www.koupelnapro.com\/index.php\/produkt\/skoda-sprej-ac1061-bila-labuti-200-ml-finalni-vyprodej-31974\/\" \/>\n<meta property=\"og:image\" content=\"https:\/\/www.koupelnapro.com\/wp-content\/uploads\/2026\/SK0003037-CZ20260425-092455-0-1777080297-image_of_object.webp\" \/>\n\t<meta property=\"og:image:width\" content=\"400\" \/>\n\t<meta property=\"og:image:height\" content=\"300\" \/>\n\t<meta property=\"og:image:type\" content=\"image\/webp\" \/>\n<meta name=\"twitter:card\" content=\"summary_large_image\" \/>\n<meta name=\"twitter:label1\" content=\"Odhadovan\u00e1 doba \u010dten\u00ed\" \/>\n\t<meta name=\"twitter:data1\" content=\"1 minuta\" \/>\n<script type=\"application\/ld+json\" class=\"yoast-schema-graph\">{\"@context\":\"https:\/\/schema.org\",\"@graph\":[{\"@type\":\"WebPage\",\"@id\":\"https:\/\/www.koupelnapro.com\/index.php\/produkt\/skoda-sprej-ac1061-bila-labuti-200-ml-finalni-vyprodej-31974\/\",\"url\":\"https:\/\/www.koupelnapro.com\/index.php\/produkt\/skoda-sprej-ac1061-bila-labuti-200-ml-finalni-vyprodej-31974\/\",\"name\":\"\u0160KODA sprej AC1061 b\u00edl\u00e1 labut\u00ed 200 ml Fin\u00e1ln\u00ed V\u00fdprodej -\",\"isPartOf\":{\"@id\":\"https:\/\/www.koupelnapro.com\/#website\"},\"primaryImageOfPage\":{\"@id\":\"https:\/\/www.koupelnapro.com\/index.php\/produkt\/skoda-sprej-ac1061-bila-labuti-200-ml-finalni-vyprodej-31974\/#primaryimage\"},\"image\":{\"@id\":\"https:\/\/www.koupelnapro.com\/index.php\/produkt\/skoda-sprej-ac1061-bila-labuti-200-ml-finalni-vyprodej-31974\/#primaryimage\"},\"thumbnailUrl\":\"https:\/\/www.koupelnapro.com\/wp-content\/uploads\/2026\/SK0003037-CZ20260425-092455-0-1777080297-image_of_object.webp\",\"datePublished\":\"2026-04-26T09:15:17+00:00\",\"breadcrumb\":{\"@id\":\"https:\/\/www.koupelnapro.com\/index.php\/produkt\/skoda-sprej-ac1061-bila-labuti-200-ml-finalni-vyprodej-31974\/#breadcrumb\"},\"inLanguage\":\"cs\",\"potentialAction\":[{\"@type\":\"ReadAction\",\"target\":[\"https:\/\/www.koupelnapro.com\/index.php\/produkt\/skoda-sprej-ac1061-bila-labuti-200-ml-finalni-vyprodej-31974\/\"]}]},{\"@type\":\"ImageObject\",\"inLanguage\":\"cs\",\"@id\":\"https:\/\/www.koupelnapro.com\/index.php\/produkt\/skoda-sprej-ac1061-bila-labuti-200-ml-finalni-vyprodej-31974\/#primaryimage\",\"url\":\"https:\/\/www.koupelnapro.com\/wp-content\/uploads\/2026\/SK0003037-CZ20260425-092455-0-1777080297-image_of_object.webp\",\"contentUrl\":\"https:\/\/www.koupelnapro.com\/wp-content\/uploads\/2026\/SK0003037-CZ20260425-092455-0-1777080297-image_of_object.webp\",\"width\":400,\"height\":300},{\"@type\":\"BreadcrumbList\",\"@id\":\"https:\/\/www.koupelnapro.com\/index.php\/produkt\/skoda-sprej-ac1061-bila-labuti-200-ml-finalni-vyprodej-31974\/#breadcrumb\",\"itemListElement\":[{\"@type\":\"ListItem\",\"position\":1,\"name\":\"Home\",\"item\":\"https:\/\/www.koupelnapro.com\/\"},{\"@type\":\"ListItem\",\"position\":2,\"name\":\"Products\",\"item\":\"https:\/\/www.koupelnapro.com\/index.php\/products\/\"},{\"@type\":\"ListItem\",\"position\":3,\"name\":\"\u0160KODA sprej AC1061 b\u00edl\u00e1 labut\u00ed 200 ml Fin\u00e1ln\u00ed V\u00fdprodej\"}]},{\"@type\":\"WebSite\",\"@id\":\"https:\/\/www.koupelnapro.com\/#website\",\"url\":\"https:\/\/www.koupelnapro.com\/\",\"name\":\"\",\"description\":\"\",\"potentialAction\":[{\"@type\":\"SearchAction\",\"target\":{\"@type\":\"EntryPoint\",\"urlTemplate\":\"https:\/\/www.koupelnapro.com\/?s={search_term_string}\"},\"query-input\":{\"@type\":\"PropertyValueSpecification\",\"valueRequired\":true,\"valueName\":\"search_term_string\"}}],\"inLanguage\":\"cs\"}]}<\/script>\n<!-- \/ Yoast SEO plugin. -->","yoast_head_json":{"title":"\u0160KODA sprej AC1061 b\u00edl\u00e1 labut\u00ed 200 ml Fin\u00e1ln\u00ed V\u00fdprodej -","robots":{"index":"index","follow":"follow","max-snippet":"max-snippet:-1","max-image-preview":"max-image-preview:large","max-video-preview":"max-video-preview:-1"},"canonical":"https:\/\/www.koupelnapro.com\/index.php\/produkt\/skoda-sprej-ac1061-bila-labuti-200-ml-finalni-vyprodej-31974\/","og_locale":"cs_CZ","og_type":"article","og_title":"\u0160KODA sprej AC1061 b\u00edl\u00e1 labut\u00ed 200 ml Fin\u00e1ln\u00ed V\u00fdprodej -","og_description":"\u0160KODA sprej Barevn\u00fd akryl\u00e1tov\u00fd sprej speci\u00e1ln\u011b navr\u017een\u00fd pro auta zna\u010dky \u0160koda. Barva p\u0159esn\u011b lad\u00ed s origin\u00e1ln\u00edm odst\u00ednem. V\u00fdborn\u00e1 kryvost a rychl\u00e9 zasych\u00e1n\u00ed barvy. Dostupn\u00e9 jsou hladk\u00e9 i metalick\u00e9 odst\u00edny. Kl\u00ed\u010dov\u00e9 vlastnosti Barevn\u00fd akryl\u00e1tov\u00fd sprej speci\u00e1ln\u011b navr\u017een\u00fd pro auta zna\u010dky \u0160koda Barva p\u0159esn\u011b lad\u00ed s origin\u00e1ln\u00edm odst\u00ednem V\u00fdborn\u00e1 kryvost a rychl\u00e9 zasych\u00e1n\u00ed barvy Hladk\u00e9 i metalick\u00e9 [&hellip;]","og_url":"https:\/\/www.koupelnapro.com\/index.php\/produkt\/skoda-sprej-ac1061-bila-labuti-200-ml-finalni-vyprodej-31974\/","og_image":[{"width":400,"height":300,"url":"https:\/\/www.koupelnapro.com\/wp-content\/uploads\/2026\/SK0003037-CZ20260425-092455-0-1777080297-image_of_object.webp","type":"image\/webp"}],"twitter_card":"summary_large_image","twitter_misc":{"Odhadovan\u00e1 doba \u010dten\u00ed":"1 minuta"},"schema":{"@context":"https:\/\/schema.org","@graph":[{"@type":"WebPage","@id":"https:\/\/www.koupelnapro.com\/index.php\/produkt\/skoda-sprej-ac1061-bila-labuti-200-ml-finalni-vyprodej-31974\/","url":"https:\/\/www.koupelnapro.com\/index.php\/produkt\/skoda-sprej-ac1061-bila-labuti-200-ml-finalni-vyprodej-31974\/","name":"\u0160KODA sprej AC1061 b\u00edl\u00e1 labut\u00ed 200 ml Fin\u00e1ln\u00ed V\u00fdprodej -","isPartOf":{"@id":"https:\/\/www.koupelnapro.com\/#website"},"primaryImageOfPage":{"@id":"https:\/\/www.koupelnapro.com\/index.php\/produkt\/skoda-sprej-ac1061-bila-labuti-200-ml-finalni-vyprodej-31974\/#primaryimage"},"image":{"@id":"https:\/\/www.koupelnapro.com\/index.php\/produkt\/skoda-sprej-ac1061-bila-labuti-200-ml-finalni-vyprodej-31974\/#primaryimage"},"thumbnailUrl":"https:\/\/www.koupelnapro.com\/wp-content\/uploads\/2026\/SK0003037-CZ20260425-092455-0-1777080297-image_of_object.webp","datePublished":"2026-04-26T09:15:17+00:00","breadcrumb":{"@id":"https:\/\/www.koupelnapro.com\/index.php\/produkt\/skoda-sprej-ac1061-bila-labuti-200-ml-finalni-vyprodej-31974\/#breadcrumb"},"inLanguage":"cs","potentialAction":[{"@type":"ReadAction","target":["https:\/\/www.koupelnapro.com\/index.php\/produkt\/skoda-sprej-ac1061-bila-labuti-200-ml-finalni-vyprodej-31974\/"]}]},{"@type":"ImageObject","inLanguage":"cs","@id":"https:\/\/www.koupelnapro.com\/index.php\/produkt\/skoda-sprej-ac1061-bila-labuti-200-ml-finalni-vyprodej-31974\/#primaryimage","url":"https:\/\/www.koupelnapro.com\/wp-content\/uploads\/2026\/SK0003037-CZ20260425-092455-0-1777080297-image_of_object.webp","contentUrl":"https:\/\/www.koupelnapro.com\/wp-content\/uploads\/2026\/SK0003037-CZ20260425-092455-0-1777080297-image_of_object.webp","width":400,"height":300},{"@type":"BreadcrumbList","@id":"https:\/\/www.koupelnapro.com\/index.php\/produkt\/skoda-sprej-ac1061-bila-labuti-200-ml-finalni-vyprodej-31974\/#breadcrumb","itemListElement":[{"@type":"ListItem","position":1,"name":"Home","item":"https:\/\/www.koupelnapro.com\/"},{"@type":"ListItem","position":2,"name":"Products","item":"https:\/\/www.koupelnapro.com\/index.php\/products\/"},{"@type":"ListItem","position":3,"name":"\u0160KODA sprej AC1061 b\u00edl\u00e1 labut\u00ed 200 ml Fin\u00e1ln\u00ed V\u00fdprodej"}]},{"@type":"WebSite","@id":"https:\/\/www.koupelnapro.com\/#website","url":"https:\/\/www.koupelnapro.com\/","name":"","description":"","potentialAction":[{"@type":"SearchAction","target":{"@type":"EntryPoint","urlTemplate":"https:\/\/www.koupelnapro.com\/?s={search_term_string}"},"query-input":{"@type":"PropertyValueSpecification","valueRequired":true,"valueName":"search_term_string"}}],"inLanguage":"cs"}]}},"_links":{"self":[{"href":"https:\/\/www.koupelnapro.com\/index.php\/wp-json\/wp\/v2\/product\/31974","targetHints":{"allow":["GET"]}}],"collection":[{"href":"https:\/\/www.koupelnapro.com\/index.php\/wp-json\/wp\/v2\/product"}],"about":[{"href":"https:\/\/www.koupelnapro.com\/index.php\/wp-json\/wp\/v2\/types\/product"}],"replies":[{"embeddable":true,"href":"https:\/\/www.koupelnapro.com\/index.php\/wp-json\/wp\/v2\/comments?post=31974"}],"wp:featuredmedia":[{"embeddable":true,"href":"https:\/\/www.koupelnapro.com\/index.php\/wp-json\/wp\/v2\/media\/32074"}],"wp:attachment":[{"href":"https:\/\/www.koupelnapro.com\/index.php\/wp-json\/wp\/v2\/media?parent=31974"}],"wp:term":[{"taxonomy":"product_brand","embeddable":true,"href":"https:\/\/www.koupelnapro.com\/index.php\/wp-json\/wp\/v2\/product_brand?post=31974"},{"taxonomy":"product_cat","embeddable":true,"href":"https:\/\/www.koupelnapro.com\/index.php\/wp-json\/wp\/v2\/product_cat?post=31974"},{"taxonomy":"product_tag","embeddable":true,"href":"https:\/\/www.koupelnapro.com\/index.php\/wp-json\/wp\/v2\/product_tag?post=31974"}],"curies":[{"name":"wp","href":"https:\/\/api.w.org\/{rel}","templated":true}]}}