{"id":31896,"date":"2026-04-26T09:15:17","date_gmt":"2026-04-26T09:15:17","guid":{"rendered":""},"modified":"2026-04-26T09:15:17","modified_gmt":"2026-04-26T09:15:17","slug":"shinemate-akumulator-b1850a-18v-li-ion-5-0ah-90wh-finalni-vyprodej-31896","status":"publish","type":"product","link":"https:\/\/www.koupelnapro.com\/index.php\/produkt\/shinemate-akumulator-b1850a-18v-li-ion-5-0ah-90wh-finalni-vyprodej-31896\/","title":{"rendered":"ShineMate Akumul\u00e1tor B1850A 18V Li-ion &#8211; 5.0Ah\/90Wh Fin\u00e1ln\u00ed V\u00fdprodej"},"content":{"rendered":"<div class=\"filters-tab-box__left\">                <H2 data-end=\"90\" data-start=\"0\">Baterie ShineMate Li-Ion 18 V \/ 5,0 Ah B1850A \u2013 spolehliv\u00fd v\u00fdkon pro n\u00e1ro\u010dn\u00e9 pou\u017eit\u00ed<\/H2> <P data-end=\"606\" data-start=\"92\">Baterie <STRONG data-end=\"120\" data-start=\"100\">ShineMate B1850A<\/STRONG> je vysoce v\u00fdkonn\u00e1 <STRONG data-end=\"166\" data-start=\"139\">lithium-iontov\u00e1 baterie<\/STRONG> s nap\u011bt\u00edm <STRONG data-end=\"185\" data-start=\"177\">18 V<\/STRONG> a kapacitou <STRONG data-end=\"208\" data-start=\"198\">5,0 Ah<\/STRONG>, kter\u00e1 poskytuje <STRONG data-end=\"243\" data-start=\"226\">dlouhou v\u00fddr\u017e<\/STRONG> a <STRONG data-end=\"280\" data-start=\"246\">maxim\u00e1ln\u00ed efektivitu p\u0159i pr\u00e1ci<\/STRONG>. Je ide\u00e1ln\u00ed pro pou\u017eit\u00ed s n\u00e1\u0159ad\u00edm ShineMate, kde je kladen d\u016fraz na <STRONG data-end=\"382\" data-start=\"349\">stabiln\u00ed v\u00fdkon a spolehlivost<\/STRONG>. D\u00edky vysok\u00e9 kapacit\u011b umo\u017e\u0148uje <STRONG data-end=\"459\" data-start=\"414\">del\u0161\u00ed pr\u00e1ci bez nutnosti \u010dast\u00e9ho nab\u00edjen\u00ed<\/STRONG> a zaji\u0161\u0165uje <STRONG data-end=\"516\" data-start=\"472\">konstantn\u00ed v\u00fdkon po celou dobu pou\u017e\u00edv\u00e1n\u00ed<\/STRONG>. Bezdr\u00e1tov\u00e9 proveden\u00ed nav\u00edc poskytuje <STRONG data-end=\"603\" data-start=\"555\">maxim\u00e1ln\u00ed volnost pohybu bez omezen\u00ed kabelem<\/STRONG>.<\/P> <H3 data-end=\"990\" data-start=\"608\">Hlavn\u00ed vlastnosti baterie ShineMate B1850A:<\/H3> <P data-end=\"990\" data-start=\"608\">\u2022 vysok\u00e1 <STRONG>kapacita 5,0 Ah<\/STRONG> pro del\u0161\u00ed pracovn\u00ed dobu bez nutnosti \u010dast\u00e9ho nab\u00edjen\u00ed<BR data-end=\"743\" data-start=\"740\" data-is-only-node=\"\">\u2022 v\u00fdkonn\u00e9 Li-Ion \u010dl\u00e1nky zaji\u0161\u0165uj\u00edc\u00ed <STRONG>stabiln\u00ed chod a dlouhou \u017eivotnost<BR data-end=\"819\" data-start=\"816\"><\/STRONG>\u2022 <STRONG>konstantn\u00ed v\u00fdkon<\/STRONG> bez poklesu b\u011bhem pou\u017e\u00edv\u00e1n\u00ed<BR data-end=\"872\" data-start=\"869\">\u2022 <STRONG>bezdr\u00e1tov\u00fd provoz<\/STRONG> pro maxim\u00e1ln\u00ed flexibilitu p\u0159i pr\u00e1ci<BR data-end=\"934\" data-start=\"931\">\u2022 vhodn\u00e1 pro profesion\u00e1ln\u00ed i n\u00e1ro\u010dn\u00e9 hobby pou\u017eit\u00ed<\/P> <H3 data-end=\"1235\" data-start=\"992\" data-is-only-node=\"\" data-is-last-node=\"\">V\u00fdhody lithium-iontov\u00e9 technologie:<\/H3> <P data-end=\"1235\" data-start=\"992\" data-is-only-node=\"\" data-is-last-node=\"\">\u2022 bez pam\u011b\u0165ov\u00e9ho efektu \u2013 lze dob\u00edjet kdykoliv bez ztr\u00e1ty kapacity<BR data-end=\"1107\" data-start=\"1104\" data-is-only-node=\"\">\u2022 n\u00edzk\u00e9 samovyb\u00edjen\u00ed \u2013 p\u0159ipravena k pou\u017eit\u00ed i po del\u0161\u00edm skladov\u00e1n\u00ed<BR data-end=\"1180\" data-start=\"1177\">\u2022 dlouh\u00e1 \u017eivotnost \u2013 vy\u0161\u0161\u00ed po\u010det nab\u00edjec\u00edch cykl\u016f<\/P>            <\/div>\n<div class=\"filters-tab-box__right\">\n<h2>Parametry<\/h2>\n<table>\n<tbody>\n<tr>\n<td>V&#253;robce                                            :                                        <\/td>\n<td>                                            ShineMate                                        <\/td>\n<\/tr>\n<\/tbody>\n<\/table><\/div>\n<\/p><\/div>\n","protected":false},"excerpt":{"rendered":"<p>Baterie ShineMate Li-Ion 18 V \/ 5,0 Ah B1850A \u2013 spolehliv\u00fd v\u00fdkon pro n\u00e1ro\u010dn\u00e9 pou\u017eit\u00ed Baterie ShineMate B1850A je vysoce v\u00fdkonn\u00e1 lithium-iontov\u00e1 baterie s nap\u011bt\u00edm 18 V a kapacitou 5,0 Ah, kter\u00e1 poskytuje dlouhou v\u00fddr\u017e a maxim\u00e1ln\u00ed efektivitu p\u0159i pr\u00e1ci. Je ide\u00e1ln\u00ed pro pou\u017eit\u00ed s n\u00e1\u0159ad\u00edm ShineMate, kde je kladen d\u016fraz na stabiln\u00ed v\u00fdkon a [&hellip;]<\/p>\n","protected":false},"featured_media":31996,"comment_status":"open","ping_status":"open","template":"","meta":[],"product_brand":[],"product_cat":[44],"product_tag":[],"class_list":{"0":"post-31896","1":"product","2":"type-product","3":"status-publish","4":"has-post-thumbnail","6":"product_cat-nejlepsi-prodejci","8":"first","9":"instock","10":"sale","11":"shipping-taxable","12":"purchasable","13":"product-type-simple"},"yoast_head":"<!-- This site is optimized with the Yoast SEO plugin v26.8 - https:\/\/yoast.com\/product\/yoast-seo-wordpress\/ -->\n<title>ShineMate Akumul\u00e1tor B1850A 18V Li-ion - 5.0Ah\/90Wh Fin\u00e1ln\u00ed V\u00fdprodej -<\/title>\n<meta name=\"robots\" content=\"index, follow, max-snippet:-1, max-image-preview:large, max-video-preview:-1\" \/>\n<link rel=\"canonical\" href=\"https:\/\/www.koupelnapro.com\/index.php\/produkt\/shinemate-akumulator-b1850a-18v-li-ion-5-0ah-90wh-finalni-vyprodej-31896\/\" \/>\n<meta property=\"og:locale\" content=\"cs_CZ\" \/>\n<meta property=\"og:type\" content=\"article\" \/>\n<meta property=\"og:title\" content=\"ShineMate Akumul\u00e1tor B1850A 18V Li-ion - 5.0Ah\/90Wh Fin\u00e1ln\u00ed V\u00fdprodej -\" \/>\n<meta property=\"og:description\" content=\"Baterie ShineMate Li-Ion 18 V \/ 5,0 Ah B1850A \u2013 spolehliv\u00fd v\u00fdkon pro n\u00e1ro\u010dn\u00e9 pou\u017eit\u00ed Baterie ShineMate B1850A je vysoce v\u00fdkonn\u00e1 lithium-iontov\u00e1 baterie s nap\u011bt\u00edm 18 V a kapacitou 5,0 Ah, kter\u00e1 poskytuje dlouhou v\u00fddr\u017e a maxim\u00e1ln\u00ed efektivitu p\u0159i pr\u00e1ci. Je ide\u00e1ln\u00ed pro pou\u017eit\u00ed s n\u00e1\u0159ad\u00edm ShineMate, kde je kladen d\u016fraz na stabiln\u00ed v\u00fdkon a [&hellip;]\" \/>\n<meta property=\"og:url\" content=\"https:\/\/www.koupelnapro.com\/index.php\/produkt\/shinemate-akumulator-b1850a-18v-li-ion-5-0ah-90wh-finalni-vyprodej-31896\/\" \/>\n<meta property=\"og:image\" content=\"https:\/\/www.koupelnapro.com\/wp-content\/uploads\/2026\/SK0002959-CZ20260425-092455-0-1777080297-image_of_object.webp\" \/>\n\t<meta property=\"og:image:width\" content=\"400\" \/>\n\t<meta property=\"og:image:height\" content=\"300\" \/>\n\t<meta property=\"og:image:type\" content=\"image\/webp\" \/>\n<meta name=\"twitter:card\" content=\"summary_large_image\" \/>\n<meta name=\"twitter:label1\" content=\"Odhadovan\u00e1 doba \u010dten\u00ed\" \/>\n\t<meta name=\"twitter:data1\" content=\"1 minuta\" \/>\n<script type=\"application\/ld+json\" class=\"yoast-schema-graph\">{\"@context\":\"https:\/\/schema.org\",\"@graph\":[{\"@type\":\"WebPage\",\"@id\":\"https:\/\/www.koupelnapro.com\/index.php\/produkt\/shinemate-akumulator-b1850a-18v-li-ion-5-0ah-90wh-finalni-vyprodej-31896\/\",\"url\":\"https:\/\/www.koupelnapro.com\/index.php\/produkt\/shinemate-akumulator-b1850a-18v-li-ion-5-0ah-90wh-finalni-vyprodej-31896\/\",\"name\":\"ShineMate Akumul\u00e1tor B1850A 18V Li-ion - 5.0Ah\/90Wh Fin\u00e1ln\u00ed V\u00fdprodej -\",\"isPartOf\":{\"@id\":\"https:\/\/www.koupelnapro.com\/#website\"},\"primaryImageOfPage\":{\"@id\":\"https:\/\/www.koupelnapro.com\/index.php\/produkt\/shinemate-akumulator-b1850a-18v-li-ion-5-0ah-90wh-finalni-vyprodej-31896\/#primaryimage\"},\"image\":{\"@id\":\"https:\/\/www.koupelnapro.com\/index.php\/produkt\/shinemate-akumulator-b1850a-18v-li-ion-5-0ah-90wh-finalni-vyprodej-31896\/#primaryimage\"},\"thumbnailUrl\":\"https:\/\/www.koupelnapro.com\/wp-content\/uploads\/2026\/SK0002959-CZ20260425-092455-0-1777080297-image_of_object.webp\",\"datePublished\":\"2026-04-26T09:15:17+00:00\",\"breadcrumb\":{\"@id\":\"https:\/\/www.koupelnapro.com\/index.php\/produkt\/shinemate-akumulator-b1850a-18v-li-ion-5-0ah-90wh-finalni-vyprodej-31896\/#breadcrumb\"},\"inLanguage\":\"cs\",\"potentialAction\":[{\"@type\":\"ReadAction\",\"target\":[\"https:\/\/www.koupelnapro.com\/index.php\/produkt\/shinemate-akumulator-b1850a-18v-li-ion-5-0ah-90wh-finalni-vyprodej-31896\/\"]}]},{\"@type\":\"ImageObject\",\"inLanguage\":\"cs\",\"@id\":\"https:\/\/www.koupelnapro.com\/index.php\/produkt\/shinemate-akumulator-b1850a-18v-li-ion-5-0ah-90wh-finalni-vyprodej-31896\/#primaryimage\",\"url\":\"https:\/\/www.koupelnapro.com\/wp-content\/uploads\/2026\/SK0002959-CZ20260425-092455-0-1777080297-image_of_object.webp\",\"contentUrl\":\"https:\/\/www.koupelnapro.com\/wp-content\/uploads\/2026\/SK0002959-CZ20260425-092455-0-1777080297-image_of_object.webp\",\"width\":400,\"height\":300},{\"@type\":\"BreadcrumbList\",\"@id\":\"https:\/\/www.koupelnapro.com\/index.php\/produkt\/shinemate-akumulator-b1850a-18v-li-ion-5-0ah-90wh-finalni-vyprodej-31896\/#breadcrumb\",\"itemListElement\":[{\"@type\":\"ListItem\",\"position\":1,\"name\":\"Home\",\"item\":\"https:\/\/www.koupelnapro.com\/\"},{\"@type\":\"ListItem\",\"position\":2,\"name\":\"Products\",\"item\":\"https:\/\/www.koupelnapro.com\/index.php\/products\/\"},{\"@type\":\"ListItem\",\"position\":3,\"name\":\"ShineMate Akumul\u00e1tor B1850A 18V Li-ion &#8211; 5.0Ah\/90Wh Fin\u00e1ln\u00ed V\u00fdprodej\"}]},{\"@type\":\"WebSite\",\"@id\":\"https:\/\/www.koupelnapro.com\/#website\",\"url\":\"https:\/\/www.koupelnapro.com\/\",\"name\":\"\",\"description\":\"\",\"potentialAction\":[{\"@type\":\"SearchAction\",\"target\":{\"@type\":\"EntryPoint\",\"urlTemplate\":\"https:\/\/www.koupelnapro.com\/?s={search_term_string}\"},\"query-input\":{\"@type\":\"PropertyValueSpecification\",\"valueRequired\":true,\"valueName\":\"search_term_string\"}}],\"inLanguage\":\"cs\"}]}<\/script>\n<!-- \/ Yoast SEO plugin. -->","yoast_head_json":{"title":"ShineMate Akumul\u00e1tor B1850A 18V Li-ion - 5.0Ah\/90Wh Fin\u00e1ln\u00ed V\u00fdprodej -","robots":{"index":"index","follow":"follow","max-snippet":"max-snippet:-1","max-image-preview":"max-image-preview:large","max-video-preview":"max-video-preview:-1"},"canonical":"https:\/\/www.koupelnapro.com\/index.php\/produkt\/shinemate-akumulator-b1850a-18v-li-ion-5-0ah-90wh-finalni-vyprodej-31896\/","og_locale":"cs_CZ","og_type":"article","og_title":"ShineMate Akumul\u00e1tor B1850A 18V Li-ion - 5.0Ah\/90Wh Fin\u00e1ln\u00ed V\u00fdprodej -","og_description":"Baterie ShineMate Li-Ion 18 V \/ 5,0 Ah B1850A \u2013 spolehliv\u00fd v\u00fdkon pro n\u00e1ro\u010dn\u00e9 pou\u017eit\u00ed Baterie ShineMate B1850A je vysoce v\u00fdkonn\u00e1 lithium-iontov\u00e1 baterie s nap\u011bt\u00edm 18 V a kapacitou 5,0 Ah, kter\u00e1 poskytuje dlouhou v\u00fddr\u017e a maxim\u00e1ln\u00ed efektivitu p\u0159i pr\u00e1ci. Je ide\u00e1ln\u00ed pro pou\u017eit\u00ed s n\u00e1\u0159ad\u00edm ShineMate, kde je kladen d\u016fraz na stabiln\u00ed v\u00fdkon a [&hellip;]","og_url":"https:\/\/www.koupelnapro.com\/index.php\/produkt\/shinemate-akumulator-b1850a-18v-li-ion-5-0ah-90wh-finalni-vyprodej-31896\/","og_image":[{"width":400,"height":300,"url":"https:\/\/www.koupelnapro.com\/wp-content\/uploads\/2026\/SK0002959-CZ20260425-092455-0-1777080297-image_of_object.webp","type":"image\/webp"}],"twitter_card":"summary_large_image","twitter_misc":{"Odhadovan\u00e1 doba \u010dten\u00ed":"1 minuta"},"schema":{"@context":"https:\/\/schema.org","@graph":[{"@type":"WebPage","@id":"https:\/\/www.koupelnapro.com\/index.php\/produkt\/shinemate-akumulator-b1850a-18v-li-ion-5-0ah-90wh-finalni-vyprodej-31896\/","url":"https:\/\/www.koupelnapro.com\/index.php\/produkt\/shinemate-akumulator-b1850a-18v-li-ion-5-0ah-90wh-finalni-vyprodej-31896\/","name":"ShineMate Akumul\u00e1tor B1850A 18V Li-ion - 5.0Ah\/90Wh Fin\u00e1ln\u00ed V\u00fdprodej -","isPartOf":{"@id":"https:\/\/www.koupelnapro.com\/#website"},"primaryImageOfPage":{"@id":"https:\/\/www.koupelnapro.com\/index.php\/produkt\/shinemate-akumulator-b1850a-18v-li-ion-5-0ah-90wh-finalni-vyprodej-31896\/#primaryimage"},"image":{"@id":"https:\/\/www.koupelnapro.com\/index.php\/produkt\/shinemate-akumulator-b1850a-18v-li-ion-5-0ah-90wh-finalni-vyprodej-31896\/#primaryimage"},"thumbnailUrl":"https:\/\/www.koupelnapro.com\/wp-content\/uploads\/2026\/SK0002959-CZ20260425-092455-0-1777080297-image_of_object.webp","datePublished":"2026-04-26T09:15:17+00:00","breadcrumb":{"@id":"https:\/\/www.koupelnapro.com\/index.php\/produkt\/shinemate-akumulator-b1850a-18v-li-ion-5-0ah-90wh-finalni-vyprodej-31896\/#breadcrumb"},"inLanguage":"cs","potentialAction":[{"@type":"ReadAction","target":["https:\/\/www.koupelnapro.com\/index.php\/produkt\/shinemate-akumulator-b1850a-18v-li-ion-5-0ah-90wh-finalni-vyprodej-31896\/"]}]},{"@type":"ImageObject","inLanguage":"cs","@id":"https:\/\/www.koupelnapro.com\/index.php\/produkt\/shinemate-akumulator-b1850a-18v-li-ion-5-0ah-90wh-finalni-vyprodej-31896\/#primaryimage","url":"https:\/\/www.koupelnapro.com\/wp-content\/uploads\/2026\/SK0002959-CZ20260425-092455-0-1777080297-image_of_object.webp","contentUrl":"https:\/\/www.koupelnapro.com\/wp-content\/uploads\/2026\/SK0002959-CZ20260425-092455-0-1777080297-image_of_object.webp","width":400,"height":300},{"@type":"BreadcrumbList","@id":"https:\/\/www.koupelnapro.com\/index.php\/produkt\/shinemate-akumulator-b1850a-18v-li-ion-5-0ah-90wh-finalni-vyprodej-31896\/#breadcrumb","itemListElement":[{"@type":"ListItem","position":1,"name":"Home","item":"https:\/\/www.koupelnapro.com\/"},{"@type":"ListItem","position":2,"name":"Products","item":"https:\/\/www.koupelnapro.com\/index.php\/products\/"},{"@type":"ListItem","position":3,"name":"ShineMate Akumul\u00e1tor B1850A 18V Li-ion &#8211; 5.0Ah\/90Wh Fin\u00e1ln\u00ed V\u00fdprodej"}]},{"@type":"WebSite","@id":"https:\/\/www.koupelnapro.com\/#website","url":"https:\/\/www.koupelnapro.com\/","name":"","description":"","potentialAction":[{"@type":"SearchAction","target":{"@type":"EntryPoint","urlTemplate":"https:\/\/www.koupelnapro.com\/?s={search_term_string}"},"query-input":{"@type":"PropertyValueSpecification","valueRequired":true,"valueName":"search_term_string"}}],"inLanguage":"cs"}]}},"_links":{"self":[{"href":"https:\/\/www.koupelnapro.com\/index.php\/wp-json\/wp\/v2\/product\/31896","targetHints":{"allow":["GET"]}}],"collection":[{"href":"https:\/\/www.koupelnapro.com\/index.php\/wp-json\/wp\/v2\/product"}],"about":[{"href":"https:\/\/www.koupelnapro.com\/index.php\/wp-json\/wp\/v2\/types\/product"}],"replies":[{"embeddable":true,"href":"https:\/\/www.koupelnapro.com\/index.php\/wp-json\/wp\/v2\/comments?post=31896"}],"wp:featuredmedia":[{"embeddable":true,"href":"https:\/\/www.koupelnapro.com\/index.php\/wp-json\/wp\/v2\/media\/31996"}],"wp:attachment":[{"href":"https:\/\/www.koupelnapro.com\/index.php\/wp-json\/wp\/v2\/media?parent=31896"}],"wp:term":[{"taxonomy":"product_brand","embeddable":true,"href":"https:\/\/www.koupelnapro.com\/index.php\/wp-json\/wp\/v2\/product_brand?post=31896"},{"taxonomy":"product_cat","embeddable":true,"href":"https:\/\/www.koupelnapro.com\/index.php\/wp-json\/wp\/v2\/product_cat?post=31896"},{"taxonomy":"product_tag","embeddable":true,"href":"https:\/\/www.koupelnapro.com\/index.php\/wp-json\/wp\/v2\/product_tag?post=31896"}],"curies":[{"name":"wp","href":"https:\/\/api.w.org\/{rel}","templated":true}]}}