{"id":31733,"date":"2026-04-26T09:15:16","date_gmt":"2026-04-26T09:15:16","guid":{"rendered":""},"modified":"2026-04-26T09:15:16","modified_gmt":"2026-04-26T09:15:16","slug":"znackovy-remmers-uv-lazura-bezbarva-uv-750-ml-31733","status":"publish","type":"product","link":"https:\/\/www.koupelnapro.com\/index.php\/produkt\/znackovy-remmers-uv-lazura-bezbarva-uv-750-ml-31733\/","title":{"rendered":"Zna\u010dkov\u00fd Remmers UV+ lazura BEZBARV\u00c1 UV+ 750 ml"},"content":{"rendered":"<div class=\"filters-tab-box__left\">\n<h2> Remmers UV+ Lazura <\/h2>\n<p> Remmers UV+ Lazura je dekorativn\u00ed <b>st\u0159edn\u011bvrstv\u00e1 lazura s vysokou odolnost\u00ed v\u016f\u010di UV z\u00e1\u0159en\u00ed.<\/b> N\u00e1t\u011br chr\u00e1n\u00ed d\u0159evo p\u0159ed pov\u011btrnostn\u00edmi vlivy. Poskytuje <b>vysokou ochranu p\u0159ed zm\u011bnou barvy i u sv\u011btl\u00e9ho d\u0159eva.<\/b> Lazura nelep\u00ed, neskapav\u00e1 a m\u00e1 dobr\u00fd rozliv. Je p\u0159ipravena k p\u0159\u00edm\u00e9mu pou\u017eit\u00ed, d\u00e1le se <b>ne\u0159ed\u00ed.<\/b> <\/p>\n<p><h3>Kl\u00ed\u010dov\u00e9 vlastnosti<\/h3>\n<ul class=\"vlastnosti\">\n<li>Lazura na b\u00e1zi rozpou\u0161t\u011bdel<\/li>\n<li>Vysok\u00e1 odolnost<b> v\u016f\u010di UV z\u00e1\u0159en\u00ed<\/b> (plat\u00ed i u bezbarv\u00e9)<\/li>\n<li>Nelep\u00ed a nest\u00e9k\u00e1<\/li>\n<li>Vhodn\u00e9 pro pou\u017eit\u00ed v<b>\u00a0exteri\u00e9ru<\/b><\/li>\n<li>Ochrana p\u0159ed <b>pov\u011btrnostn\u00edmi vlivy<\/b><\/li>\n<li>Nen\u00ed vhodn\u00e9 <b>na pochoz\u00ed \u010d\u00e1sti<\/b><\/li>\n<li>Neobsahuje <b>biocidy ani kobalt<\/b><\/li>\n<li>M\u00e1 dobr\u00fd rozliv a je<b> prody\u0161n\u00e1<\/b><\/li>\n<\/ul>\n<h3>Pou\u017eit\u00ed<\/h3>\n<ul class=\"pouziti\">\n<li>Povrch zbavte ne\u010distot, mastnot a osu\u0161te jej <\/li>\n<li>Otev\u0159en\u00e1 m\u00edsta s\u00a0prysky\u0159ic\u00ed odstra\u0148te a vy\u010dist\u011bte<\/li>\n<li>Hladk\u00e9, ohoblovan\u00e9 d\u0159evo obruste a zbavte prachu <\/li>\n<li>Aplika\u010dn\u00ed teplota<b> 5 &#8211; 30 \u00b0C<\/b><\/li>\n<li>Lazuru d\u016fkladn\u011b prom\u00edchejte<\/li>\n<li>Nan\u00e1\u0161ejte lazurovac\u00edm \u0161t\u011btcem<b> ve sm\u011bru vl\u00e1ken<\/b><\/li>\n<li>Je doporu\u010deno aplikovat <b>2 vrstvy<\/b><\/li>\n<li>Mezi jednotliv\u00fdmi vrstvami po\u010dkejte 12 hodin<\/li>\n<li>Doba schnut\u00ed p\u0159ibli\u017en\u011b 12 hodin p\u0159i 20\u00b0C <\/li>\n<li> Doba schnut\u00ed z\u00e1vis\u00ed na okoln\u00ed teplot\u011b, vlhkosti vzduchu a tak\u00e9 na tlou\u0161\u0165ce aplikovan\u00e9 vrstvy<\/li>\n<li>Teoretick\u00e1 vydatnost: 10-14 m2\/l<\/li>\n<\/ul>\n<h3>Doporu\u010den\u00e9 podklady<\/h3>\n<ul class=\"podklady\">\n<li>D\u0159evo v exteri\u00e9ru (nap\u0159. okna, dve\u0159e, ploty, p\u0159\u00edst\u0159e\u0161ky pro auta, d\u0159ev\u011bn\u00e9 oblo\u017een\u00ed, okenice, obklady, zahradn\u00ed domky)<\/li>\n<\/ul><\/div>\n<div class=\"filters-tab-box__right\">\n<h2>Parametry<\/h2>\n<table>\n<tbody>\n<tr>\n<td>Barva (n&#225;zev)                                            :                                        <\/td>\n<td>                                            BEZBARV&#193; UV+                                        <\/td>\n<\/tr>\n<tr>\n<td>Barva (kod)                                            :                                        <\/td>\n<td>                                            2240                                        <\/td>\n<\/tr>\n<tr>\n<td>V&#253;robce                                            :                                        <\/td>\n<td>                                            Remmers                                        <\/td>\n<\/tr>\n<tr>\n<td>Vydatnost                                            :                                        <\/td>\n<td>                                            10-16 m2\/l                                        <\/td>\n<\/tr>\n<tr>\n<td>Balen&#237;                                            :                                        <\/td>\n<td>                                            750 ml                                        <\/td>\n<\/tr>\n<tr>\n<td>Objem                                            :                                        <\/td>\n<td>750 ml                                        <\/td>\n<\/tr>\n<\/tbody>\n<\/table><\/div>\n<\/p><\/div>\n","protected":false},"excerpt":{"rendered":"<p>Remmers UV+ Lazura Remmers UV+ Lazura je dekorativn\u00ed st\u0159edn\u011bvrstv\u00e1 lazura s vysokou odolnost\u00ed v\u016f\u010di UV z\u00e1\u0159en\u00ed. N\u00e1t\u011br chr\u00e1n\u00ed d\u0159evo p\u0159ed pov\u011btrnostn\u00edmi vlivy. Poskytuje vysokou ochranu p\u0159ed zm\u011bnou barvy i u sv\u011btl\u00e9ho d\u0159eva. Lazura nelep\u00ed, neskapav\u00e1 a m\u00e1 dobr\u00fd rozliv. Je p\u0159ipravena k p\u0159\u00edm\u00e9mu pou\u017eit\u00ed, d\u00e1le se ne\u0159ed\u00ed. Kl\u00ed\u010dov\u00e9 vlastnosti Lazura na b\u00e1zi rozpou\u0161t\u011bdel Vysok\u00e1 odolnost [&hellip;]<\/p>\n","protected":false},"featured_media":31833,"comment_status":"open","ping_status":"open","template":"","meta":[],"product_brand":[],"product_cat":[113],"product_tag":[],"class_list":{"0":"post-31733","1":"product","2":"type-product","3":"status-publish","4":"has-post-thumbnail","6":"product_cat-barvy-a-laky","8":"first","9":"instock","10":"sale","11":"shipping-taxable","12":"purchasable","13":"product-type-simple"},"yoast_head":"<!-- This site is optimized with the Yoast SEO plugin v26.8 - https:\/\/yoast.com\/product\/yoast-seo-wordpress\/ -->\n<title>Zna\u010dkov\u00fd Remmers UV+ lazura BEZBARV\u00c1 UV+ 750 ml -<\/title>\n<meta name=\"robots\" content=\"index, follow, max-snippet:-1, max-image-preview:large, max-video-preview:-1\" \/>\n<link rel=\"canonical\" href=\"https:\/\/www.koupelnapro.com\/index.php\/produkt\/znackovy-remmers-uv-lazura-bezbarva-uv-750-ml-31733\/\" \/>\n<meta property=\"og:locale\" content=\"cs_CZ\" \/>\n<meta property=\"og:type\" content=\"article\" \/>\n<meta property=\"og:title\" content=\"Zna\u010dkov\u00fd Remmers UV+ lazura BEZBARV\u00c1 UV+ 750 ml -\" \/>\n<meta property=\"og:description\" content=\"Remmers UV+ Lazura Remmers UV+ Lazura je dekorativn\u00ed st\u0159edn\u011bvrstv\u00e1 lazura s vysokou odolnost\u00ed v\u016f\u010di UV z\u00e1\u0159en\u00ed. N\u00e1t\u011br chr\u00e1n\u00ed d\u0159evo p\u0159ed pov\u011btrnostn\u00edmi vlivy. Poskytuje vysokou ochranu p\u0159ed zm\u011bnou barvy i u sv\u011btl\u00e9ho d\u0159eva. Lazura nelep\u00ed, neskapav\u00e1 a m\u00e1 dobr\u00fd rozliv. Je p\u0159ipravena k p\u0159\u00edm\u00e9mu pou\u017eit\u00ed, d\u00e1le se ne\u0159ed\u00ed. Kl\u00ed\u010dov\u00e9 vlastnosti Lazura na b\u00e1zi rozpou\u0161t\u011bdel Vysok\u00e1 odolnost [&hellip;]\" \/>\n<meta property=\"og:url\" content=\"https:\/\/www.koupelnapro.com\/index.php\/produkt\/znackovy-remmers-uv-lazura-bezbarva-uv-750-ml-31733\/\" \/>\n<meta property=\"og:image\" content=\"https:\/\/www.koupelnapro.com\/wp-content\/uploads\/2026\/SK0002896-CZ20260425-092455-0-1777080297-image_of_object.webp\" \/>\n\t<meta property=\"og:image:width\" content=\"400\" \/>\n\t<meta property=\"og:image:height\" content=\"300\" \/>\n\t<meta property=\"og:image:type\" content=\"image\/webp\" \/>\n<meta name=\"twitter:card\" content=\"summary_large_image\" \/>\n<meta name=\"twitter:label1\" content=\"Odhadovan\u00e1 doba \u010dten\u00ed\" \/>\n\t<meta name=\"twitter:data1\" content=\"1 minuta\" \/>\n<script type=\"application\/ld+json\" class=\"yoast-schema-graph\">{\"@context\":\"https:\/\/schema.org\",\"@graph\":[{\"@type\":\"WebPage\",\"@id\":\"https:\/\/www.koupelnapro.com\/index.php\/produkt\/znackovy-remmers-uv-lazura-bezbarva-uv-750-ml-31733\/\",\"url\":\"https:\/\/www.koupelnapro.com\/index.php\/produkt\/znackovy-remmers-uv-lazura-bezbarva-uv-750-ml-31733\/\",\"name\":\"Zna\u010dkov\u00fd Remmers UV+ lazura BEZBARV\u00c1 UV+ 750 ml -\",\"isPartOf\":{\"@id\":\"https:\/\/www.koupelnapro.com\/#website\"},\"primaryImageOfPage\":{\"@id\":\"https:\/\/www.koupelnapro.com\/index.php\/produkt\/znackovy-remmers-uv-lazura-bezbarva-uv-750-ml-31733\/#primaryimage\"},\"image\":{\"@id\":\"https:\/\/www.koupelnapro.com\/index.php\/produkt\/znackovy-remmers-uv-lazura-bezbarva-uv-750-ml-31733\/#primaryimage\"},\"thumbnailUrl\":\"https:\/\/www.koupelnapro.com\/wp-content\/uploads\/2026\/SK0002896-CZ20260425-092455-0-1777080297-image_of_object.webp\",\"datePublished\":\"2026-04-26T09:15:16+00:00\",\"breadcrumb\":{\"@id\":\"https:\/\/www.koupelnapro.com\/index.php\/produkt\/znackovy-remmers-uv-lazura-bezbarva-uv-750-ml-31733\/#breadcrumb\"},\"inLanguage\":\"cs\",\"potentialAction\":[{\"@type\":\"ReadAction\",\"target\":[\"https:\/\/www.koupelnapro.com\/index.php\/produkt\/znackovy-remmers-uv-lazura-bezbarva-uv-750-ml-31733\/\"]}]},{\"@type\":\"ImageObject\",\"inLanguage\":\"cs\",\"@id\":\"https:\/\/www.koupelnapro.com\/index.php\/produkt\/znackovy-remmers-uv-lazura-bezbarva-uv-750-ml-31733\/#primaryimage\",\"url\":\"https:\/\/www.koupelnapro.com\/wp-content\/uploads\/2026\/SK0002896-CZ20260425-092455-0-1777080297-image_of_object.webp\",\"contentUrl\":\"https:\/\/www.koupelnapro.com\/wp-content\/uploads\/2026\/SK0002896-CZ20260425-092455-0-1777080297-image_of_object.webp\",\"width\":400,\"height\":300},{\"@type\":\"BreadcrumbList\",\"@id\":\"https:\/\/www.koupelnapro.com\/index.php\/produkt\/znackovy-remmers-uv-lazura-bezbarva-uv-750-ml-31733\/#breadcrumb\",\"itemListElement\":[{\"@type\":\"ListItem\",\"position\":1,\"name\":\"Home\",\"item\":\"https:\/\/www.koupelnapro.com\/\"},{\"@type\":\"ListItem\",\"position\":2,\"name\":\"Products\",\"item\":\"https:\/\/www.koupelnapro.com\/index.php\/products\/\"},{\"@type\":\"ListItem\",\"position\":3,\"name\":\"Zna\u010dkov\u00fd Remmers UV+ lazura BEZBARV\u00c1 UV+ 750 ml\"}]},{\"@type\":\"WebSite\",\"@id\":\"https:\/\/www.koupelnapro.com\/#website\",\"url\":\"https:\/\/www.koupelnapro.com\/\",\"name\":\"\",\"description\":\"\",\"potentialAction\":[{\"@type\":\"SearchAction\",\"target\":{\"@type\":\"EntryPoint\",\"urlTemplate\":\"https:\/\/www.koupelnapro.com\/?s={search_term_string}\"},\"query-input\":{\"@type\":\"PropertyValueSpecification\",\"valueRequired\":true,\"valueName\":\"search_term_string\"}}],\"inLanguage\":\"cs\"}]}<\/script>\n<!-- \/ Yoast SEO plugin. -->","yoast_head_json":{"title":"Zna\u010dkov\u00fd Remmers UV+ lazura BEZBARV\u00c1 UV+ 750 ml -","robots":{"index":"index","follow":"follow","max-snippet":"max-snippet:-1","max-image-preview":"max-image-preview:large","max-video-preview":"max-video-preview:-1"},"canonical":"https:\/\/www.koupelnapro.com\/index.php\/produkt\/znackovy-remmers-uv-lazura-bezbarva-uv-750-ml-31733\/","og_locale":"cs_CZ","og_type":"article","og_title":"Zna\u010dkov\u00fd Remmers UV+ lazura BEZBARV\u00c1 UV+ 750 ml -","og_description":"Remmers UV+ Lazura Remmers UV+ Lazura je dekorativn\u00ed st\u0159edn\u011bvrstv\u00e1 lazura s vysokou odolnost\u00ed v\u016f\u010di UV z\u00e1\u0159en\u00ed. N\u00e1t\u011br chr\u00e1n\u00ed d\u0159evo p\u0159ed pov\u011btrnostn\u00edmi vlivy. Poskytuje vysokou ochranu p\u0159ed zm\u011bnou barvy i u sv\u011btl\u00e9ho d\u0159eva. Lazura nelep\u00ed, neskapav\u00e1 a m\u00e1 dobr\u00fd rozliv. Je p\u0159ipravena k p\u0159\u00edm\u00e9mu pou\u017eit\u00ed, d\u00e1le se ne\u0159ed\u00ed. Kl\u00ed\u010dov\u00e9 vlastnosti Lazura na b\u00e1zi rozpou\u0161t\u011bdel Vysok\u00e1 odolnost [&hellip;]","og_url":"https:\/\/www.koupelnapro.com\/index.php\/produkt\/znackovy-remmers-uv-lazura-bezbarva-uv-750-ml-31733\/","og_image":[{"width":400,"height":300,"url":"https:\/\/www.koupelnapro.com\/wp-content\/uploads\/2026\/SK0002896-CZ20260425-092455-0-1777080297-image_of_object.webp","type":"image\/webp"}],"twitter_card":"summary_large_image","twitter_misc":{"Odhadovan\u00e1 doba \u010dten\u00ed":"1 minuta"},"schema":{"@context":"https:\/\/schema.org","@graph":[{"@type":"WebPage","@id":"https:\/\/www.koupelnapro.com\/index.php\/produkt\/znackovy-remmers-uv-lazura-bezbarva-uv-750-ml-31733\/","url":"https:\/\/www.koupelnapro.com\/index.php\/produkt\/znackovy-remmers-uv-lazura-bezbarva-uv-750-ml-31733\/","name":"Zna\u010dkov\u00fd Remmers UV+ lazura BEZBARV\u00c1 UV+ 750 ml -","isPartOf":{"@id":"https:\/\/www.koupelnapro.com\/#website"},"primaryImageOfPage":{"@id":"https:\/\/www.koupelnapro.com\/index.php\/produkt\/znackovy-remmers-uv-lazura-bezbarva-uv-750-ml-31733\/#primaryimage"},"image":{"@id":"https:\/\/www.koupelnapro.com\/index.php\/produkt\/znackovy-remmers-uv-lazura-bezbarva-uv-750-ml-31733\/#primaryimage"},"thumbnailUrl":"https:\/\/www.koupelnapro.com\/wp-content\/uploads\/2026\/SK0002896-CZ20260425-092455-0-1777080297-image_of_object.webp","datePublished":"2026-04-26T09:15:16+00:00","breadcrumb":{"@id":"https:\/\/www.koupelnapro.com\/index.php\/produkt\/znackovy-remmers-uv-lazura-bezbarva-uv-750-ml-31733\/#breadcrumb"},"inLanguage":"cs","potentialAction":[{"@type":"ReadAction","target":["https:\/\/www.koupelnapro.com\/index.php\/produkt\/znackovy-remmers-uv-lazura-bezbarva-uv-750-ml-31733\/"]}]},{"@type":"ImageObject","inLanguage":"cs","@id":"https:\/\/www.koupelnapro.com\/index.php\/produkt\/znackovy-remmers-uv-lazura-bezbarva-uv-750-ml-31733\/#primaryimage","url":"https:\/\/www.koupelnapro.com\/wp-content\/uploads\/2026\/SK0002896-CZ20260425-092455-0-1777080297-image_of_object.webp","contentUrl":"https:\/\/www.koupelnapro.com\/wp-content\/uploads\/2026\/SK0002896-CZ20260425-092455-0-1777080297-image_of_object.webp","width":400,"height":300},{"@type":"BreadcrumbList","@id":"https:\/\/www.koupelnapro.com\/index.php\/produkt\/znackovy-remmers-uv-lazura-bezbarva-uv-750-ml-31733\/#breadcrumb","itemListElement":[{"@type":"ListItem","position":1,"name":"Home","item":"https:\/\/www.koupelnapro.com\/"},{"@type":"ListItem","position":2,"name":"Products","item":"https:\/\/www.koupelnapro.com\/index.php\/products\/"},{"@type":"ListItem","position":3,"name":"Zna\u010dkov\u00fd Remmers UV+ lazura BEZBARV\u00c1 UV+ 750 ml"}]},{"@type":"WebSite","@id":"https:\/\/www.koupelnapro.com\/#website","url":"https:\/\/www.koupelnapro.com\/","name":"","description":"","potentialAction":[{"@type":"SearchAction","target":{"@type":"EntryPoint","urlTemplate":"https:\/\/www.koupelnapro.com\/?s={search_term_string}"},"query-input":{"@type":"PropertyValueSpecification","valueRequired":true,"valueName":"search_term_string"}}],"inLanguage":"cs"}]}},"_links":{"self":[{"href":"https:\/\/www.koupelnapro.com\/index.php\/wp-json\/wp\/v2\/product\/31733","targetHints":{"allow":["GET"]}}],"collection":[{"href":"https:\/\/www.koupelnapro.com\/index.php\/wp-json\/wp\/v2\/product"}],"about":[{"href":"https:\/\/www.koupelnapro.com\/index.php\/wp-json\/wp\/v2\/types\/product"}],"replies":[{"embeddable":true,"href":"https:\/\/www.koupelnapro.com\/index.php\/wp-json\/wp\/v2\/comments?post=31733"}],"wp:featuredmedia":[{"embeddable":true,"href":"https:\/\/www.koupelnapro.com\/index.php\/wp-json\/wp\/v2\/media\/31833"}],"wp:attachment":[{"href":"https:\/\/www.koupelnapro.com\/index.php\/wp-json\/wp\/v2\/media?parent=31733"}],"wp:term":[{"taxonomy":"product_brand","embeddable":true,"href":"https:\/\/www.koupelnapro.com\/index.php\/wp-json\/wp\/v2\/product_brand?post=31733"},{"taxonomy":"product_cat","embeddable":true,"href":"https:\/\/www.koupelnapro.com\/index.php\/wp-json\/wp\/v2\/product_cat?post=31733"},{"taxonomy":"product_tag","embeddable":true,"href":"https:\/\/www.koupelnapro.com\/index.php\/wp-json\/wp\/v2\/product_tag?post=31733"}],"curies":[{"name":"wp","href":"https:\/\/api.w.org\/{rel}","templated":true}]}}