{"id":2977,"date":"2026-04-26T09:13:08","date_gmt":"2026-04-26T09:13:08","guid":{"rendered":""},"modified":"2026-04-26T09:13:08","modified_gmt":"2026-04-26T09:13:08","slug":"tovarni-cena-vents-125-matl-ventilator-kulickova-loziska-zaluzie-dobeh-125mm-1009214-2977","status":"publish","type":"product","link":"https:\/\/www.koupelnapro.com\/index.php\/produkt\/tovarni-cena-vents-125-matl-ventilator-kulickova-loziska-zaluzie-dobeh-125mm-1009214-2977\/","title":{"rendered":"Tov\u00e1rn\u00ed Cena VENTS 125 MATL ventil\u00e1tor &#8211; kuli\u010dkov\u00e1 lo\u017eiska, \u017ealuzie, dob\u011bh 125mm \/1009214\/"},"content":{"rendered":"<div id=\"e9126449\" class=\"pages\">\n<div id=\"PDDescription\" class=\"UserContentView userContent v1a v1 bs-view dcon dc150 PDDescription\" >\n<h2 style=\"font: 12px\/18px 'Helvetica Neue', Helvetica, Arial, sans-serif; margin: 0px 0px 12px; color: #555555; text-transform: none; text-indent: 0px; letter-spacing: normal; word-spacing: 0px; white-space: normal; background-color: #ffffff; -webkit-text-stroke-width: 0px;\"><strong><span style=\"color: #008080; font-size: 18px;\"><strong><span style=\"color: #008080; font-size: 18px;\">VENTS 125 MATL ventil\u00e1tor &#8211; kuli\u010dkov\u00e1 lo\u017eiska, \u017ealuzie, dob\u011bh 125mm \/1009214\/<\/span><\/strong><\/span><\/strong><\/h2>\n<p>\u00a0<\/p>\n<p><span style=\"font-size: 18px;\"><\/span><\/p>\n<p style=\"font: 12px\/18px 'Helvetica Neue', Helvetica, Arial, sans-serif; margin: 0px 0px 12px; color: #555555; text-transform: none; text-indent: 0px; letter-spacing: normal; word-spacing: 0px; white-space: normal; background-color: #ffffff; -webkit-text-stroke-width: 0px;\"><strong style=\"font-weight: bold;\"><span style=\"font-size: small;\">Axi\u00e1ln\u00ed ventil\u00e1tory \u0159ady VENTS MA s automatickou \u017ealuzi\u00ed<\/span><\/strong><\/p>\n<ul style=\"font: 12px\/24px 'Helvetica Neue', Helvetica, Arial, sans-serif; margin: 0px 0px 12px 25px; padding: 0px; color: #555555; text-transform: none; text-indent: 0px; letter-spacing: normal; word-spacing: 0px; white-space: normal; background-color: #ffffff; -webkit-text-stroke-width: 0px;\">\n<li style=\"line-height: 24px;\">Axi\u00e1ln\u00ed ventil\u00e1tory do koupelen s automatickou \u017ealuzi\u00ed jsou ur\u010deny k ods\u00e1v\u00e1n\u00ed vzduchu z bytov\u00fdch a nebytov\u00fdch prostor, jako jsou kuchyn\u011b, koupelny, toalety, kancel\u00e1\u0159e, prodejny apod.<\/li>\n<li style=\"line-height: 24px;\">Vzhledem ke sv\u00fdm technick\u00fdm parametr\u016fm jsou ventil\u00e1tory do koupelen p\u0159edur\u010deny k pou\u017eit\u00ed pro krat\u0161\u00ed ventila\u010dn\u00ed potrub\u00ed s n\u00edzkou tlakovou ztr\u00e1tou, p\u0159\u00edpadn\u011b k ods\u00e1v\u00e1n\u00ed p\u0159\u00edmo p\u0159es st\u011bnu<\/li>\n<li style=\"line-height: 24px;\">Ventil\u00e1tory do bytu s automatickou \u017ealuzi\u00ed jsou vybaveny motorem s kluzn\u00fdm ulo\u017een\u00edm rotoru (mohou b\u00fdt dod\u00e1ny s motorem s kuli\u010dkov\u00fdm lo\u017eiskem)<\/li>\n<li style=\"line-height: 24px;\">Ventil\u00e1tory do domu s automatickou \u017ealuzi\u00ed jsou ur\u010deny pro mont\u00e1\u017e na st\u011bnu nebo do stropu, ale p\u0159i mont\u00e1\u017ei do stropu (vertik\u00e1ln\u011b) se doporu\u010duje pou\u017eit\u00ed ventil\u00e1toru s motorem s kuli\u010dkov\u00fdmi lo\u017eisky, pokud bude ventil\u00e1tor vyu\u017e\u00edv\u00e1n k nep\u0159etr\u017eit\u00e9mu chodu.<\/li>\n<li style=\"line-height: 24px;\">Ventil\u00e1tory do bytu jsou kompatibiln\u00ed se vzduchovody shodn\u00e9ho pr\u016fm\u011bru. T\u011bla ventil\u00e1tor\u016f jsou vyrobena z hmoty ABS<\/li>\n<li style=\"line-height: 24px;\"><strong style=\"font-weight: bold;\">Pou\u017eit\u00ed:<\/strong><br \/>St\u00e1l\u00e9 nebo pravideln\u00e9 ods\u00e1v\u00e1n\u00ed z koupelen, sprchov\u00fdch kout\u016f, kuchyn\u00ed a dal\u0161\u00edch obytn\u00fdch prostor.<br \/>Ventil\u00e1tor lze namontovat nebo p\u0159ipojit p\u0159\u00edmo k potrub\u00ed.<br \/>Ur\u010deno pro n\u00edzk\u00e9 a\u017e st\u0159edn\u00ed proud\u011bn\u00ed vzduchu na kr\u00e1tkou vzd\u00e1lenost p\u0159i n\u00edzk\u00e9m odporu vzduchu.<br \/>Kompatibiln\u00ed se vzduchov\u00fdm potrub\u00edm s pr\u016fm\u011brem 100, 125 a 150mm<\/li>\n<li style=\"line-height: 24px;\"><strong style=\"font-weight: bold;\">Design:<\/strong><br \/>Modern\u00ed design a estetick\u00fd vzhled.<br \/>Kryt a vrtule jsou vyrobeny z vysoce kvalitn\u00edho ABS plastu, kter\u00fd je odoln\u00fd proti UV paprsk\u016fm.<br \/>Rozumn\u00fd design zaji\u0161\u0165uje ventil\u00e1toru vysokou \u00fa\u010dinnost a dlouhou \u017eivotnost.<br \/>Ventil\u00e1tor je vybaven tepeln\u00fdm pohonem, kter\u00fd zaji\u0161\u0165uje snadn\u00e9 otev\u00edr\u00e1n\u00ed a zav\u00edr\u00e1n\u00ed \u017ealuzie.<\/li>\n<li style=\"line-height: 24px;\"><strong style=\"font-weight: bold;\">Motor:<\/strong><br \/>Spolehliv\u00fd a n\u00edzko spot\u0159ebn\u00ed elektrick\u00fd motor.<br \/>Navr\u017een pro nep\u0159etr\u017eit\u00fd provoz a nepot\u0159ebuje \u017e\u00e1dnou \u00fadr\u017ebu.<br \/>Vybaven ochranou proti p\u0159eh\u0159\u00e1t\u00ed.<\/li>\n<li style=\"line-height: 24px;\"><strong style=\"font-weight: bold;\">P\u0159\u00edslu\u0161enstv\u00ed<\/strong><span class=\"Apple-converted-space\">\u00a0<\/span>&#8211; upev\u0148ovac\u00ed prvky:<br \/>Ventil\u00e1tor se namontuje do potrub\u00ed odpov\u00eddaj\u00edc\u00ed velikosti. V p\u0159\u00edpad\u011b mont\u00e1\u017ee do ohebn\u00e9ho potrub\u00ed se ventil\u00e1tor p\u0159ipevn\u00ed pomoc\u00ed svorek.<br \/>Potrub\u00ed se doporu\u010duje d\u00e1vat v p\u0159\u00edpad\u011b, \u017ee v\u011btrac\u00ed \u0161achta je vzd\u00e1lena od ventil\u00e1toru.<br \/>Upevn\u011bn\u00ed ventil\u00e1toru na ze\u010f pomoc\u00ed z\u00e1vito\u0159ezn\u00fdch \u0161roub\u016f.<br \/>Modely s kuli\u010dkov\u00fdmi lo\u017eisky vhodn\u00e9 pro mont\u00e1\u017e na strop.<br \/>P\u0159\u00edrubu o d\u00e9lce 92mm lze snadno namontovat do betonov\u00fdch st\u011bn palubkov\u00fdch podlah a\u017e do 100mm.<br \/>12V motor ventil\u00e1toru lze p\u0159ipojit k elektrick\u00e9 s\u00edti 220V\/50Hz pomoc\u00ed<span class=\"Apple-converted-space\">\u00a0<strong>Toroidn\u00ed trnsform\u00e1tor 60W<\/strong><\/span>, kter\u00fd lze samostatn\u011b dokoupit.<\/li>\n<\/ul>\n<ul style=\"font: 12px\/24px 'Helvetica Neue', Helvetica, Arial, sans-serif; margin: 0px 0px 12px 25px; padding: 0px; color: #555555; text-transform: none; text-indent: 0px; letter-spacing: normal; word-spacing: 0px; white-space: normal; background-color: #ffffff; -webkit-text-stroke-width: 0px;\">\n<li style=\"line-height: 24px;\"><strong style=\"font-weight: bold;\">Ovl\u00e1d\u00e1n\u00ed:<\/strong><br \/><span style=\"text-decoration: underline;\">Ru\u010dn\u00ed:<\/span><br \/>Ventil\u00e1tor je ovl\u00e1d\u00e1n vyp\u00edna\u010dem v m\u00edstnosti. Nen\u00ed sou\u010d\u00e1st\u00ed balen\u00ed.<br \/>Ventil\u00e1tor je ovl\u00e1d\u00e1n tahov\u00fdm sp\u00edna\u010dem<span class=\"Apple-converted-space\">\u00a0<\/span><strong style=\"font-weight: bold;\">V<\/strong>. Nepou\u017e\u00edvejte v p\u0159\u00edpad\u011b mont\u00e1\u017ee na strop.<br \/>Regulace rychlosti je mo\u017en\u00e1 pomoc\u00ed<strong style=\"font-weight: bold;\"><span class=\"Apple-converted-space\">\u00a0Regul\u00e1tor ot\u00e1\u010dek VENTS RS-1 300W, Regul\u00e1tor ot\u00e1\u010dek VENTS RS-1 400W,Regul\u00e1tor ot\u00e1\u010dek VENTS SRS-1<\/span>\u00a0<\/strong>(viz p\u0159\u00edslu\u0161enstv\u00ed). K jednomu regul\u00e1toru m\u016f\u017ee b\u00fdt p\u0159ipojeno n\u011bkolik ventil\u00e1tor\u016f.<br \/><span style=\"text-decoration: underline;\">Automatick\u00e9:<\/span><br \/><strong>Multifunk\u010dn\u00ed \u0159\u00edd\u00edc\u00ed jednotka VENTS BU-1-60 <\/strong>(viz p\u0159\u00edslu\u0161enstv\u00ed).<br \/>\u010casova\u010dem<span class=\"Apple-converted-space\">\u00a0<\/span><strong style=\"font-weight: bold;\">T<\/strong><span class=\"Apple-converted-space\">\u00a0<\/span>(zabudovan\u00fd \u010dasova\u010d umo\u017e\u0148uje provoz ventil\u00e1toru po dobu 2 &#8211; 30 minut po vypnut\u00ed ventil\u00e1toru).<br \/>Hydrostatem a \u010dasova\u010dem<span class=\"Apple-converted-space\">\u00a0<\/span><strong style=\"font-weight: bold;\">TH<\/strong><span class=\"Apple-converted-space\">\u00a0<\/span>(v p\u0159\u00edpad\u011b, \u017ee vlhkost v m\u00edstnosti p\u0159ekro\u010d\u00ed nastaven\u00ed limitu vlhkosti 60-90%, automaticky se spust\u00ed ventilace a pot\u00e9 pracuje po dobu\u00a0 nastavenou na \u010dasova\u010di.<br \/>Senzorem pohybu<span class=\"Apple-converted-space\">\u00a0<\/span><strong style=\"font-weight: bold;\">P<\/strong><span class=\"Apple-converted-space\">\u00a0<\/span>a \u010dasova\u010dem<strong style=\"font-weight: bold;\"><span class=\"Apple-converted-space\">\u00a0<\/span>T<\/strong><span class=\"Apple-converted-space\">\u00a0<\/span>(v\u00a0 p\u0159\u00edpad\u011b zaznamen\u00e1n\u00ed pohybu se ventil\u00e1tor automaticky spust\u00ed a pracuje po dobu nastavenou na \u010dasova\u010di od 2 do 30minut. Senzor pohybu m\u00e1 citlivost do 4 metr\u016f a maxim\u00e1ln\u00ed detek\u010dn\u00ed \u00fahel do 100\u00b0).<\/li>\n<li style=\"line-height: 24px;\">materi\u00e1l: plast (ABS)<\/li>\n<li style=\"line-height: 24px;\">rozm\u011bry: \u00d8100, 125 a \u00d8150mm<\/li>\n<li style=\"line-height: 24px;\">teplota max: 40\u00b0C<\/li>\n<li style=\"line-height: 24px;\">pr\u016ftok vzduchu: 98 &#8211; 345m\u00b3\/hod.<\/li>\n<li style=\"line-height: 24px;\">ot\u00e1\u010dky: 2300 &#8211; 2400ot\/min.<\/li>\n<li style=\"line-height: 24px;\"><strong style=\"font-weight: bold;\">modely:<\/strong><span class=\"Apple-converted-space\">\u00a0<\/span><br \/><strong style=\"font-weight: bold;\">MA<\/strong>&#8211; kluzn\u00e1 lo\u017eiska<br \/><strong style=\"font-weight: bold;\">MAQ<\/strong>&#8211; n\u00edzkohlukov\u00fd, kluzn\u00e1 lo\u017eiska<br \/><strong style=\"font-weight: bold;\">MA<\/strong><span class=\"Apple-converted-space\">\u00a0<\/span><strong style=\"font-weight: bold;\">12V<\/strong>&#8211; bezpe\u010dnostn\u00ed nap\u00e1jen\u00ed, kluzn\u00e1 lo\u017eiska<br \/><strong style=\"font-weight: bold;\">MAT<\/strong><span class=\"Apple-converted-space\">\u00a0<\/span><strong style=\"font-weight: bold;\">12V<\/strong>&#8211; \u010dasova\u010d 2-30min., bezpe\u010dnostn\u00ed nap\u00e1jen\u00ed, kluzn\u00e1 lo\u017eiska<br \/><strong style=\"font-weight: bold;\">MAV<\/strong>&#8211; tahov\u00fd sp\u00edna\u010d, kluzn\u00e1 lo\u017eiska<br \/><strong style=\"font-weight: bold;\">MAVT<\/strong>&#8211; \u010dasova\u010d 2-30min., tahov\u00fd sp\u00edna\u010d, kluzn\u00e1 lo\u017eiska<br \/><strong style=\"font-weight: bold;\">MAVTL<\/strong>&#8211; \u010dasova\u010d 2-30min., tahov\u00fd sp\u00edna\u010d, kuli\u010dkov\u00e1 lo\u017eiska<br \/><strong style=\"font-weight: bold;\">MAL<\/strong>&#8211; kuli\u010dkov\u00e1 lo\u017eiska<br \/><strong style=\"font-weight: bold;\">MAL<\/strong><span class=\"Apple-converted-space\">\u00a0<\/span>Turbo- vy\u0161\u0161\u00ed v\u00fdkon, kuli\u010dkov\u00e1 lo\u017eiska<br \/><strong style=\"font-weight: bold;\">MAT<\/strong>&#8211; \u010dasova\u010d 2-30min.,\u00a0 kluzn\u00e1 lo\u017eiska<br \/><strong style=\"font-weight: bold;\">MATL<\/strong>&#8211; \u010dasova\u010d 2-30min., kuli\u010dkov\u00e1 lo\u017eiska<br \/><strong style=\"font-weight: bold;\">MATL<\/strong><span class=\"Apple-converted-space\">\u00a0<\/span><strong style=\"font-weight: bold;\">Turbo<\/strong>&#8211; \u010dasova\u010d 2-30min., kuli\u010dkov\u00e1 lo\u017eiska, vy\u0161\u0161\u00ed v\u00fdkon<br \/><strong style=\"font-weight: bold;\">MATH<\/strong>&#8211; \u010dasova\u010d 2-30min., nastaviteln\u00fd hydrostat 60-90% rel. vlhkosti, kluzn\u00e1 lo\u017eiska<br \/><strong style=\"font-weight: bold;\">MATHL<\/strong>&#8211; \u010dasova\u010d 2-30min., nastaviteln\u00fd hydrostat 60-90% rel. vlhkosti, kuli\u010dkov\u00e1 lo\u017eiska<br \/><strong style=\"font-weight: bold;\">MATP<\/strong>&#8211; \u010dasova\u010d 2-30min., \u010didlo pohybu, kluzn\u00e1 lo\u017eiska<\/li>\n<li style=\"line-height: 24px;\">kryt\u00ed: IP 24<\/li>\n<\/ul>\n<p>\u00a0<\/p>\n<div id=\"PDTable3\" class=\"ProductDetailTableView v3a v3 bs-view dcon dc175 PDTable3\" >\n<table>\n<thead><\/thead>\n<tbody>\n<tr class=\"attribute attr_Prumer\">\n<td class=\"caption\">Pr\u016fm\u011br<\/td>\n<td class=\"value\">125 mm<\/td>\n<\/tr>\n<tr class=\"attribute attr_Dobeh\">\n<td class=\"caption\">Dob\u011bh<\/td>\n<td class=\"value\">Ano<\/td>\n<\/tr>\n<tr class=\"attribute attr_Zaluzie\">\n<td class=\"caption\">\u017daluzie<\/td>\n<td class=\"value\">Ano<\/td>\n<\/tr>\n<tr class=\"attribute attr_Napeti\">\n<td class=\"caption\">Nap\u011bt\u00ed<\/td>\n<td class=\"value\">230V<\/td>\n<\/tr>\n<tr class=\"attribute attr_Typ\">\n<td class=\"caption\">Typ<\/td>\n<td class=\"value\">Axi\u00e1ln\u00ed ventil\u00e1tor<\/td>\n<\/tr>\n<tr class=\"attribute attr_bsshop_maker\">\n<td class=\"caption\">V\u00fdrobce<\/td>\n<td class=\"value\">ELEMAN<\/td>\n<\/tr>\n<\/tbody>\n<\/table><\/div>\n<\/div>\n<\/div>\n<div id=\"e9126450\" class=\"tabs\">\n","protected":false},"excerpt":{"rendered":"<p>VENTS 125 MATL ventil\u00e1tor &#8211; kuli\u010dkov\u00e1 lo\u017eiska, \u017ealuzie, dob\u011bh 125mm \/1009214\/ \u00a0 Axi\u00e1ln\u00ed ventil\u00e1tory \u0159ady VENTS MA s automatickou \u017ealuzi\u00ed Axi\u00e1ln\u00ed ventil\u00e1tory do koupelen s automatickou \u017ealuzi\u00ed jsou ur\u010deny k ods\u00e1v\u00e1n\u00ed vzduchu z bytov\u00fdch a nebytov\u00fdch prostor, jako jsou kuchyn\u011b, koupelny, toalety, kancel\u00e1\u0159e, prodejny apod. Vzhledem ke sv\u00fdm technick\u00fdm parametr\u016fm jsou ventil\u00e1tory do koupelen p\u0159edur\u010deny [&hellip;]<\/p>\n","protected":false},"featured_media":3077,"comment_status":"open","ping_status":"open","template":"","meta":[],"product_brand":[],"product_cat":[42],"product_tag":[],"class_list":{"0":"post-2977","1":"product","2":"type-product","3":"status-publish","4":"has-post-thumbnail","6":"product_cat-ventil-225-tory","8":"first","9":"instock","10":"sale","11":"shipping-taxable","12":"purchasable","13":"product-type-simple"},"yoast_head":"<!-- This site is optimized with the Yoast SEO plugin v26.8 - https:\/\/yoast.com\/product\/yoast-seo-wordpress\/ -->\n<title>Tov\u00e1rn\u00ed Cena VENTS 125 MATL ventil\u00e1tor - kuli\u010dkov\u00e1 lo\u017eiska, \u017ealuzie, dob\u011bh 125mm \/1009214\/ -<\/title>\n<meta name=\"robots\" content=\"index, follow, max-snippet:-1, max-image-preview:large, max-video-preview:-1\" \/>\n<link rel=\"canonical\" href=\"https:\/\/www.koupelnapro.com\/index.php\/produkt\/tovarni-cena-vents-125-matl-ventilator-kulickova-loziska-zaluzie-dobeh-125mm-1009214-2977\/\" \/>\n<meta property=\"og:locale\" content=\"cs_CZ\" \/>\n<meta property=\"og:type\" content=\"article\" \/>\n<meta property=\"og:title\" content=\"Tov\u00e1rn\u00ed Cena VENTS 125 MATL ventil\u00e1tor - kuli\u010dkov\u00e1 lo\u017eiska, \u017ealuzie, dob\u011bh 125mm \/1009214\/ -\" \/>\n<meta property=\"og:description\" content=\"VENTS 125 MATL ventil\u00e1tor &#8211; kuli\u010dkov\u00e1 lo\u017eiska, \u017ealuzie, dob\u011bh 125mm \/1009214\/ \u00a0 Axi\u00e1ln\u00ed ventil\u00e1tory \u0159ady VENTS MA s automatickou \u017ealuzi\u00ed Axi\u00e1ln\u00ed ventil\u00e1tory do koupelen s automatickou \u017ealuzi\u00ed jsou ur\u010deny k ods\u00e1v\u00e1n\u00ed vzduchu z bytov\u00fdch a nebytov\u00fdch prostor, jako jsou kuchyn\u011b, koupelny, toalety, kancel\u00e1\u0159e, prodejny apod. Vzhledem ke sv\u00fdm technick\u00fdm parametr\u016fm jsou ventil\u00e1tory do koupelen p\u0159edur\u010deny [&hellip;]\" \/>\n<meta property=\"og:url\" content=\"https:\/\/www.koupelnapro.com\/index.php\/produkt\/tovarni-cena-vents-125-matl-ventilator-kulickova-loziska-zaluzie-dobeh-125mm-1009214-2977\/\" \/>\n<meta property=\"og:image\" content=\"https:\/\/www.koupelnapro.com\/wp-content\/uploads\/2026\/SK0003144-CZ20260425-091623-0-1777079785-vents-125-matl-ventilator-kulickova-loziska-zaluzie-dobeh-1.webp\" \/>\n\t<meta property=\"og:image:width\" content=\"1000\" \/>\n\t<meta property=\"og:image:height\" content=\"525\" \/>\n\t<meta property=\"og:image:type\" content=\"image\/webp\" \/>\n<meta name=\"twitter:card\" content=\"summary_large_image\" \/>\n<meta name=\"twitter:label1\" content=\"Odhadovan\u00e1 doba \u010dten\u00ed\" \/>\n\t<meta name=\"twitter:data1\" content=\"4 minuty\" \/>\n<script type=\"application\/ld+json\" class=\"yoast-schema-graph\">{\"@context\":\"https:\/\/schema.org\",\"@graph\":[{\"@type\":\"WebPage\",\"@id\":\"https:\/\/www.koupelnapro.com\/index.php\/produkt\/tovarni-cena-vents-125-matl-ventilator-kulickova-loziska-zaluzie-dobeh-125mm-1009214-2977\/\",\"url\":\"https:\/\/www.koupelnapro.com\/index.php\/produkt\/tovarni-cena-vents-125-matl-ventilator-kulickova-loziska-zaluzie-dobeh-125mm-1009214-2977\/\",\"name\":\"Tov\u00e1rn\u00ed Cena VENTS 125 MATL ventil\u00e1tor - kuli\u010dkov\u00e1 lo\u017eiska, \u017ealuzie, dob\u011bh 125mm \/1009214\/ -\",\"isPartOf\":{\"@id\":\"https:\/\/www.koupelnapro.com\/#website\"},\"primaryImageOfPage\":{\"@id\":\"https:\/\/www.koupelnapro.com\/index.php\/produkt\/tovarni-cena-vents-125-matl-ventilator-kulickova-loziska-zaluzie-dobeh-125mm-1009214-2977\/#primaryimage\"},\"image\":{\"@id\":\"https:\/\/www.koupelnapro.com\/index.php\/produkt\/tovarni-cena-vents-125-matl-ventilator-kulickova-loziska-zaluzie-dobeh-125mm-1009214-2977\/#primaryimage\"},\"thumbnailUrl\":\"https:\/\/www.koupelnapro.com\/wp-content\/uploads\/2026\/SK0003144-CZ20260425-091623-0-1777079785-vents-125-matl-ventilator-kulickova-loziska-zaluzie-dobeh-1.webp\",\"datePublished\":\"2026-04-26T09:13:08+00:00\",\"breadcrumb\":{\"@id\":\"https:\/\/www.koupelnapro.com\/index.php\/produkt\/tovarni-cena-vents-125-matl-ventilator-kulickova-loziska-zaluzie-dobeh-125mm-1009214-2977\/#breadcrumb\"},\"inLanguage\":\"cs\",\"potentialAction\":[{\"@type\":\"ReadAction\",\"target\":[\"https:\/\/www.koupelnapro.com\/index.php\/produkt\/tovarni-cena-vents-125-matl-ventilator-kulickova-loziska-zaluzie-dobeh-125mm-1009214-2977\/\"]}]},{\"@type\":\"ImageObject\",\"inLanguage\":\"cs\",\"@id\":\"https:\/\/www.koupelnapro.com\/index.php\/produkt\/tovarni-cena-vents-125-matl-ventilator-kulickova-loziska-zaluzie-dobeh-125mm-1009214-2977\/#primaryimage\",\"url\":\"https:\/\/www.koupelnapro.com\/wp-content\/uploads\/2026\/SK0003144-CZ20260425-091623-0-1777079785-vents-125-matl-ventilator-kulickova-loziska-zaluzie-dobeh-1.webp\",\"contentUrl\":\"https:\/\/www.koupelnapro.com\/wp-content\/uploads\/2026\/SK0003144-CZ20260425-091623-0-1777079785-vents-125-matl-ventilator-kulickova-loziska-zaluzie-dobeh-1.webp\",\"width\":1000,\"height\":525},{\"@type\":\"BreadcrumbList\",\"@id\":\"https:\/\/www.koupelnapro.com\/index.php\/produkt\/tovarni-cena-vents-125-matl-ventilator-kulickova-loziska-zaluzie-dobeh-125mm-1009214-2977\/#breadcrumb\",\"itemListElement\":[{\"@type\":\"ListItem\",\"position\":1,\"name\":\"Home\",\"item\":\"https:\/\/www.koupelnapro.com\/\"},{\"@type\":\"ListItem\",\"position\":2,\"name\":\"Products\",\"item\":\"https:\/\/www.koupelnapro.com\/index.php\/products\/\"},{\"@type\":\"ListItem\",\"position\":3,\"name\":\"Tov\u00e1rn\u00ed Cena VENTS 125 MATL ventil\u00e1tor &#8211; kuli\u010dkov\u00e1 lo\u017eiska, \u017ealuzie, dob\u011bh 125mm \/1009214\/\"}]},{\"@type\":\"WebSite\",\"@id\":\"https:\/\/www.koupelnapro.com\/#website\",\"url\":\"https:\/\/www.koupelnapro.com\/\",\"name\":\"\",\"description\":\"\",\"potentialAction\":[{\"@type\":\"SearchAction\",\"target\":{\"@type\":\"EntryPoint\",\"urlTemplate\":\"https:\/\/www.koupelnapro.com\/?s={search_term_string}\"},\"query-input\":{\"@type\":\"PropertyValueSpecification\",\"valueRequired\":true,\"valueName\":\"search_term_string\"}}],\"inLanguage\":\"cs\"}]}<\/script>\n<!-- \/ Yoast SEO plugin. -->","yoast_head_json":{"title":"Tov\u00e1rn\u00ed Cena VENTS 125 MATL ventil\u00e1tor - kuli\u010dkov\u00e1 lo\u017eiska, \u017ealuzie, dob\u011bh 125mm \/1009214\/ -","robots":{"index":"index","follow":"follow","max-snippet":"max-snippet:-1","max-image-preview":"max-image-preview:large","max-video-preview":"max-video-preview:-1"},"canonical":"https:\/\/www.koupelnapro.com\/index.php\/produkt\/tovarni-cena-vents-125-matl-ventilator-kulickova-loziska-zaluzie-dobeh-125mm-1009214-2977\/","og_locale":"cs_CZ","og_type":"article","og_title":"Tov\u00e1rn\u00ed Cena VENTS 125 MATL ventil\u00e1tor - kuli\u010dkov\u00e1 lo\u017eiska, \u017ealuzie, dob\u011bh 125mm \/1009214\/ -","og_description":"VENTS 125 MATL ventil\u00e1tor &#8211; kuli\u010dkov\u00e1 lo\u017eiska, \u017ealuzie, dob\u011bh 125mm \/1009214\/ \u00a0 Axi\u00e1ln\u00ed ventil\u00e1tory \u0159ady VENTS MA s automatickou \u017ealuzi\u00ed Axi\u00e1ln\u00ed ventil\u00e1tory do koupelen s automatickou \u017ealuzi\u00ed jsou ur\u010deny k ods\u00e1v\u00e1n\u00ed vzduchu z bytov\u00fdch a nebytov\u00fdch prostor, jako jsou kuchyn\u011b, koupelny, toalety, kancel\u00e1\u0159e, prodejny apod. Vzhledem ke sv\u00fdm technick\u00fdm parametr\u016fm jsou ventil\u00e1tory do koupelen p\u0159edur\u010deny [&hellip;]","og_url":"https:\/\/www.koupelnapro.com\/index.php\/produkt\/tovarni-cena-vents-125-matl-ventilator-kulickova-loziska-zaluzie-dobeh-125mm-1009214-2977\/","og_image":[{"width":1000,"height":525,"url":"https:\/\/www.koupelnapro.com\/wp-content\/uploads\/2026\/SK0003144-CZ20260425-091623-0-1777079785-vents-125-matl-ventilator-kulickova-loziska-zaluzie-dobeh-1.webp","type":"image\/webp"}],"twitter_card":"summary_large_image","twitter_misc":{"Odhadovan\u00e1 doba \u010dten\u00ed":"4 minuty"},"schema":{"@context":"https:\/\/schema.org","@graph":[{"@type":"WebPage","@id":"https:\/\/www.koupelnapro.com\/index.php\/produkt\/tovarni-cena-vents-125-matl-ventilator-kulickova-loziska-zaluzie-dobeh-125mm-1009214-2977\/","url":"https:\/\/www.koupelnapro.com\/index.php\/produkt\/tovarni-cena-vents-125-matl-ventilator-kulickova-loziska-zaluzie-dobeh-125mm-1009214-2977\/","name":"Tov\u00e1rn\u00ed Cena VENTS 125 MATL ventil\u00e1tor - kuli\u010dkov\u00e1 lo\u017eiska, \u017ealuzie, dob\u011bh 125mm \/1009214\/ -","isPartOf":{"@id":"https:\/\/www.koupelnapro.com\/#website"},"primaryImageOfPage":{"@id":"https:\/\/www.koupelnapro.com\/index.php\/produkt\/tovarni-cena-vents-125-matl-ventilator-kulickova-loziska-zaluzie-dobeh-125mm-1009214-2977\/#primaryimage"},"image":{"@id":"https:\/\/www.koupelnapro.com\/index.php\/produkt\/tovarni-cena-vents-125-matl-ventilator-kulickova-loziska-zaluzie-dobeh-125mm-1009214-2977\/#primaryimage"},"thumbnailUrl":"https:\/\/www.koupelnapro.com\/wp-content\/uploads\/2026\/SK0003144-CZ20260425-091623-0-1777079785-vents-125-matl-ventilator-kulickova-loziska-zaluzie-dobeh-1.webp","datePublished":"2026-04-26T09:13:08+00:00","breadcrumb":{"@id":"https:\/\/www.koupelnapro.com\/index.php\/produkt\/tovarni-cena-vents-125-matl-ventilator-kulickova-loziska-zaluzie-dobeh-125mm-1009214-2977\/#breadcrumb"},"inLanguage":"cs","potentialAction":[{"@type":"ReadAction","target":["https:\/\/www.koupelnapro.com\/index.php\/produkt\/tovarni-cena-vents-125-matl-ventilator-kulickova-loziska-zaluzie-dobeh-125mm-1009214-2977\/"]}]},{"@type":"ImageObject","inLanguage":"cs","@id":"https:\/\/www.koupelnapro.com\/index.php\/produkt\/tovarni-cena-vents-125-matl-ventilator-kulickova-loziska-zaluzie-dobeh-125mm-1009214-2977\/#primaryimage","url":"https:\/\/www.koupelnapro.com\/wp-content\/uploads\/2026\/SK0003144-CZ20260425-091623-0-1777079785-vents-125-matl-ventilator-kulickova-loziska-zaluzie-dobeh-1.webp","contentUrl":"https:\/\/www.koupelnapro.com\/wp-content\/uploads\/2026\/SK0003144-CZ20260425-091623-0-1777079785-vents-125-matl-ventilator-kulickova-loziska-zaluzie-dobeh-1.webp","width":1000,"height":525},{"@type":"BreadcrumbList","@id":"https:\/\/www.koupelnapro.com\/index.php\/produkt\/tovarni-cena-vents-125-matl-ventilator-kulickova-loziska-zaluzie-dobeh-125mm-1009214-2977\/#breadcrumb","itemListElement":[{"@type":"ListItem","position":1,"name":"Home","item":"https:\/\/www.koupelnapro.com\/"},{"@type":"ListItem","position":2,"name":"Products","item":"https:\/\/www.koupelnapro.com\/index.php\/products\/"},{"@type":"ListItem","position":3,"name":"Tov\u00e1rn\u00ed Cena VENTS 125 MATL ventil\u00e1tor &#8211; kuli\u010dkov\u00e1 lo\u017eiska, \u017ealuzie, dob\u011bh 125mm \/1009214\/"}]},{"@type":"WebSite","@id":"https:\/\/www.koupelnapro.com\/#website","url":"https:\/\/www.koupelnapro.com\/","name":"","description":"","potentialAction":[{"@type":"SearchAction","target":{"@type":"EntryPoint","urlTemplate":"https:\/\/www.koupelnapro.com\/?s={search_term_string}"},"query-input":{"@type":"PropertyValueSpecification","valueRequired":true,"valueName":"search_term_string"}}],"inLanguage":"cs"}]}},"_links":{"self":[{"href":"https:\/\/www.koupelnapro.com\/index.php\/wp-json\/wp\/v2\/product\/2977","targetHints":{"allow":["GET"]}}],"collection":[{"href":"https:\/\/www.koupelnapro.com\/index.php\/wp-json\/wp\/v2\/product"}],"about":[{"href":"https:\/\/www.koupelnapro.com\/index.php\/wp-json\/wp\/v2\/types\/product"}],"replies":[{"embeddable":true,"href":"https:\/\/www.koupelnapro.com\/index.php\/wp-json\/wp\/v2\/comments?post=2977"}],"wp:featuredmedia":[{"embeddable":true,"href":"https:\/\/www.koupelnapro.com\/index.php\/wp-json\/wp\/v2\/media\/3077"}],"wp:attachment":[{"href":"https:\/\/www.koupelnapro.com\/index.php\/wp-json\/wp\/v2\/media?parent=2977"}],"wp:term":[{"taxonomy":"product_brand","embeddable":true,"href":"https:\/\/www.koupelnapro.com\/index.php\/wp-json\/wp\/v2\/product_brand?post=2977"},{"taxonomy":"product_cat","embeddable":true,"href":"https:\/\/www.koupelnapro.com\/index.php\/wp-json\/wp\/v2\/product_cat?post=2977"},{"taxonomy":"product_tag","embeddable":true,"href":"https:\/\/www.koupelnapro.com\/index.php\/wp-json\/wp\/v2\/product_tag?post=2977"}],"curies":[{"name":"wp","href":"https:\/\/api.w.org\/{rel}","templated":true}]}}