{"id":27956,"date":"2026-04-26T09:14:53","date_gmt":"2026-04-26T09:14:53","guid":{"rendered":""},"modified":"2026-04-26T09:14:53","modified_gmt":"2026-04-26T09:14:53","slug":"levny-finesa-akrylfas-akrylatova-barva-s-vysokou-kryci-schopnosti-belosti-odolnosti-vuci-oteru-a-povetrnostnim-vlivum-15kg-27956","status":"publish","type":"product","link":"https:\/\/www.koupelnapro.com\/index.php\/produkt\/levny-finesa-akrylfas-akrylatova-barva-s-vysokou-kryci-schopnosti-belosti-odolnosti-vuci-oteru-a-povetrnostnim-vlivum-15kg-27956\/","title":{"rendered":"Levn\u00fd FINESA AKRYLFAS akryl\u00e1tov\u00e1 barva s vysokou kryc\u00ed schopnost\u00ed, b\u011blost\u00ed, odolnost\u00ed v\u016f\u010di ot\u011bru a pov\u011btrnostn\u00edm vliv\u016fm 15kg"},"content":{"rendered":"<table>\n<div class=\"tab-pane active product-description\" id=\"popis\" role=\"tabpanel\">\n<div class=\"short-description\" itemprop=\"description\"><\/div>\n<div class=\"description\">Pou\u017eit\u00ed : na povrchov\u00e9 \u00fapravy fas\u00e1d budov na v\u0161echny sav\u00e9 povrchy, nap\u0159. vyzr\u00e1l\u00e9 v\u00e1penocementov\u00e9 om\u00edtky,betony, porobetony nebo brizolitu.<\/p>\n<p>B\u00edl\u00e1 ( b\u00e1ze b\u00edl\u00e1 ) nebo transparentn\u00ed  ( b\u00e1ze neutro ) s mo\u017enost\u00ed t\u00f3nov\u00e1n\u00ed na syst\u00e9mu FINESA podle vzorkovnic FINESA odst\u00edny, FINESA NOVA, NCS, RAL, atd.<\/p>\n<p>Balen\u00ed : 0,8kg, 7kg, 15kg <\/p>\n<p>Spot\u0159eba : 5-6 m2\/kg<\/p><\/div>\n<\/table>\n","protected":false},"excerpt":{"rendered":"<p>Pou\u017eit\u00ed : na povrchov\u00e9 \u00fapravy fas\u00e1d budov na v\u0161echny sav\u00e9 povrchy, nap\u0159. vyzr\u00e1l\u00e9 v\u00e1penocementov\u00e9 om\u00edtky,betony, porobetony nebo brizolitu. B\u00edl\u00e1 ( b\u00e1ze b\u00edl\u00e1 ) nebo transparentn\u00ed ( b\u00e1ze neutro ) s mo\u017enost\u00ed t\u00f3nov\u00e1n\u00ed na syst\u00e9mu FINESA podle vzorkovnic FINESA odst\u00edny, FINESA NOVA, NCS, RAL, atd. Balen\u00ed : 0,8kg, 7kg, 15kg Spot\u0159eba : 5-6 m2\/kg<\/p>\n","protected":false},"featured_media":28056,"comment_status":"open","ping_status":"open","template":"","meta":[],"product_brand":[],"product_cat":[44],"product_tag":[],"class_list":{"0":"post-27956","1":"product","2":"type-product","3":"status-publish","4":"has-post-thumbnail","6":"product_cat-nejlepsi-prodejci","8":"first","9":"instock","10":"sale","11":"shipping-taxable","12":"purchasable","13":"product-type-simple"},"yoast_head":"<!-- This site is optimized with the Yoast SEO plugin v26.8 - https:\/\/yoast.com\/product\/yoast-seo-wordpress\/ -->\n<title>Levn\u00fd FINESA AKRYLFAS akryl\u00e1tov\u00e1 barva s vysokou kryc\u00ed schopnost\u00ed, b\u011blost\u00ed, odolnost\u00ed v\u016f\u010di ot\u011bru a pov\u011btrnostn\u00edm vliv\u016fm 15kg -<\/title>\n<meta name=\"robots\" content=\"index, follow, max-snippet:-1, max-image-preview:large, max-video-preview:-1\" \/>\n<link rel=\"canonical\" href=\"https:\/\/www.koupelnapro.com\/index.php\/produkt\/levny-finesa-akrylfas-akrylatova-barva-s-vysokou-kryci-schopnosti-belosti-odolnosti-vuci-oteru-a-povetrnostnim-vlivum-15kg-27956\/\" \/>\n<meta property=\"og:locale\" content=\"cs_CZ\" \/>\n<meta property=\"og:type\" content=\"article\" \/>\n<meta property=\"og:title\" content=\"Levn\u00fd FINESA AKRYLFAS akryl\u00e1tov\u00e1 barva s vysokou kryc\u00ed schopnost\u00ed, b\u011blost\u00ed, odolnost\u00ed v\u016f\u010di ot\u011bru a pov\u011btrnostn\u00edm vliv\u016fm 15kg -\" \/>\n<meta property=\"og:description\" content=\"Pou\u017eit\u00ed : na povrchov\u00e9 \u00fapravy fas\u00e1d budov na v\u0161echny sav\u00e9 povrchy, nap\u0159. vyzr\u00e1l\u00e9 v\u00e1penocementov\u00e9 om\u00edtky,betony, porobetony nebo brizolitu. B\u00edl\u00e1 ( b\u00e1ze b\u00edl\u00e1 ) nebo transparentn\u00ed ( b\u00e1ze neutro ) s mo\u017enost\u00ed t\u00f3nov\u00e1n\u00ed na syst\u00e9mu FINESA podle vzorkovnic FINESA odst\u00edny, FINESA NOVA, NCS, RAL, atd. Balen\u00ed : 0,8kg, 7kg, 15kg Spot\u0159eba : 5-6 m2\/kg\" \/>\n<meta property=\"og:url\" content=\"https:\/\/www.koupelnapro.com\/index.php\/produkt\/levny-finesa-akrylfas-akrylatova-barva-s-vysokou-kryci-schopnosti-belosti-odolnosti-vuci-oteru-a-povetrnostnim-vlivum-15kg-27956\/\" \/>\n<meta property=\"og:image\" content=\"https:\/\/www.koupelnapro.com\/wp-content\/uploads\/2026\/SK0003733-CZ20260425-092328-0-1777080210-obrazek_103_2.webp\" \/>\n\t<meta property=\"og:image:width\" content=\"700\" \/>\n\t<meta property=\"og:image:height\" content=\"525\" \/>\n\t<meta property=\"og:image:type\" content=\"image\/webp\" \/>\n<meta name=\"twitter:card\" content=\"summary_large_image\" \/>\n<script type=\"application\/ld+json\" class=\"yoast-schema-graph\">{\"@context\":\"https:\/\/schema.org\",\"@graph\":[{\"@type\":\"WebPage\",\"@id\":\"https:\/\/www.koupelnapro.com\/index.php\/produkt\/levny-finesa-akrylfas-akrylatova-barva-s-vysokou-kryci-schopnosti-belosti-odolnosti-vuci-oteru-a-povetrnostnim-vlivum-15kg-27956\/\",\"url\":\"https:\/\/www.koupelnapro.com\/index.php\/produkt\/levny-finesa-akrylfas-akrylatova-barva-s-vysokou-kryci-schopnosti-belosti-odolnosti-vuci-oteru-a-povetrnostnim-vlivum-15kg-27956\/\",\"name\":\"Levn\u00fd FINESA AKRYLFAS akryl\u00e1tov\u00e1 barva s vysokou kryc\u00ed schopnost\u00ed, b\u011blost\u00ed, odolnost\u00ed v\u016f\u010di ot\u011bru a pov\u011btrnostn\u00edm vliv\u016fm 15kg -\",\"isPartOf\":{\"@id\":\"https:\/\/www.koupelnapro.com\/#website\"},\"primaryImageOfPage\":{\"@id\":\"https:\/\/www.koupelnapro.com\/index.php\/produkt\/levny-finesa-akrylfas-akrylatova-barva-s-vysokou-kryci-schopnosti-belosti-odolnosti-vuci-oteru-a-povetrnostnim-vlivum-15kg-27956\/#primaryimage\"},\"image\":{\"@id\":\"https:\/\/www.koupelnapro.com\/index.php\/produkt\/levny-finesa-akrylfas-akrylatova-barva-s-vysokou-kryci-schopnosti-belosti-odolnosti-vuci-oteru-a-povetrnostnim-vlivum-15kg-27956\/#primaryimage\"},\"thumbnailUrl\":\"https:\/\/www.koupelnapro.com\/wp-content\/uploads\/2026\/SK0003733-CZ20260425-092328-0-1777080210-obrazek_103_2.webp\",\"datePublished\":\"2026-04-26T09:14:53+00:00\",\"breadcrumb\":{\"@id\":\"https:\/\/www.koupelnapro.com\/index.php\/produkt\/levny-finesa-akrylfas-akrylatova-barva-s-vysokou-kryci-schopnosti-belosti-odolnosti-vuci-oteru-a-povetrnostnim-vlivum-15kg-27956\/#breadcrumb\"},\"inLanguage\":\"cs\",\"potentialAction\":[{\"@type\":\"ReadAction\",\"target\":[\"https:\/\/www.koupelnapro.com\/index.php\/produkt\/levny-finesa-akrylfas-akrylatova-barva-s-vysokou-kryci-schopnosti-belosti-odolnosti-vuci-oteru-a-povetrnostnim-vlivum-15kg-27956\/\"]}]},{\"@type\":\"ImageObject\",\"inLanguage\":\"cs\",\"@id\":\"https:\/\/www.koupelnapro.com\/index.php\/produkt\/levny-finesa-akrylfas-akrylatova-barva-s-vysokou-kryci-schopnosti-belosti-odolnosti-vuci-oteru-a-povetrnostnim-vlivum-15kg-27956\/#primaryimage\",\"url\":\"https:\/\/www.koupelnapro.com\/wp-content\/uploads\/2026\/SK0003733-CZ20260425-092328-0-1777080210-obrazek_103_2.webp\",\"contentUrl\":\"https:\/\/www.koupelnapro.com\/wp-content\/uploads\/2026\/SK0003733-CZ20260425-092328-0-1777080210-obrazek_103_2.webp\",\"width\":700,\"height\":525},{\"@type\":\"BreadcrumbList\",\"@id\":\"https:\/\/www.koupelnapro.com\/index.php\/produkt\/levny-finesa-akrylfas-akrylatova-barva-s-vysokou-kryci-schopnosti-belosti-odolnosti-vuci-oteru-a-povetrnostnim-vlivum-15kg-27956\/#breadcrumb\",\"itemListElement\":[{\"@type\":\"ListItem\",\"position\":1,\"name\":\"Home\",\"item\":\"https:\/\/www.koupelnapro.com\/\"},{\"@type\":\"ListItem\",\"position\":2,\"name\":\"Products\",\"item\":\"https:\/\/www.koupelnapro.com\/index.php\/products\/\"},{\"@type\":\"ListItem\",\"position\":3,\"name\":\"Levn\u00fd FINESA AKRYLFAS akryl\u00e1tov\u00e1 barva s vysokou kryc\u00ed schopnost\u00ed, b\u011blost\u00ed, odolnost\u00ed v\u016f\u010di ot\u011bru a pov\u011btrnostn\u00edm vliv\u016fm 15kg\"}]},{\"@type\":\"WebSite\",\"@id\":\"https:\/\/www.koupelnapro.com\/#website\",\"url\":\"https:\/\/www.koupelnapro.com\/\",\"name\":\"\",\"description\":\"\",\"potentialAction\":[{\"@type\":\"SearchAction\",\"target\":{\"@type\":\"EntryPoint\",\"urlTemplate\":\"https:\/\/www.koupelnapro.com\/?s={search_term_string}\"},\"query-input\":{\"@type\":\"PropertyValueSpecification\",\"valueRequired\":true,\"valueName\":\"search_term_string\"}}],\"inLanguage\":\"cs\"}]}<\/script>\n<!-- \/ Yoast SEO plugin. -->","yoast_head_json":{"title":"Levn\u00fd FINESA AKRYLFAS akryl\u00e1tov\u00e1 barva s vysokou kryc\u00ed schopnost\u00ed, b\u011blost\u00ed, odolnost\u00ed v\u016f\u010di ot\u011bru a pov\u011btrnostn\u00edm vliv\u016fm 15kg -","robots":{"index":"index","follow":"follow","max-snippet":"max-snippet:-1","max-image-preview":"max-image-preview:large","max-video-preview":"max-video-preview:-1"},"canonical":"https:\/\/www.koupelnapro.com\/index.php\/produkt\/levny-finesa-akrylfas-akrylatova-barva-s-vysokou-kryci-schopnosti-belosti-odolnosti-vuci-oteru-a-povetrnostnim-vlivum-15kg-27956\/","og_locale":"cs_CZ","og_type":"article","og_title":"Levn\u00fd FINESA AKRYLFAS akryl\u00e1tov\u00e1 barva s vysokou kryc\u00ed schopnost\u00ed, b\u011blost\u00ed, odolnost\u00ed v\u016f\u010di ot\u011bru a pov\u011btrnostn\u00edm vliv\u016fm 15kg -","og_description":"Pou\u017eit\u00ed : na povrchov\u00e9 \u00fapravy fas\u00e1d budov na v\u0161echny sav\u00e9 povrchy, nap\u0159. vyzr\u00e1l\u00e9 v\u00e1penocementov\u00e9 om\u00edtky,betony, porobetony nebo brizolitu. B\u00edl\u00e1 ( b\u00e1ze b\u00edl\u00e1 ) nebo transparentn\u00ed ( b\u00e1ze neutro ) s mo\u017enost\u00ed t\u00f3nov\u00e1n\u00ed na syst\u00e9mu FINESA podle vzorkovnic FINESA odst\u00edny, FINESA NOVA, NCS, RAL, atd. Balen\u00ed : 0,8kg, 7kg, 15kg Spot\u0159eba : 5-6 m2\/kg","og_url":"https:\/\/www.koupelnapro.com\/index.php\/produkt\/levny-finesa-akrylfas-akrylatova-barva-s-vysokou-kryci-schopnosti-belosti-odolnosti-vuci-oteru-a-povetrnostnim-vlivum-15kg-27956\/","og_image":[{"width":700,"height":525,"url":"https:\/\/www.koupelnapro.com\/wp-content\/uploads\/2026\/SK0003733-CZ20260425-092328-0-1777080210-obrazek_103_2.webp","type":"image\/webp"}],"twitter_card":"summary_large_image","schema":{"@context":"https:\/\/schema.org","@graph":[{"@type":"WebPage","@id":"https:\/\/www.koupelnapro.com\/index.php\/produkt\/levny-finesa-akrylfas-akrylatova-barva-s-vysokou-kryci-schopnosti-belosti-odolnosti-vuci-oteru-a-povetrnostnim-vlivum-15kg-27956\/","url":"https:\/\/www.koupelnapro.com\/index.php\/produkt\/levny-finesa-akrylfas-akrylatova-barva-s-vysokou-kryci-schopnosti-belosti-odolnosti-vuci-oteru-a-povetrnostnim-vlivum-15kg-27956\/","name":"Levn\u00fd FINESA AKRYLFAS akryl\u00e1tov\u00e1 barva s vysokou kryc\u00ed schopnost\u00ed, b\u011blost\u00ed, odolnost\u00ed v\u016f\u010di ot\u011bru a pov\u011btrnostn\u00edm vliv\u016fm 15kg -","isPartOf":{"@id":"https:\/\/www.koupelnapro.com\/#website"},"primaryImageOfPage":{"@id":"https:\/\/www.koupelnapro.com\/index.php\/produkt\/levny-finesa-akrylfas-akrylatova-barva-s-vysokou-kryci-schopnosti-belosti-odolnosti-vuci-oteru-a-povetrnostnim-vlivum-15kg-27956\/#primaryimage"},"image":{"@id":"https:\/\/www.koupelnapro.com\/index.php\/produkt\/levny-finesa-akrylfas-akrylatova-barva-s-vysokou-kryci-schopnosti-belosti-odolnosti-vuci-oteru-a-povetrnostnim-vlivum-15kg-27956\/#primaryimage"},"thumbnailUrl":"https:\/\/www.koupelnapro.com\/wp-content\/uploads\/2026\/SK0003733-CZ20260425-092328-0-1777080210-obrazek_103_2.webp","datePublished":"2026-04-26T09:14:53+00:00","breadcrumb":{"@id":"https:\/\/www.koupelnapro.com\/index.php\/produkt\/levny-finesa-akrylfas-akrylatova-barva-s-vysokou-kryci-schopnosti-belosti-odolnosti-vuci-oteru-a-povetrnostnim-vlivum-15kg-27956\/#breadcrumb"},"inLanguage":"cs","potentialAction":[{"@type":"ReadAction","target":["https:\/\/www.koupelnapro.com\/index.php\/produkt\/levny-finesa-akrylfas-akrylatova-barva-s-vysokou-kryci-schopnosti-belosti-odolnosti-vuci-oteru-a-povetrnostnim-vlivum-15kg-27956\/"]}]},{"@type":"ImageObject","inLanguage":"cs","@id":"https:\/\/www.koupelnapro.com\/index.php\/produkt\/levny-finesa-akrylfas-akrylatova-barva-s-vysokou-kryci-schopnosti-belosti-odolnosti-vuci-oteru-a-povetrnostnim-vlivum-15kg-27956\/#primaryimage","url":"https:\/\/www.koupelnapro.com\/wp-content\/uploads\/2026\/SK0003733-CZ20260425-092328-0-1777080210-obrazek_103_2.webp","contentUrl":"https:\/\/www.koupelnapro.com\/wp-content\/uploads\/2026\/SK0003733-CZ20260425-092328-0-1777080210-obrazek_103_2.webp","width":700,"height":525},{"@type":"BreadcrumbList","@id":"https:\/\/www.koupelnapro.com\/index.php\/produkt\/levny-finesa-akrylfas-akrylatova-barva-s-vysokou-kryci-schopnosti-belosti-odolnosti-vuci-oteru-a-povetrnostnim-vlivum-15kg-27956\/#breadcrumb","itemListElement":[{"@type":"ListItem","position":1,"name":"Home","item":"https:\/\/www.koupelnapro.com\/"},{"@type":"ListItem","position":2,"name":"Products","item":"https:\/\/www.koupelnapro.com\/index.php\/products\/"},{"@type":"ListItem","position":3,"name":"Levn\u00fd FINESA AKRYLFAS akryl\u00e1tov\u00e1 barva s vysokou kryc\u00ed schopnost\u00ed, b\u011blost\u00ed, odolnost\u00ed v\u016f\u010di ot\u011bru a pov\u011btrnostn\u00edm vliv\u016fm 15kg"}]},{"@type":"WebSite","@id":"https:\/\/www.koupelnapro.com\/#website","url":"https:\/\/www.koupelnapro.com\/","name":"","description":"","potentialAction":[{"@type":"SearchAction","target":{"@type":"EntryPoint","urlTemplate":"https:\/\/www.koupelnapro.com\/?s={search_term_string}"},"query-input":{"@type":"PropertyValueSpecification","valueRequired":true,"valueName":"search_term_string"}}],"inLanguage":"cs"}]}},"_links":{"self":[{"href":"https:\/\/www.koupelnapro.com\/index.php\/wp-json\/wp\/v2\/product\/27956","targetHints":{"allow":["GET"]}}],"collection":[{"href":"https:\/\/www.koupelnapro.com\/index.php\/wp-json\/wp\/v2\/product"}],"about":[{"href":"https:\/\/www.koupelnapro.com\/index.php\/wp-json\/wp\/v2\/types\/product"}],"replies":[{"embeddable":true,"href":"https:\/\/www.koupelnapro.com\/index.php\/wp-json\/wp\/v2\/comments?post=27956"}],"wp:featuredmedia":[{"embeddable":true,"href":"https:\/\/www.koupelnapro.com\/index.php\/wp-json\/wp\/v2\/media\/28056"}],"wp:attachment":[{"href":"https:\/\/www.koupelnapro.com\/index.php\/wp-json\/wp\/v2\/media?parent=27956"}],"wp:term":[{"taxonomy":"product_brand","embeddable":true,"href":"https:\/\/www.koupelnapro.com\/index.php\/wp-json\/wp\/v2\/product_brand?post=27956"},{"taxonomy":"product_cat","embeddable":true,"href":"https:\/\/www.koupelnapro.com\/index.php\/wp-json\/wp\/v2\/product_cat?post=27956"},{"taxonomy":"product_tag","embeddable":true,"href":"https:\/\/www.koupelnapro.com\/index.php\/wp-json\/wp\/v2\/product_tag?post=27956"}],"curies":[{"name":"wp","href":"https:\/\/api.w.org\/{rel}","templated":true}]}}