{"id":26719,"date":"2026-04-26T09:14:47","date_gmt":"2026-04-26T09:14:47","guid":{"rendered":""},"modified":"2026-04-26T09:14:47","modified_gmt":"2026-04-26T09:14:47","slug":"znackovy-pilnik-trojhranny-dvojity-sek-100-mm-26719","status":"publish","type":"product","link":"https:\/\/www.koupelnapro.com\/index.php\/produkt\/znackovy-pilnik-trojhranny-dvojity-sek-100-mm-26719\/","title":{"rendered":"Zna\u010dkov\u00fd Piln\u00edk trojhrann\u00fd (dvojit\u00fd sek) 100 mm"},"content":{"rendered":"<table>\n<div class=\"tab-pane active product-description\" id=\"popis\" role=\"tabpanel\">\n<div class=\"short-description\" itemprop=\"description\"><\/div>\n<div class=\"description\"><span class='bullet-line'>Pr\u016f\u0159ez ve tvaru rovnostrann\u00e9ho troj\u00faheln\u00edku (v\u0161echny \u00fahly 60\u00b0). <br \/><\/span><span class='bullet-line'>Zu\u017euje se sm\u011brem ke \u0161pi\u010dce. <br \/><\/span><span class='bullet-line'>Pro pilov\u00e1n\u00ed ostr\u00fdch \u00fahl\u016f, vnit\u0159n\u00edch roh\u016f a rovinn\u00fdch povrch\u016f, za\u010di\u0161\u0165ov\u00e1n\u00ed pravo\u00fahl\u00fdch roh\u016f<br \/><\/span>a pilov\u00e1n\u00ed n\u00e1stroj\u016f z rychlo\u0159ezn\u00e9 oceli po obr\u00e1b\u011bn\u00ed.<br \/>Dvojit\u00fd sek:<span class='bullet-line'>Dv\u011b soustavy diagon\u00e1ln\u00edch \u0159ad zub\u016f. <br \/><\/span><span class='bullet-line'>Druh\u00e1 \u0159ada zub\u016f m\u00e1 opa\u010dn\u00fd sm\u011br ne\u017e prvn\u00ed a je naho\u0159e na prvn\u00ed \u0159ad\u011b. <br \/><\/span><span class='bullet-line'>Prvn\u00ed \u0159ada se obvykle naz\u00fdv\u00e1 \u2018spodn\u00ed sek\u2019 a druh\u00e1, kter\u00e1 je jemn\u011bj\u0161\u00ed, \u2018horn\u00ed sek\u2019. <br \/><\/span><span class='bullet-line'>Piln\u00edky se dv\u011bma seky se oby\u010dejn\u011b pou\u017e\u00edvaj\u00ed s v\u011bt\u0161\u00edm tlakem ne\u017e piln\u00edky s jedn\u00edm sekem a rychleji odstra\u0148uj\u00ed materi\u00e1l z kl\u00ednov\u00fdch a jin\u00fdch dr\u00e1\u017eek na obrobku apod. <br \/><\/span><span class='bullet-line'>Ploch\u00e9 z\u00fa\u017een\u00e9 piln\u00edky pou\u017e\u00edvaj\u00ed z\u00e1me\u010dn\u00edci p\u0159i oprav\u00e1ch nebo pilov\u00e1n\u00ed v\u00fd\u0159ez\u016f v zubech (nap\u0159. kl\u00ed\u010d\u016f). <br \/><\/span><span class='bullet-line'>Jsou tak\u00e9 vhodn\u00e9 k pou\u017eit\u00ed v omezen\u00fdch prostorech.<\/span><\/div>\n<div class=\"parameters\">\n<tr>\n<td>Celkov\u00e1 d\u00e9lka:<\/td>\n<td>100 mm<\/td>\n<\/tr><\/div>\n<\/table>\n","protected":false},"excerpt":{"rendered":"<p>Pr\u016f\u0159ez ve tvaru rovnostrann\u00e9ho troj\u00faheln\u00edku (v\u0161echny \u00fahly 60\u00b0). Zu\u017euje se sm\u011brem ke \u0161pi\u010dce. Pro pilov\u00e1n\u00ed ostr\u00fdch \u00fahl\u016f, vnit\u0159n\u00edch roh\u016f a rovinn\u00fdch povrch\u016f, za\u010di\u0161\u0165ov\u00e1n\u00ed pravo\u00fahl\u00fdch roh\u016fa pilov\u00e1n\u00ed n\u00e1stroj\u016f z rychlo\u0159ezn\u00e9 oceli po obr\u00e1b\u011bn\u00ed.Dvojit\u00fd sek:Dv\u011b soustavy diagon\u00e1ln\u00edch \u0159ad zub\u016f. Druh\u00e1 \u0159ada zub\u016f m\u00e1 opa\u010dn\u00fd sm\u011br ne\u017e prvn\u00ed a je naho\u0159e na prvn\u00ed \u0159ad\u011b. Prvn\u00ed \u0159ada se obvykle [&hellip;]<\/p>\n","protected":false},"featured_media":26819,"comment_status":"open","ping_status":"open","template":"","meta":[],"product_brand":[],"product_cat":[60],"product_tag":[],"class_list":{"0":"post-26719","1":"product","2":"type-product","3":"status-publish","4":"has-post-thumbnail","6":"product_cat-naradi","8":"first","9":"instock","10":"sale","11":"shipping-taxable","12":"purchasable","13":"product-type-simple"},"yoast_head":"<!-- This site is optimized with the Yoast SEO plugin v26.8 - https:\/\/yoast.com\/product\/yoast-seo-wordpress\/ -->\n<title>Zna\u010dkov\u00fd Piln\u00edk trojhrann\u00fd (dvojit\u00fd sek) 100 mm -<\/title>\n<meta name=\"robots\" content=\"index, follow, max-snippet:-1, max-image-preview:large, max-video-preview:-1\" \/>\n<link rel=\"canonical\" href=\"https:\/\/www.koupelnapro.com\/index.php\/produkt\/znackovy-pilnik-trojhranny-dvojity-sek-100-mm-26719\/\" \/>\n<meta property=\"og:locale\" content=\"cs_CZ\" \/>\n<meta property=\"og:type\" content=\"article\" \/>\n<meta property=\"og:title\" content=\"Zna\u010dkov\u00fd Piln\u00edk trojhrann\u00fd (dvojit\u00fd sek) 100 mm -\" \/>\n<meta property=\"og:description\" content=\"Pr\u016f\u0159ez ve tvaru rovnostrann\u00e9ho troj\u00faheln\u00edku (v\u0161echny \u00fahly 60\u00b0). Zu\u017euje se sm\u011brem ke \u0161pi\u010dce. Pro pilov\u00e1n\u00ed ostr\u00fdch \u00fahl\u016f, vnit\u0159n\u00edch roh\u016f a rovinn\u00fdch povrch\u016f, za\u010di\u0161\u0165ov\u00e1n\u00ed pravo\u00fahl\u00fdch roh\u016fa pilov\u00e1n\u00ed n\u00e1stroj\u016f z rychlo\u0159ezn\u00e9 oceli po obr\u00e1b\u011bn\u00ed.Dvojit\u00fd sek:Dv\u011b soustavy diagon\u00e1ln\u00edch \u0159ad zub\u016f. Druh\u00e1 \u0159ada zub\u016f m\u00e1 opa\u010dn\u00fd sm\u011br ne\u017e prvn\u00ed a je naho\u0159e na prvn\u00ed \u0159ad\u011b. Prvn\u00ed \u0159ada se obvykle [&hellip;]\" \/>\n<meta property=\"og:url\" content=\"https:\/\/www.koupelnapro.com\/index.php\/produkt\/znackovy-pilnik-trojhranny-dvojity-sek-100-mm-26719\/\" \/>\n<meta property=\"og:image\" content=\"https:\/\/www.koupelnapro.com\/wp-content\/uploads\/2026\/SK0003094-CZ20260425-092328-0-1777080210-0302530k-eps_large.webp\" \/>\n\t<meta property=\"og:image:width\" content=\"500\" \/>\n\t<meta property=\"og:image:height\" content=\"29\" \/>\n\t<meta property=\"og:image:type\" content=\"image\/webp\" \/>\n<meta name=\"twitter:card\" content=\"summary_large_image\" \/>\n<meta name=\"twitter:label1\" content=\"Odhadovan\u00e1 doba \u010dten\u00ed\" \/>\n\t<meta name=\"twitter:data1\" content=\"1 minuta\" \/>\n<script type=\"application\/ld+json\" class=\"yoast-schema-graph\">{\"@context\":\"https:\/\/schema.org\",\"@graph\":[{\"@type\":\"WebPage\",\"@id\":\"https:\/\/www.koupelnapro.com\/index.php\/produkt\/znackovy-pilnik-trojhranny-dvojity-sek-100-mm-26719\/\",\"url\":\"https:\/\/www.koupelnapro.com\/index.php\/produkt\/znackovy-pilnik-trojhranny-dvojity-sek-100-mm-26719\/\",\"name\":\"Zna\u010dkov\u00fd Piln\u00edk trojhrann\u00fd (dvojit\u00fd sek) 100 mm -\",\"isPartOf\":{\"@id\":\"https:\/\/www.koupelnapro.com\/#website\"},\"primaryImageOfPage\":{\"@id\":\"https:\/\/www.koupelnapro.com\/index.php\/produkt\/znackovy-pilnik-trojhranny-dvojity-sek-100-mm-26719\/#primaryimage\"},\"image\":{\"@id\":\"https:\/\/www.koupelnapro.com\/index.php\/produkt\/znackovy-pilnik-trojhranny-dvojity-sek-100-mm-26719\/#primaryimage\"},\"thumbnailUrl\":\"https:\/\/www.koupelnapro.com\/wp-content\/uploads\/2026\/SK0003094-CZ20260425-092328-0-1777080210-0302530k-eps_large.webp\",\"datePublished\":\"2026-04-26T09:14:47+00:00\",\"breadcrumb\":{\"@id\":\"https:\/\/www.koupelnapro.com\/index.php\/produkt\/znackovy-pilnik-trojhranny-dvojity-sek-100-mm-26719\/#breadcrumb\"},\"inLanguage\":\"cs\",\"potentialAction\":[{\"@type\":\"ReadAction\",\"target\":[\"https:\/\/www.koupelnapro.com\/index.php\/produkt\/znackovy-pilnik-trojhranny-dvojity-sek-100-mm-26719\/\"]}]},{\"@type\":\"ImageObject\",\"inLanguage\":\"cs\",\"@id\":\"https:\/\/www.koupelnapro.com\/index.php\/produkt\/znackovy-pilnik-trojhranny-dvojity-sek-100-mm-26719\/#primaryimage\",\"url\":\"https:\/\/www.koupelnapro.com\/wp-content\/uploads\/2026\/SK0003094-CZ20260425-092328-0-1777080210-0302530k-eps_large.webp\",\"contentUrl\":\"https:\/\/www.koupelnapro.com\/wp-content\/uploads\/2026\/SK0003094-CZ20260425-092328-0-1777080210-0302530k-eps_large.webp\",\"width\":500,\"height\":29},{\"@type\":\"BreadcrumbList\",\"@id\":\"https:\/\/www.koupelnapro.com\/index.php\/produkt\/znackovy-pilnik-trojhranny-dvojity-sek-100-mm-26719\/#breadcrumb\",\"itemListElement\":[{\"@type\":\"ListItem\",\"position\":1,\"name\":\"Home\",\"item\":\"https:\/\/www.koupelnapro.com\/\"},{\"@type\":\"ListItem\",\"position\":2,\"name\":\"Products\",\"item\":\"https:\/\/www.koupelnapro.com\/index.php\/products\/\"},{\"@type\":\"ListItem\",\"position\":3,\"name\":\"Zna\u010dkov\u00fd Piln\u00edk trojhrann\u00fd (dvojit\u00fd sek) 100 mm\"}]},{\"@type\":\"WebSite\",\"@id\":\"https:\/\/www.koupelnapro.com\/#website\",\"url\":\"https:\/\/www.koupelnapro.com\/\",\"name\":\"\",\"description\":\"\",\"potentialAction\":[{\"@type\":\"SearchAction\",\"target\":{\"@type\":\"EntryPoint\",\"urlTemplate\":\"https:\/\/www.koupelnapro.com\/?s={search_term_string}\"},\"query-input\":{\"@type\":\"PropertyValueSpecification\",\"valueRequired\":true,\"valueName\":\"search_term_string\"}}],\"inLanguage\":\"cs\"}]}<\/script>\n<!-- \/ Yoast SEO plugin. -->","yoast_head_json":{"title":"Zna\u010dkov\u00fd Piln\u00edk trojhrann\u00fd (dvojit\u00fd sek) 100 mm -","robots":{"index":"index","follow":"follow","max-snippet":"max-snippet:-1","max-image-preview":"max-image-preview:large","max-video-preview":"max-video-preview:-1"},"canonical":"https:\/\/www.koupelnapro.com\/index.php\/produkt\/znackovy-pilnik-trojhranny-dvojity-sek-100-mm-26719\/","og_locale":"cs_CZ","og_type":"article","og_title":"Zna\u010dkov\u00fd Piln\u00edk trojhrann\u00fd (dvojit\u00fd sek) 100 mm -","og_description":"Pr\u016f\u0159ez ve tvaru rovnostrann\u00e9ho troj\u00faheln\u00edku (v\u0161echny \u00fahly 60\u00b0). Zu\u017euje se sm\u011brem ke \u0161pi\u010dce. Pro pilov\u00e1n\u00ed ostr\u00fdch \u00fahl\u016f, vnit\u0159n\u00edch roh\u016f a rovinn\u00fdch povrch\u016f, za\u010di\u0161\u0165ov\u00e1n\u00ed pravo\u00fahl\u00fdch roh\u016fa pilov\u00e1n\u00ed n\u00e1stroj\u016f z rychlo\u0159ezn\u00e9 oceli po obr\u00e1b\u011bn\u00ed.Dvojit\u00fd sek:Dv\u011b soustavy diagon\u00e1ln\u00edch \u0159ad zub\u016f. Druh\u00e1 \u0159ada zub\u016f m\u00e1 opa\u010dn\u00fd sm\u011br ne\u017e prvn\u00ed a je naho\u0159e na prvn\u00ed \u0159ad\u011b. Prvn\u00ed \u0159ada se obvykle [&hellip;]","og_url":"https:\/\/www.koupelnapro.com\/index.php\/produkt\/znackovy-pilnik-trojhranny-dvojity-sek-100-mm-26719\/","og_image":[{"width":500,"height":29,"url":"https:\/\/www.koupelnapro.com\/wp-content\/uploads\/2026\/SK0003094-CZ20260425-092328-0-1777080210-0302530k-eps_large.webp","type":"image\/webp"}],"twitter_card":"summary_large_image","twitter_misc":{"Odhadovan\u00e1 doba \u010dten\u00ed":"1 minuta"},"schema":{"@context":"https:\/\/schema.org","@graph":[{"@type":"WebPage","@id":"https:\/\/www.koupelnapro.com\/index.php\/produkt\/znackovy-pilnik-trojhranny-dvojity-sek-100-mm-26719\/","url":"https:\/\/www.koupelnapro.com\/index.php\/produkt\/znackovy-pilnik-trojhranny-dvojity-sek-100-mm-26719\/","name":"Zna\u010dkov\u00fd Piln\u00edk trojhrann\u00fd (dvojit\u00fd sek) 100 mm -","isPartOf":{"@id":"https:\/\/www.koupelnapro.com\/#website"},"primaryImageOfPage":{"@id":"https:\/\/www.koupelnapro.com\/index.php\/produkt\/znackovy-pilnik-trojhranny-dvojity-sek-100-mm-26719\/#primaryimage"},"image":{"@id":"https:\/\/www.koupelnapro.com\/index.php\/produkt\/znackovy-pilnik-trojhranny-dvojity-sek-100-mm-26719\/#primaryimage"},"thumbnailUrl":"https:\/\/www.koupelnapro.com\/wp-content\/uploads\/2026\/SK0003094-CZ20260425-092328-0-1777080210-0302530k-eps_large.webp","datePublished":"2026-04-26T09:14:47+00:00","breadcrumb":{"@id":"https:\/\/www.koupelnapro.com\/index.php\/produkt\/znackovy-pilnik-trojhranny-dvojity-sek-100-mm-26719\/#breadcrumb"},"inLanguage":"cs","potentialAction":[{"@type":"ReadAction","target":["https:\/\/www.koupelnapro.com\/index.php\/produkt\/znackovy-pilnik-trojhranny-dvojity-sek-100-mm-26719\/"]}]},{"@type":"ImageObject","inLanguage":"cs","@id":"https:\/\/www.koupelnapro.com\/index.php\/produkt\/znackovy-pilnik-trojhranny-dvojity-sek-100-mm-26719\/#primaryimage","url":"https:\/\/www.koupelnapro.com\/wp-content\/uploads\/2026\/SK0003094-CZ20260425-092328-0-1777080210-0302530k-eps_large.webp","contentUrl":"https:\/\/www.koupelnapro.com\/wp-content\/uploads\/2026\/SK0003094-CZ20260425-092328-0-1777080210-0302530k-eps_large.webp","width":500,"height":29},{"@type":"BreadcrumbList","@id":"https:\/\/www.koupelnapro.com\/index.php\/produkt\/znackovy-pilnik-trojhranny-dvojity-sek-100-mm-26719\/#breadcrumb","itemListElement":[{"@type":"ListItem","position":1,"name":"Home","item":"https:\/\/www.koupelnapro.com\/"},{"@type":"ListItem","position":2,"name":"Products","item":"https:\/\/www.koupelnapro.com\/index.php\/products\/"},{"@type":"ListItem","position":3,"name":"Zna\u010dkov\u00fd Piln\u00edk trojhrann\u00fd (dvojit\u00fd sek) 100 mm"}]},{"@type":"WebSite","@id":"https:\/\/www.koupelnapro.com\/#website","url":"https:\/\/www.koupelnapro.com\/","name":"","description":"","potentialAction":[{"@type":"SearchAction","target":{"@type":"EntryPoint","urlTemplate":"https:\/\/www.koupelnapro.com\/?s={search_term_string}"},"query-input":{"@type":"PropertyValueSpecification","valueRequired":true,"valueName":"search_term_string"}}],"inLanguage":"cs"}]}},"_links":{"self":[{"href":"https:\/\/www.koupelnapro.com\/index.php\/wp-json\/wp\/v2\/product\/26719","targetHints":{"allow":["GET"]}}],"collection":[{"href":"https:\/\/www.koupelnapro.com\/index.php\/wp-json\/wp\/v2\/product"}],"about":[{"href":"https:\/\/www.koupelnapro.com\/index.php\/wp-json\/wp\/v2\/types\/product"}],"replies":[{"embeddable":true,"href":"https:\/\/www.koupelnapro.com\/index.php\/wp-json\/wp\/v2\/comments?post=26719"}],"wp:featuredmedia":[{"embeddable":true,"href":"https:\/\/www.koupelnapro.com\/index.php\/wp-json\/wp\/v2\/media\/26819"}],"wp:attachment":[{"href":"https:\/\/www.koupelnapro.com\/index.php\/wp-json\/wp\/v2\/media?parent=26719"}],"wp:term":[{"taxonomy":"product_brand","embeddable":true,"href":"https:\/\/www.koupelnapro.com\/index.php\/wp-json\/wp\/v2\/product_brand?post=26719"},{"taxonomy":"product_cat","embeddable":true,"href":"https:\/\/www.koupelnapro.com\/index.php\/wp-json\/wp\/v2\/product_cat?post=26719"},{"taxonomy":"product_tag","embeddable":true,"href":"https:\/\/www.koupelnapro.com\/index.php\/wp-json\/wp\/v2\/product_tag?post=26719"}],"curies":[{"name":"wp","href":"https:\/\/api.w.org\/{rel}","templated":true}]}}