{"id":26311,"date":"2026-04-26T09:14:45","date_gmt":"2026-04-26T09:14:45","guid":{"rendered":""},"modified":"2026-04-26T09:14:45","modified_gmt":"2026-04-26T09:14:45","slug":"rychle-dodani-lano-polyesterove-6-mm-x-100-m-26311","status":"publish","type":"product","link":"https:\/\/www.koupelnapro.com\/index.php\/produkt\/rychle-dodani-lano-polyesterove-6-mm-x-100-m-26311\/","title":{"rendered":"Rychl\u00e9 Dod\u00e1n\u00ed Lano polyesterov\u00e9 6 mm x 100 m"},"content":{"rendered":"<table>\n<div class=\"tab-pane active product-description\" id=\"popis\" role=\"tabpanel\">\n<div class=\"short-description\" itemprop=\"description\"><\/div>\n<div class=\"description\"><span class='bullet-line'>Vhodn\u00e9 pro stavebnictv\u00ed a v\u0161eobecn\u00e9 venkovn\u00ed pou\u017eit\u00ed.<br \/><\/span><span class='bullet-line'>Osm pramen\u016f s polyesterov\u00fdm j\u00e1drem.<br \/><\/span><span class='bullet-line'>Vysok\u00e1 pevnost v tahu, kruhov\u00fd pr\u016f\u0159ez.<br \/><\/span><span class='bullet-line'>Dob\u0159e se v\u00e1\u017ee a spl\u00e9t\u00e1.<br \/><\/span><span class='bullet-line'>Odoln\u00e9 proti opot\u0159eben\u00ed a od\u011bru, klimatick\u00fdm vliv\u016fm a UV z\u00e1\u0159en\u00ed.<br \/><\/span><span class='bullet-line'>Odoln\u00e9 proti organick\u00fdm a miner\u00e1ln\u00edm kyselin\u00e1m, oxidaci a \u0159ed\u011bn\u00fdm z\u00e1sadit\u00fdm roztok\u016fm.<br \/><\/span><span class='bullet-line'>M\u00e1lo pru\u017en\u00e9, dob\u0159e se odv\u00edj\u00ed.<\/span><\/div>\n<div class=\"parameters\">\n<tr>\n<td>Velikost (pr\u016fm\u011br x d\u00e9lka):<\/td>\n<td>6 mm x 100 m svinut\u00e9 v c\u00edvce<\/td>\n<\/tr>\n<tr>\n<td>Hmotnost:<\/td>\n<td>3,10 kg<\/td>\n<\/tr><\/div>\n<\/table>\n","protected":false},"excerpt":{"rendered":"<p>Vhodn\u00e9 pro stavebnictv\u00ed a v\u0161eobecn\u00e9 venkovn\u00ed pou\u017eit\u00ed.Osm pramen\u016f s polyesterov\u00fdm j\u00e1drem.Vysok\u00e1 pevnost v tahu, kruhov\u00fd pr\u016f\u0159ez.Dob\u0159e se v\u00e1\u017ee a spl\u00e9t\u00e1.Odoln\u00e9 proti opot\u0159eben\u00ed a od\u011bru, klimatick\u00fdm vliv\u016fm a UV z\u00e1\u0159en\u00ed.Odoln\u00e9 proti organick\u00fdm a miner\u00e1ln\u00edm kyselin\u00e1m, oxidaci a \u0159ed\u011bn\u00fdm z\u00e1sadit\u00fdm roztok\u016fm.M\u00e1lo pru\u017en\u00e9, dob\u0159e se odv\u00edj\u00ed. Velikost (pr\u016fm\u011br x d\u00e9lka): 6 mm x 100 m svinut\u00e9 v c\u00edvce [&hellip;]<\/p>\n","protected":false},"featured_media":26411,"comment_status":"open","ping_status":"open","template":"","meta":[],"product_brand":[],"product_cat":[101],"product_tag":[],"class_list":{"0":"post-26311","1":"product","2":"type-product","3":"status-publish","4":"has-post-thumbnail","6":"product_cat-ochranne-pomucky","8":"first","9":"instock","10":"sale","11":"shipping-taxable","12":"purchasable","13":"product-type-simple"},"yoast_head":"<!-- This site is optimized with the Yoast SEO plugin v26.8 - https:\/\/yoast.com\/product\/yoast-seo-wordpress\/ -->\n<title>Rychl\u00e9 Dod\u00e1n\u00ed Lano polyesterov\u00e9 6 mm x 100 m -<\/title>\n<meta name=\"robots\" content=\"index, follow, max-snippet:-1, max-image-preview:large, max-video-preview:-1\" \/>\n<link rel=\"canonical\" href=\"https:\/\/www.koupelnapro.com\/index.php\/produkt\/rychle-dodani-lano-polyesterove-6-mm-x-100-m-26311\/\" \/>\n<meta property=\"og:locale\" content=\"cs_CZ\" \/>\n<meta property=\"og:type\" content=\"article\" \/>\n<meta property=\"og:title\" content=\"Rychl\u00e9 Dod\u00e1n\u00ed Lano polyesterov\u00e9 6 mm x 100 m -\" \/>\n<meta property=\"og:description\" content=\"Vhodn\u00e9 pro stavebnictv\u00ed a v\u0161eobecn\u00e9 venkovn\u00ed pou\u017eit\u00ed.Osm pramen\u016f s polyesterov\u00fdm j\u00e1drem.Vysok\u00e1 pevnost v tahu, kruhov\u00fd pr\u016f\u0159ez.Dob\u0159e se v\u00e1\u017ee a spl\u00e9t\u00e1.Odoln\u00e9 proti opot\u0159eben\u00ed a od\u011bru, klimatick\u00fdm vliv\u016fm a UV z\u00e1\u0159en\u00ed.Odoln\u00e9 proti organick\u00fdm a miner\u00e1ln\u00edm kyselin\u00e1m, oxidaci a \u0159ed\u011bn\u00fdm z\u00e1sadit\u00fdm roztok\u016fm.M\u00e1lo pru\u017en\u00e9, dob\u0159e se odv\u00edj\u00ed. Velikost (pr\u016fm\u011br x d\u00e9lka): 6 mm x 100 m svinut\u00e9 v c\u00edvce [&hellip;]\" \/>\n<meta property=\"og:url\" content=\"https:\/\/www.koupelnapro.com\/index.php\/produkt\/rychle-dodani-lano-polyesterove-6-mm-x-100-m-26311\/\" \/>\n<meta property=\"og:image\" content=\"https:\/\/www.koupelnapro.com\/wp-content\/uploads\/2026\/SK0002886-CZ20260425-092328-0-1777080210-9785620k-eps_large.webp\" \/>\n\t<meta property=\"og:image:width\" content=\"500\" \/>\n\t<meta property=\"og:image:height\" content=\"464\" \/>\n\t<meta property=\"og:image:type\" content=\"image\/webp\" \/>\n<meta name=\"twitter:card\" content=\"summary_large_image\" \/>\n<script type=\"application\/ld+json\" class=\"yoast-schema-graph\">{\"@context\":\"https:\/\/schema.org\",\"@graph\":[{\"@type\":\"WebPage\",\"@id\":\"https:\/\/www.koupelnapro.com\/index.php\/produkt\/rychle-dodani-lano-polyesterove-6-mm-x-100-m-26311\/\",\"url\":\"https:\/\/www.koupelnapro.com\/index.php\/produkt\/rychle-dodani-lano-polyesterove-6-mm-x-100-m-26311\/\",\"name\":\"Rychl\u00e9 Dod\u00e1n\u00ed Lano polyesterov\u00e9 6 mm x 100 m -\",\"isPartOf\":{\"@id\":\"https:\/\/www.koupelnapro.com\/#website\"},\"primaryImageOfPage\":{\"@id\":\"https:\/\/www.koupelnapro.com\/index.php\/produkt\/rychle-dodani-lano-polyesterove-6-mm-x-100-m-26311\/#primaryimage\"},\"image\":{\"@id\":\"https:\/\/www.koupelnapro.com\/index.php\/produkt\/rychle-dodani-lano-polyesterove-6-mm-x-100-m-26311\/#primaryimage\"},\"thumbnailUrl\":\"https:\/\/www.koupelnapro.com\/wp-content\/uploads\/2026\/SK0002886-CZ20260425-092328-0-1777080210-9785620k-eps_large.webp\",\"datePublished\":\"2026-04-26T09:14:45+00:00\",\"breadcrumb\":{\"@id\":\"https:\/\/www.koupelnapro.com\/index.php\/produkt\/rychle-dodani-lano-polyesterove-6-mm-x-100-m-26311\/#breadcrumb\"},\"inLanguage\":\"cs\",\"potentialAction\":[{\"@type\":\"ReadAction\",\"target\":[\"https:\/\/www.koupelnapro.com\/index.php\/produkt\/rychle-dodani-lano-polyesterove-6-mm-x-100-m-26311\/\"]}]},{\"@type\":\"ImageObject\",\"inLanguage\":\"cs\",\"@id\":\"https:\/\/www.koupelnapro.com\/index.php\/produkt\/rychle-dodani-lano-polyesterove-6-mm-x-100-m-26311\/#primaryimage\",\"url\":\"https:\/\/www.koupelnapro.com\/wp-content\/uploads\/2026\/SK0002886-CZ20260425-092328-0-1777080210-9785620k-eps_large.webp\",\"contentUrl\":\"https:\/\/www.koupelnapro.com\/wp-content\/uploads\/2026\/SK0002886-CZ20260425-092328-0-1777080210-9785620k-eps_large.webp\",\"width\":500,\"height\":464},{\"@type\":\"BreadcrumbList\",\"@id\":\"https:\/\/www.koupelnapro.com\/index.php\/produkt\/rychle-dodani-lano-polyesterove-6-mm-x-100-m-26311\/#breadcrumb\",\"itemListElement\":[{\"@type\":\"ListItem\",\"position\":1,\"name\":\"Home\",\"item\":\"https:\/\/www.koupelnapro.com\/\"},{\"@type\":\"ListItem\",\"position\":2,\"name\":\"Products\",\"item\":\"https:\/\/www.koupelnapro.com\/index.php\/products\/\"},{\"@type\":\"ListItem\",\"position\":3,\"name\":\"Rychl\u00e9 Dod\u00e1n\u00ed Lano polyesterov\u00e9 6 mm x 100 m\"}]},{\"@type\":\"WebSite\",\"@id\":\"https:\/\/www.koupelnapro.com\/#website\",\"url\":\"https:\/\/www.koupelnapro.com\/\",\"name\":\"\",\"description\":\"\",\"potentialAction\":[{\"@type\":\"SearchAction\",\"target\":{\"@type\":\"EntryPoint\",\"urlTemplate\":\"https:\/\/www.koupelnapro.com\/?s={search_term_string}\"},\"query-input\":{\"@type\":\"PropertyValueSpecification\",\"valueRequired\":true,\"valueName\":\"search_term_string\"}}],\"inLanguage\":\"cs\"}]}<\/script>\n<!-- \/ Yoast SEO plugin. -->","yoast_head_json":{"title":"Rychl\u00e9 Dod\u00e1n\u00ed Lano polyesterov\u00e9 6 mm x 100 m -","robots":{"index":"index","follow":"follow","max-snippet":"max-snippet:-1","max-image-preview":"max-image-preview:large","max-video-preview":"max-video-preview:-1"},"canonical":"https:\/\/www.koupelnapro.com\/index.php\/produkt\/rychle-dodani-lano-polyesterove-6-mm-x-100-m-26311\/","og_locale":"cs_CZ","og_type":"article","og_title":"Rychl\u00e9 Dod\u00e1n\u00ed Lano polyesterov\u00e9 6 mm x 100 m -","og_description":"Vhodn\u00e9 pro stavebnictv\u00ed a v\u0161eobecn\u00e9 venkovn\u00ed pou\u017eit\u00ed.Osm pramen\u016f s polyesterov\u00fdm j\u00e1drem.Vysok\u00e1 pevnost v tahu, kruhov\u00fd pr\u016f\u0159ez.Dob\u0159e se v\u00e1\u017ee a spl\u00e9t\u00e1.Odoln\u00e9 proti opot\u0159eben\u00ed a od\u011bru, klimatick\u00fdm vliv\u016fm a UV z\u00e1\u0159en\u00ed.Odoln\u00e9 proti organick\u00fdm a miner\u00e1ln\u00edm kyselin\u00e1m, oxidaci a \u0159ed\u011bn\u00fdm z\u00e1sadit\u00fdm roztok\u016fm.M\u00e1lo pru\u017en\u00e9, dob\u0159e se odv\u00edj\u00ed. Velikost (pr\u016fm\u011br x d\u00e9lka): 6 mm x 100 m svinut\u00e9 v c\u00edvce [&hellip;]","og_url":"https:\/\/www.koupelnapro.com\/index.php\/produkt\/rychle-dodani-lano-polyesterove-6-mm-x-100-m-26311\/","og_image":[{"width":500,"height":464,"url":"https:\/\/www.koupelnapro.com\/wp-content\/uploads\/2026\/SK0002886-CZ20260425-092328-0-1777080210-9785620k-eps_large.webp","type":"image\/webp"}],"twitter_card":"summary_large_image","schema":{"@context":"https:\/\/schema.org","@graph":[{"@type":"WebPage","@id":"https:\/\/www.koupelnapro.com\/index.php\/produkt\/rychle-dodani-lano-polyesterove-6-mm-x-100-m-26311\/","url":"https:\/\/www.koupelnapro.com\/index.php\/produkt\/rychle-dodani-lano-polyesterove-6-mm-x-100-m-26311\/","name":"Rychl\u00e9 Dod\u00e1n\u00ed Lano polyesterov\u00e9 6 mm x 100 m -","isPartOf":{"@id":"https:\/\/www.koupelnapro.com\/#website"},"primaryImageOfPage":{"@id":"https:\/\/www.koupelnapro.com\/index.php\/produkt\/rychle-dodani-lano-polyesterove-6-mm-x-100-m-26311\/#primaryimage"},"image":{"@id":"https:\/\/www.koupelnapro.com\/index.php\/produkt\/rychle-dodani-lano-polyesterove-6-mm-x-100-m-26311\/#primaryimage"},"thumbnailUrl":"https:\/\/www.koupelnapro.com\/wp-content\/uploads\/2026\/SK0002886-CZ20260425-092328-0-1777080210-9785620k-eps_large.webp","datePublished":"2026-04-26T09:14:45+00:00","breadcrumb":{"@id":"https:\/\/www.koupelnapro.com\/index.php\/produkt\/rychle-dodani-lano-polyesterove-6-mm-x-100-m-26311\/#breadcrumb"},"inLanguage":"cs","potentialAction":[{"@type":"ReadAction","target":["https:\/\/www.koupelnapro.com\/index.php\/produkt\/rychle-dodani-lano-polyesterove-6-mm-x-100-m-26311\/"]}]},{"@type":"ImageObject","inLanguage":"cs","@id":"https:\/\/www.koupelnapro.com\/index.php\/produkt\/rychle-dodani-lano-polyesterove-6-mm-x-100-m-26311\/#primaryimage","url":"https:\/\/www.koupelnapro.com\/wp-content\/uploads\/2026\/SK0002886-CZ20260425-092328-0-1777080210-9785620k-eps_large.webp","contentUrl":"https:\/\/www.koupelnapro.com\/wp-content\/uploads\/2026\/SK0002886-CZ20260425-092328-0-1777080210-9785620k-eps_large.webp","width":500,"height":464},{"@type":"BreadcrumbList","@id":"https:\/\/www.koupelnapro.com\/index.php\/produkt\/rychle-dodani-lano-polyesterove-6-mm-x-100-m-26311\/#breadcrumb","itemListElement":[{"@type":"ListItem","position":1,"name":"Home","item":"https:\/\/www.koupelnapro.com\/"},{"@type":"ListItem","position":2,"name":"Products","item":"https:\/\/www.koupelnapro.com\/index.php\/products\/"},{"@type":"ListItem","position":3,"name":"Rychl\u00e9 Dod\u00e1n\u00ed Lano polyesterov\u00e9 6 mm x 100 m"}]},{"@type":"WebSite","@id":"https:\/\/www.koupelnapro.com\/#website","url":"https:\/\/www.koupelnapro.com\/","name":"","description":"","potentialAction":[{"@type":"SearchAction","target":{"@type":"EntryPoint","urlTemplate":"https:\/\/www.koupelnapro.com\/?s={search_term_string}"},"query-input":{"@type":"PropertyValueSpecification","valueRequired":true,"valueName":"search_term_string"}}],"inLanguage":"cs"}]}},"_links":{"self":[{"href":"https:\/\/www.koupelnapro.com\/index.php\/wp-json\/wp\/v2\/product\/26311","targetHints":{"allow":["GET"]}}],"collection":[{"href":"https:\/\/www.koupelnapro.com\/index.php\/wp-json\/wp\/v2\/product"}],"about":[{"href":"https:\/\/www.koupelnapro.com\/index.php\/wp-json\/wp\/v2\/types\/product"}],"replies":[{"embeddable":true,"href":"https:\/\/www.koupelnapro.com\/index.php\/wp-json\/wp\/v2\/comments?post=26311"}],"wp:featuredmedia":[{"embeddable":true,"href":"https:\/\/www.koupelnapro.com\/index.php\/wp-json\/wp\/v2\/media\/26411"}],"wp:attachment":[{"href":"https:\/\/www.koupelnapro.com\/index.php\/wp-json\/wp\/v2\/media?parent=26311"}],"wp:term":[{"taxonomy":"product_brand","embeddable":true,"href":"https:\/\/www.koupelnapro.com\/index.php\/wp-json\/wp\/v2\/product_brand?post=26311"},{"taxonomy":"product_cat","embeddable":true,"href":"https:\/\/www.koupelnapro.com\/index.php\/wp-json\/wp\/v2\/product_cat?post=26311"},{"taxonomy":"product_tag","embeddable":true,"href":"https:\/\/www.koupelnapro.com\/index.php\/wp-json\/wp\/v2\/product_tag?post=26311"}],"curies":[{"name":"wp","href":"https:\/\/api.w.org\/{rel}","templated":true}]}}