{"id":26310,"date":"2026-04-26T09:14:45","date_gmt":"2026-04-26T09:14:45","guid":{"rendered":""},"modified":"2026-04-26T09:14:45","modified_gmt":"2026-04-26T09:14:45","slug":"hit-sezony-lano-bavlnene-hladke-6-mm-x-10-m-26310","status":"publish","type":"product","link":"https:\/\/www.koupelnapro.com\/index.php\/produkt\/hit-sezony-lano-bavlnene-hladke-6-mm-x-10-m-26310\/","title":{"rendered":"Hit Sez\u00f3ny Lano bavln\u011bn\u00e9 hladk\u00e9 6 mm x 10 m"},"content":{"rendered":"<table>\n<div class=\"tab-pane active product-description\" id=\"popis\" role=\"tabpanel\">\n<div class=\"short-description\" itemprop=\"description\"><\/div>\n<div class=\"description\"><span class='bullet-line'>Lano vhodn\u00e9 pro stavebnictv\u00ed a dom\u00e1c\u00ed pr\u00e1ce, pro kladkostroje.<br \/><\/span><span class='bullet-line'>Dvan\u00e1ct pramen\u016f se 100% bavln\u011bn\u00fdm j\u00e1drem.<br \/><\/span><span class='bullet-line'>Hladk\u00e1 \u00faprava pro del\u0161\u00ed \u017eivotnost, kruhov\u00fd pr\u016f\u0159ez.<br \/><\/span><span class='bullet-line'>Barva b\u00edl\u00e1\/\u010derven\u00e1.<br \/><\/span><span class='bullet-line'>Vysoce odoln\u00e9 proti od\u011bru a vlhkosti. <br \/><\/span><span class='bullet-line'>M\u00e1lo pru\u017en\u00e9, dob\u0159e se odv\u00edj\u00ed.<\/span><\/div>\n<div class=\"parameters\">\n<tr>\n<td>Velikost (pr\u016fm\u011br x d\u00e9lka):<\/td>\n<td>6 mm x 10 m svinut\u00e9 ve smy\u010dk\u00e1ch<\/td>\n<\/tr>\n<tr>\n<td>Hmotnost:<\/td>\n<td>3.10 kg<\/td>\n<\/tr><\/div>\n<\/table>\n","protected":false},"excerpt":{"rendered":"<p>Lano vhodn\u00e9 pro stavebnictv\u00ed a dom\u00e1c\u00ed pr\u00e1ce, pro kladkostroje.Dvan\u00e1ct pramen\u016f se 100% bavln\u011bn\u00fdm j\u00e1drem.Hladk\u00e1 \u00faprava pro del\u0161\u00ed \u017eivotnost, kruhov\u00fd pr\u016f\u0159ez.Barva b\u00edl\u00e1\/\u010derven\u00e1.Vysoce odoln\u00e9 proti od\u011bru a vlhkosti. M\u00e1lo pru\u017en\u00e9, dob\u0159e se odv\u00edj\u00ed. Velikost (pr\u016fm\u011br x d\u00e9lka): 6 mm x 10 m svinut\u00e9 ve smy\u010dk\u00e1ch Hmotnost: 3.10 kg<\/p>\n","protected":false},"featured_media":26410,"comment_status":"open","ping_status":"open","template":"","meta":[],"product_brand":[],"product_cat":[101],"product_tag":[],"class_list":{"0":"post-26310","1":"product","2":"type-product","3":"status-publish","4":"has-post-thumbnail","6":"product_cat-ochranne-pomucky","8":"first","9":"instock","10":"sale","11":"shipping-taxable","12":"purchasable","13":"product-type-simple"},"yoast_head":"<!-- This site is optimized with the Yoast SEO plugin v26.8 - https:\/\/yoast.com\/product\/yoast-seo-wordpress\/ -->\n<title>Hit Sez\u00f3ny Lano bavln\u011bn\u00e9 hladk\u00e9 6 mm x 10 m -<\/title>\n<meta name=\"robots\" content=\"index, follow, max-snippet:-1, max-image-preview:large, max-video-preview:-1\" \/>\n<link rel=\"canonical\" href=\"https:\/\/www.koupelnapro.com\/index.php\/produkt\/hit-sezony-lano-bavlnene-hladke-6-mm-x-10-m-26310\/\" \/>\n<meta property=\"og:locale\" content=\"cs_CZ\" \/>\n<meta property=\"og:type\" content=\"article\" \/>\n<meta property=\"og:title\" content=\"Hit Sez\u00f3ny Lano bavln\u011bn\u00e9 hladk\u00e9 6 mm x 10 m -\" \/>\n<meta property=\"og:description\" content=\"Lano vhodn\u00e9 pro stavebnictv\u00ed a dom\u00e1c\u00ed pr\u00e1ce, pro kladkostroje.Dvan\u00e1ct pramen\u016f se 100% bavln\u011bn\u00fdm j\u00e1drem.Hladk\u00e1 \u00faprava pro del\u0161\u00ed \u017eivotnost, kruhov\u00fd pr\u016f\u0159ez.Barva b\u00edl\u00e1\/\u010derven\u00e1.Vysoce odoln\u00e9 proti od\u011bru a vlhkosti. M\u00e1lo pru\u017en\u00e9, dob\u0159e se odv\u00edj\u00ed. Velikost (pr\u016fm\u011br x d\u00e9lka): 6 mm x 10 m svinut\u00e9 ve smy\u010dk\u00e1ch Hmotnost: 3.10 kg\" \/>\n<meta property=\"og:url\" content=\"https:\/\/www.koupelnapro.com\/index.php\/produkt\/hit-sezony-lano-bavlnene-hladke-6-mm-x-10-m-26310\/\" \/>\n<meta property=\"og:image\" content=\"https:\/\/www.koupelnapro.com\/wp-content\/uploads\/2026\/SK0002885-CZ20260425-092328-0-1777080210-9785910k-eps_large.webp\" \/>\n\t<meta property=\"og:image:width\" content=\"500\" \/>\n\t<meta property=\"og:image:height\" content=\"85\" \/>\n\t<meta property=\"og:image:type\" content=\"image\/webp\" \/>\n<meta name=\"twitter:card\" content=\"summary_large_image\" \/>\n<script type=\"application\/ld+json\" class=\"yoast-schema-graph\">{\"@context\":\"https:\/\/schema.org\",\"@graph\":[{\"@type\":\"WebPage\",\"@id\":\"https:\/\/www.koupelnapro.com\/index.php\/produkt\/hit-sezony-lano-bavlnene-hladke-6-mm-x-10-m-26310\/\",\"url\":\"https:\/\/www.koupelnapro.com\/index.php\/produkt\/hit-sezony-lano-bavlnene-hladke-6-mm-x-10-m-26310\/\",\"name\":\"Hit Sez\u00f3ny Lano bavln\u011bn\u00e9 hladk\u00e9 6 mm x 10 m -\",\"isPartOf\":{\"@id\":\"https:\/\/www.koupelnapro.com\/#website\"},\"primaryImageOfPage\":{\"@id\":\"https:\/\/www.koupelnapro.com\/index.php\/produkt\/hit-sezony-lano-bavlnene-hladke-6-mm-x-10-m-26310\/#primaryimage\"},\"image\":{\"@id\":\"https:\/\/www.koupelnapro.com\/index.php\/produkt\/hit-sezony-lano-bavlnene-hladke-6-mm-x-10-m-26310\/#primaryimage\"},\"thumbnailUrl\":\"https:\/\/www.koupelnapro.com\/wp-content\/uploads\/2026\/SK0002885-CZ20260425-092328-0-1777080210-9785910k-eps_large.webp\",\"datePublished\":\"2026-04-26T09:14:45+00:00\",\"breadcrumb\":{\"@id\":\"https:\/\/www.koupelnapro.com\/index.php\/produkt\/hit-sezony-lano-bavlnene-hladke-6-mm-x-10-m-26310\/#breadcrumb\"},\"inLanguage\":\"cs\",\"potentialAction\":[{\"@type\":\"ReadAction\",\"target\":[\"https:\/\/www.koupelnapro.com\/index.php\/produkt\/hit-sezony-lano-bavlnene-hladke-6-mm-x-10-m-26310\/\"]}]},{\"@type\":\"ImageObject\",\"inLanguage\":\"cs\",\"@id\":\"https:\/\/www.koupelnapro.com\/index.php\/produkt\/hit-sezony-lano-bavlnene-hladke-6-mm-x-10-m-26310\/#primaryimage\",\"url\":\"https:\/\/www.koupelnapro.com\/wp-content\/uploads\/2026\/SK0002885-CZ20260425-092328-0-1777080210-9785910k-eps_large.webp\",\"contentUrl\":\"https:\/\/www.koupelnapro.com\/wp-content\/uploads\/2026\/SK0002885-CZ20260425-092328-0-1777080210-9785910k-eps_large.webp\",\"width\":500,\"height\":85},{\"@type\":\"BreadcrumbList\",\"@id\":\"https:\/\/www.koupelnapro.com\/index.php\/produkt\/hit-sezony-lano-bavlnene-hladke-6-mm-x-10-m-26310\/#breadcrumb\",\"itemListElement\":[{\"@type\":\"ListItem\",\"position\":1,\"name\":\"Home\",\"item\":\"https:\/\/www.koupelnapro.com\/\"},{\"@type\":\"ListItem\",\"position\":2,\"name\":\"Products\",\"item\":\"https:\/\/www.koupelnapro.com\/index.php\/products\/\"},{\"@type\":\"ListItem\",\"position\":3,\"name\":\"Hit Sez\u00f3ny Lano bavln\u011bn\u00e9 hladk\u00e9 6 mm x 10 m\"}]},{\"@type\":\"WebSite\",\"@id\":\"https:\/\/www.koupelnapro.com\/#website\",\"url\":\"https:\/\/www.koupelnapro.com\/\",\"name\":\"\",\"description\":\"\",\"potentialAction\":[{\"@type\":\"SearchAction\",\"target\":{\"@type\":\"EntryPoint\",\"urlTemplate\":\"https:\/\/www.koupelnapro.com\/?s={search_term_string}\"},\"query-input\":{\"@type\":\"PropertyValueSpecification\",\"valueRequired\":true,\"valueName\":\"search_term_string\"}}],\"inLanguage\":\"cs\"}]}<\/script>\n<!-- \/ Yoast SEO plugin. -->","yoast_head_json":{"title":"Hit Sez\u00f3ny Lano bavln\u011bn\u00e9 hladk\u00e9 6 mm x 10 m -","robots":{"index":"index","follow":"follow","max-snippet":"max-snippet:-1","max-image-preview":"max-image-preview:large","max-video-preview":"max-video-preview:-1"},"canonical":"https:\/\/www.koupelnapro.com\/index.php\/produkt\/hit-sezony-lano-bavlnene-hladke-6-mm-x-10-m-26310\/","og_locale":"cs_CZ","og_type":"article","og_title":"Hit Sez\u00f3ny Lano bavln\u011bn\u00e9 hladk\u00e9 6 mm x 10 m -","og_description":"Lano vhodn\u00e9 pro stavebnictv\u00ed a dom\u00e1c\u00ed pr\u00e1ce, pro kladkostroje.Dvan\u00e1ct pramen\u016f se 100% bavln\u011bn\u00fdm j\u00e1drem.Hladk\u00e1 \u00faprava pro del\u0161\u00ed \u017eivotnost, kruhov\u00fd pr\u016f\u0159ez.Barva b\u00edl\u00e1\/\u010derven\u00e1.Vysoce odoln\u00e9 proti od\u011bru a vlhkosti. M\u00e1lo pru\u017en\u00e9, dob\u0159e se odv\u00edj\u00ed. Velikost (pr\u016fm\u011br x d\u00e9lka): 6 mm x 10 m svinut\u00e9 ve smy\u010dk\u00e1ch Hmotnost: 3.10 kg","og_url":"https:\/\/www.koupelnapro.com\/index.php\/produkt\/hit-sezony-lano-bavlnene-hladke-6-mm-x-10-m-26310\/","og_image":[{"width":500,"height":85,"url":"https:\/\/www.koupelnapro.com\/wp-content\/uploads\/2026\/SK0002885-CZ20260425-092328-0-1777080210-9785910k-eps_large.webp","type":"image\/webp"}],"twitter_card":"summary_large_image","schema":{"@context":"https:\/\/schema.org","@graph":[{"@type":"WebPage","@id":"https:\/\/www.koupelnapro.com\/index.php\/produkt\/hit-sezony-lano-bavlnene-hladke-6-mm-x-10-m-26310\/","url":"https:\/\/www.koupelnapro.com\/index.php\/produkt\/hit-sezony-lano-bavlnene-hladke-6-mm-x-10-m-26310\/","name":"Hit Sez\u00f3ny Lano bavln\u011bn\u00e9 hladk\u00e9 6 mm x 10 m -","isPartOf":{"@id":"https:\/\/www.koupelnapro.com\/#website"},"primaryImageOfPage":{"@id":"https:\/\/www.koupelnapro.com\/index.php\/produkt\/hit-sezony-lano-bavlnene-hladke-6-mm-x-10-m-26310\/#primaryimage"},"image":{"@id":"https:\/\/www.koupelnapro.com\/index.php\/produkt\/hit-sezony-lano-bavlnene-hladke-6-mm-x-10-m-26310\/#primaryimage"},"thumbnailUrl":"https:\/\/www.koupelnapro.com\/wp-content\/uploads\/2026\/SK0002885-CZ20260425-092328-0-1777080210-9785910k-eps_large.webp","datePublished":"2026-04-26T09:14:45+00:00","breadcrumb":{"@id":"https:\/\/www.koupelnapro.com\/index.php\/produkt\/hit-sezony-lano-bavlnene-hladke-6-mm-x-10-m-26310\/#breadcrumb"},"inLanguage":"cs","potentialAction":[{"@type":"ReadAction","target":["https:\/\/www.koupelnapro.com\/index.php\/produkt\/hit-sezony-lano-bavlnene-hladke-6-mm-x-10-m-26310\/"]}]},{"@type":"ImageObject","inLanguage":"cs","@id":"https:\/\/www.koupelnapro.com\/index.php\/produkt\/hit-sezony-lano-bavlnene-hladke-6-mm-x-10-m-26310\/#primaryimage","url":"https:\/\/www.koupelnapro.com\/wp-content\/uploads\/2026\/SK0002885-CZ20260425-092328-0-1777080210-9785910k-eps_large.webp","contentUrl":"https:\/\/www.koupelnapro.com\/wp-content\/uploads\/2026\/SK0002885-CZ20260425-092328-0-1777080210-9785910k-eps_large.webp","width":500,"height":85},{"@type":"BreadcrumbList","@id":"https:\/\/www.koupelnapro.com\/index.php\/produkt\/hit-sezony-lano-bavlnene-hladke-6-mm-x-10-m-26310\/#breadcrumb","itemListElement":[{"@type":"ListItem","position":1,"name":"Home","item":"https:\/\/www.koupelnapro.com\/"},{"@type":"ListItem","position":2,"name":"Products","item":"https:\/\/www.koupelnapro.com\/index.php\/products\/"},{"@type":"ListItem","position":3,"name":"Hit Sez\u00f3ny Lano bavln\u011bn\u00e9 hladk\u00e9 6 mm x 10 m"}]},{"@type":"WebSite","@id":"https:\/\/www.koupelnapro.com\/#website","url":"https:\/\/www.koupelnapro.com\/","name":"","description":"","potentialAction":[{"@type":"SearchAction","target":{"@type":"EntryPoint","urlTemplate":"https:\/\/www.koupelnapro.com\/?s={search_term_string}"},"query-input":{"@type":"PropertyValueSpecification","valueRequired":true,"valueName":"search_term_string"}}],"inLanguage":"cs"}]}},"_links":{"self":[{"href":"https:\/\/www.koupelnapro.com\/index.php\/wp-json\/wp\/v2\/product\/26310","targetHints":{"allow":["GET"]}}],"collection":[{"href":"https:\/\/www.koupelnapro.com\/index.php\/wp-json\/wp\/v2\/product"}],"about":[{"href":"https:\/\/www.koupelnapro.com\/index.php\/wp-json\/wp\/v2\/types\/product"}],"replies":[{"embeddable":true,"href":"https:\/\/www.koupelnapro.com\/index.php\/wp-json\/wp\/v2\/comments?post=26310"}],"wp:featuredmedia":[{"embeddable":true,"href":"https:\/\/www.koupelnapro.com\/index.php\/wp-json\/wp\/v2\/media\/26410"}],"wp:attachment":[{"href":"https:\/\/www.koupelnapro.com\/index.php\/wp-json\/wp\/v2\/media?parent=26310"}],"wp:term":[{"taxonomy":"product_brand","embeddable":true,"href":"https:\/\/www.koupelnapro.com\/index.php\/wp-json\/wp\/v2\/product_brand?post=26310"},{"taxonomy":"product_cat","embeddable":true,"href":"https:\/\/www.koupelnapro.com\/index.php\/wp-json\/wp\/v2\/product_cat?post=26310"},{"taxonomy":"product_tag","embeddable":true,"href":"https:\/\/www.koupelnapro.com\/index.php\/wp-json\/wp\/v2\/product_tag?post=26310"}],"curies":[{"name":"wp","href":"https:\/\/api.w.org\/{rel}","templated":true}]}}