{"id":26126,"date":"2026-04-26T09:14:43","date_gmt":"2026-04-26T09:14:43","guid":{"rendered":""},"modified":"2026-04-26T09:14:43","modified_gmt":"2026-04-26T09:14:43","slug":"box-na-naradi-prenosny-se-6-zasuvkami-670-x-315-x-385-mm-cenova-bomba-26126","status":"publish","type":"product","link":"https:\/\/www.koupelnapro.com\/index.php\/produkt\/box-na-naradi-prenosny-se-6-zasuvkami-670-x-315-x-385-mm-cenova-bomba-26126\/","title":{"rendered":"Box na n\u00e1\u0159ad\u00ed p\u0159enosn\u00fd se 6 z\u00e1suvkami 670 x 315 x 385 mm Cenov\u00e1 Bomba"},"content":{"rendered":"<table>\n<div class=\"tab-pane active product-description\" id=\"popis\" role=\"tabpanel\">\n<div class=\"short-description\" itemprop=\"description\"><\/div>\n<div class=\"description\"><span class='bullet-line'>Jsou vyrobeny z kvalitn\u00ed oceli.<br \/><\/span><span class='bullet-line'>Vynikaj\u00edc\u00ed vzhled a ochranu jim zaru\u010duje povrch smaltovan\u00fd v elektrick\u00e9m poli.<br \/><\/span><span class='bullet-line'>Ocelov\u00e1 v\u00fdpl\u0148 dod\u00e1v\u00e1 z\u00e1suvk\u00e1m tuhost, z\u00e1suvky se pohybuj\u00ed na kuli\u010dkov\u00fdch lo\u017eisk\u00e1ch.<br \/><\/span><span class='bullet-line'>Dod\u00e1v\u00e1me s oblo\u017een\u00edm z\u00e1suvek a horn\u00ed roho\u017e\u00ed.<br \/><\/span><span class='bullet-line'>N\u00e1hradn\u00ed d\u00edly &#8211; Objednac\u00ed k\u00f3d<br \/><\/span>Z\u00e1mek SPR-567-7240K<br \/>Polotovar kl\u00ed\u010de SPR-567-7320K<br \/>Pojezd SPR-567-7000K<br \/>Roho\u017e SPR-567-6950K<br \/>Oblo\u017een\u00ed z\u00e1suvek SPR-567-6610K<\/div>\n<div class=\"parameters\">\n<tr>\n<td>Barva<\/td>\n<td>\u010cerven\u00e9 [-]<\/td>\n<\/tr>\n<tr>\n<td>\u010c\u00e1rov\u00fd k\u00f3d EAN13<\/td>\n<td>5036140004511<\/td>\n<\/tr>\n<tr>\n<td>eCl@ss k\u00f3d<\/td>\n<td>21100490<\/td>\n<\/tr>\n<tr>\n<td>Celkov\u00e1 hloubka<\/td>\n<td>315 mm<\/td>\n<\/tr>\n<tr>\n<td>Celkov\u00e1 v\u00fd\u0161ka<\/td>\n<td>385 mm<\/td>\n<\/tr>\n<tr>\n<td>Celkov\u00e1 \u0161\u00ed\u0159ka<\/td>\n<td>690 mm<\/td>\n<\/tr>\n<tr>\n<td>Dodavatel d\u00edl \u010d.<\/td>\n<td>5945240K<\/td>\n<\/tr>\n<tr>\n<td>Kodex UNSPSC<\/td>\n<td>24112401<\/td>\n<\/tr>\n<tr>\n<td>Hmotnost<\/td>\n<td>44,0 kg<\/td>\n<\/tr>\n<tr>\n<td>Barva<\/td>\n<td>\u010cerven\u00e9<\/td>\n<\/tr>\n<tr>\n<td>Nosnost z\u00e1suvky<\/td>\n<td>125 x 285 x 50 mm &#8211; 10; 280 x 285 x 50 mm &#8211; 10; 590 x 285 x 100 mm &#8211; 15; 590 x 285 x 50 mm &#8211; 15 kg<\/td>\n<\/tr>\n<tr>\n<td>Mobilita<\/td>\n<td>Heavy Duty Hrudn\u00ed Rukoje\u0165<\/td>\n<\/tr>\n<tr>\n<td>Po\u010det z\u00e1suvek<\/td>\n<td>6<\/td>\n<\/tr>\n<tr>\n<td>Celkov\u00e1 v\u00fd\u0161ka<\/td>\n<td>385 mm<\/td>\n<\/tr>\n<tr>\n<td>Celkov\u00e1 d\u00e9lka<\/td>\n<td>690 mm<\/td>\n<\/tr>\n<tr>\n<td>Celkov\u00e1 \u0161\u00ed\u0159ka<\/td>\n<td>315 mm<\/td>\n<\/tr>\n<tr>\n<td>Produktov\u00e1 \u0159ada<\/td>\n<td>Profesion\u00e1ln\u00ed<\/td>\n<\/tr>\n<tr>\n<td>Typ produktu<\/td>\n<td>Truhla na n\u00e1\u0159ad\u00ed<\/td>\n<\/tr>\n<tr>\n<td>Bezpe\u010dnostn\u00ed<\/td>\n<td>Centr\u00e1ln\u00ed zamykac\u00ed syst\u00e9m<\/td>\n<\/tr>\n<tr>\n<td>Hmotnost<\/td>\n<td>44 kg<\/td>\n<\/tr><\/div>\n<\/table>\n","protected":false},"excerpt":{"rendered":"<p>Jsou vyrobeny z kvalitn\u00ed oceli.Vynikaj\u00edc\u00ed vzhled a ochranu jim zaru\u010duje povrch smaltovan\u00fd v elektrick\u00e9m poli.Ocelov\u00e1 v\u00fdpl\u0148 dod\u00e1v\u00e1 z\u00e1suvk\u00e1m tuhost, z\u00e1suvky se pohybuj\u00ed na kuli\u010dkov\u00fdch lo\u017eisk\u00e1ch.Dod\u00e1v\u00e1me s oblo\u017een\u00edm z\u00e1suvek a horn\u00ed roho\u017e\u00ed.N\u00e1hradn\u00ed d\u00edly &#8211; Objednac\u00ed k\u00f3dZ\u00e1mek SPR-567-7240KPolotovar kl\u00ed\u010de SPR-567-7320KPojezd SPR-567-7000KRoho\u017e SPR-567-6950KOblo\u017een\u00ed z\u00e1suvek SPR-567-6610K Barva \u010cerven\u00e9 [-] \u010c\u00e1rov\u00fd k\u00f3d EAN13 5036140004511 eCl@ss k\u00f3d 21100490 Celkov\u00e1 hloubka 315 [&hellip;]<\/p>\n","protected":false},"featured_media":26226,"comment_status":"open","ping_status":"open","template":"","meta":[],"product_brand":[],"product_cat":[100],"product_tag":[],"class_list":{"0":"post-26126","1":"product","2":"type-product","3":"status-publish","4":"has-post-thumbnail","6":"product_cat-dilna","8":"first","9":"instock","10":"sale","11":"shipping-taxable","12":"purchasable","13":"product-type-simple"},"yoast_head":"<!-- This site is optimized with the Yoast SEO plugin v26.8 - https:\/\/yoast.com\/product\/yoast-seo-wordpress\/ -->\n<title>Box na n\u00e1\u0159ad\u00ed p\u0159enosn\u00fd se 6 z\u00e1suvkami 670 x 315 x 385 mm Cenov\u00e1 Bomba -<\/title>\n<meta name=\"robots\" content=\"index, follow, max-snippet:-1, max-image-preview:large, max-video-preview:-1\" \/>\n<link rel=\"canonical\" href=\"https:\/\/www.koupelnapro.com\/index.php\/produkt\/box-na-naradi-prenosny-se-6-zasuvkami-670-x-315-x-385-mm-cenova-bomba-26126\/\" \/>\n<meta property=\"og:locale\" content=\"cs_CZ\" \/>\n<meta property=\"og:type\" content=\"article\" \/>\n<meta property=\"og:title\" content=\"Box na n\u00e1\u0159ad\u00ed p\u0159enosn\u00fd se 6 z\u00e1suvkami 670 x 315 x 385 mm Cenov\u00e1 Bomba -\" \/>\n<meta property=\"og:description\" content=\"Jsou vyrobeny z kvalitn\u00ed oceli.Vynikaj\u00edc\u00ed vzhled a ochranu jim zaru\u010duje povrch smaltovan\u00fd v elektrick\u00e9m poli.Ocelov\u00e1 v\u00fdpl\u0148 dod\u00e1v\u00e1 z\u00e1suvk\u00e1m tuhost, z\u00e1suvky se pohybuj\u00ed na kuli\u010dkov\u00fdch lo\u017eisk\u00e1ch.Dod\u00e1v\u00e1me s oblo\u017een\u00edm z\u00e1suvek a horn\u00ed roho\u017e\u00ed.N\u00e1hradn\u00ed d\u00edly &#8211; Objednac\u00ed k\u00f3dZ\u00e1mek SPR-567-7240KPolotovar kl\u00ed\u010de SPR-567-7320KPojezd SPR-567-7000KRoho\u017e SPR-567-6950KOblo\u017een\u00ed z\u00e1suvek SPR-567-6610K Barva \u010cerven\u00e9 [-] \u010c\u00e1rov\u00fd k\u00f3d EAN13 5036140004511 eCl@ss k\u00f3d 21100490 Celkov\u00e1 hloubka 315 [&hellip;]\" \/>\n<meta property=\"og:url\" content=\"https:\/\/www.koupelnapro.com\/index.php\/produkt\/box-na-naradi-prenosny-se-6-zasuvkami-670-x-315-x-385-mm-cenova-bomba-26126\/\" \/>\n<meta property=\"og:image\" content=\"https:\/\/www.koupelnapro.com\/wp-content\/uploads\/2026\/SK0002799-CZ20260425-092328-0-1777080210-ken5945200k_2.webp\" \/>\n\t<meta property=\"og:image:width\" content=\"200\" \/>\n\t<meta property=\"og:image:height\" content=\"200\" \/>\n\t<meta property=\"og:image:type\" content=\"image\/webp\" \/>\n<meta name=\"twitter:card\" content=\"summary_large_image\" \/>\n<meta name=\"twitter:label1\" content=\"Odhadovan\u00e1 doba \u010dten\u00ed\" \/>\n\t<meta name=\"twitter:data1\" content=\"1 minuta\" \/>\n<script type=\"application\/ld+json\" class=\"yoast-schema-graph\">{\"@context\":\"https:\/\/schema.org\",\"@graph\":[{\"@type\":\"WebPage\",\"@id\":\"https:\/\/www.koupelnapro.com\/index.php\/produkt\/box-na-naradi-prenosny-se-6-zasuvkami-670-x-315-x-385-mm-cenova-bomba-26126\/\",\"url\":\"https:\/\/www.koupelnapro.com\/index.php\/produkt\/box-na-naradi-prenosny-se-6-zasuvkami-670-x-315-x-385-mm-cenova-bomba-26126\/\",\"name\":\"Box na n\u00e1\u0159ad\u00ed p\u0159enosn\u00fd se 6 z\u00e1suvkami 670 x 315 x 385 mm Cenov\u00e1 Bomba -\",\"isPartOf\":{\"@id\":\"https:\/\/www.koupelnapro.com\/#website\"},\"primaryImageOfPage\":{\"@id\":\"https:\/\/www.koupelnapro.com\/index.php\/produkt\/box-na-naradi-prenosny-se-6-zasuvkami-670-x-315-x-385-mm-cenova-bomba-26126\/#primaryimage\"},\"image\":{\"@id\":\"https:\/\/www.koupelnapro.com\/index.php\/produkt\/box-na-naradi-prenosny-se-6-zasuvkami-670-x-315-x-385-mm-cenova-bomba-26126\/#primaryimage\"},\"thumbnailUrl\":\"https:\/\/www.koupelnapro.com\/wp-content\/uploads\/2026\/SK0002799-CZ20260425-092328-0-1777080210-ken5945200k_2.webp\",\"datePublished\":\"2026-04-26T09:14:43+00:00\",\"breadcrumb\":{\"@id\":\"https:\/\/www.koupelnapro.com\/index.php\/produkt\/box-na-naradi-prenosny-se-6-zasuvkami-670-x-315-x-385-mm-cenova-bomba-26126\/#breadcrumb\"},\"inLanguage\":\"cs\",\"potentialAction\":[{\"@type\":\"ReadAction\",\"target\":[\"https:\/\/www.koupelnapro.com\/index.php\/produkt\/box-na-naradi-prenosny-se-6-zasuvkami-670-x-315-x-385-mm-cenova-bomba-26126\/\"]}]},{\"@type\":\"ImageObject\",\"inLanguage\":\"cs\",\"@id\":\"https:\/\/www.koupelnapro.com\/index.php\/produkt\/box-na-naradi-prenosny-se-6-zasuvkami-670-x-315-x-385-mm-cenova-bomba-26126\/#primaryimage\",\"url\":\"https:\/\/www.koupelnapro.com\/wp-content\/uploads\/2026\/SK0002799-CZ20260425-092328-0-1777080210-ken5945200k_2.webp\",\"contentUrl\":\"https:\/\/www.koupelnapro.com\/wp-content\/uploads\/2026\/SK0002799-CZ20260425-092328-0-1777080210-ken5945200k_2.webp\",\"width\":200,\"height\":200},{\"@type\":\"BreadcrumbList\",\"@id\":\"https:\/\/www.koupelnapro.com\/index.php\/produkt\/box-na-naradi-prenosny-se-6-zasuvkami-670-x-315-x-385-mm-cenova-bomba-26126\/#breadcrumb\",\"itemListElement\":[{\"@type\":\"ListItem\",\"position\":1,\"name\":\"Home\",\"item\":\"https:\/\/www.koupelnapro.com\/\"},{\"@type\":\"ListItem\",\"position\":2,\"name\":\"Products\",\"item\":\"https:\/\/www.koupelnapro.com\/index.php\/products\/\"},{\"@type\":\"ListItem\",\"position\":3,\"name\":\"Box na n\u00e1\u0159ad\u00ed p\u0159enosn\u00fd se 6 z\u00e1suvkami 670 x 315 x 385 mm Cenov\u00e1 Bomba\"}]},{\"@type\":\"WebSite\",\"@id\":\"https:\/\/www.koupelnapro.com\/#website\",\"url\":\"https:\/\/www.koupelnapro.com\/\",\"name\":\"\",\"description\":\"\",\"potentialAction\":[{\"@type\":\"SearchAction\",\"target\":{\"@type\":\"EntryPoint\",\"urlTemplate\":\"https:\/\/www.koupelnapro.com\/?s={search_term_string}\"},\"query-input\":{\"@type\":\"PropertyValueSpecification\",\"valueRequired\":true,\"valueName\":\"search_term_string\"}}],\"inLanguage\":\"cs\"}]}<\/script>\n<!-- \/ Yoast SEO plugin. -->","yoast_head_json":{"title":"Box na n\u00e1\u0159ad\u00ed p\u0159enosn\u00fd se 6 z\u00e1suvkami 670 x 315 x 385 mm Cenov\u00e1 Bomba -","robots":{"index":"index","follow":"follow","max-snippet":"max-snippet:-1","max-image-preview":"max-image-preview:large","max-video-preview":"max-video-preview:-1"},"canonical":"https:\/\/www.koupelnapro.com\/index.php\/produkt\/box-na-naradi-prenosny-se-6-zasuvkami-670-x-315-x-385-mm-cenova-bomba-26126\/","og_locale":"cs_CZ","og_type":"article","og_title":"Box na n\u00e1\u0159ad\u00ed p\u0159enosn\u00fd se 6 z\u00e1suvkami 670 x 315 x 385 mm Cenov\u00e1 Bomba -","og_description":"Jsou vyrobeny z kvalitn\u00ed oceli.Vynikaj\u00edc\u00ed vzhled a ochranu jim zaru\u010duje povrch smaltovan\u00fd v elektrick\u00e9m poli.Ocelov\u00e1 v\u00fdpl\u0148 dod\u00e1v\u00e1 z\u00e1suvk\u00e1m tuhost, z\u00e1suvky se pohybuj\u00ed na kuli\u010dkov\u00fdch lo\u017eisk\u00e1ch.Dod\u00e1v\u00e1me s oblo\u017een\u00edm z\u00e1suvek a horn\u00ed roho\u017e\u00ed.N\u00e1hradn\u00ed d\u00edly &#8211; Objednac\u00ed k\u00f3dZ\u00e1mek SPR-567-7240KPolotovar kl\u00ed\u010de SPR-567-7320KPojezd SPR-567-7000KRoho\u017e SPR-567-6950KOblo\u017een\u00ed z\u00e1suvek SPR-567-6610K Barva \u010cerven\u00e9 [-] \u010c\u00e1rov\u00fd k\u00f3d EAN13 5036140004511 eCl@ss k\u00f3d 21100490 Celkov\u00e1 hloubka 315 [&hellip;]","og_url":"https:\/\/www.koupelnapro.com\/index.php\/produkt\/box-na-naradi-prenosny-se-6-zasuvkami-670-x-315-x-385-mm-cenova-bomba-26126\/","og_image":[{"width":200,"height":200,"url":"https:\/\/www.koupelnapro.com\/wp-content\/uploads\/2026\/SK0002799-CZ20260425-092328-0-1777080210-ken5945200k_2.webp","type":"image\/webp"}],"twitter_card":"summary_large_image","twitter_misc":{"Odhadovan\u00e1 doba \u010dten\u00ed":"1 minuta"},"schema":{"@context":"https:\/\/schema.org","@graph":[{"@type":"WebPage","@id":"https:\/\/www.koupelnapro.com\/index.php\/produkt\/box-na-naradi-prenosny-se-6-zasuvkami-670-x-315-x-385-mm-cenova-bomba-26126\/","url":"https:\/\/www.koupelnapro.com\/index.php\/produkt\/box-na-naradi-prenosny-se-6-zasuvkami-670-x-315-x-385-mm-cenova-bomba-26126\/","name":"Box na n\u00e1\u0159ad\u00ed p\u0159enosn\u00fd se 6 z\u00e1suvkami 670 x 315 x 385 mm Cenov\u00e1 Bomba -","isPartOf":{"@id":"https:\/\/www.koupelnapro.com\/#website"},"primaryImageOfPage":{"@id":"https:\/\/www.koupelnapro.com\/index.php\/produkt\/box-na-naradi-prenosny-se-6-zasuvkami-670-x-315-x-385-mm-cenova-bomba-26126\/#primaryimage"},"image":{"@id":"https:\/\/www.koupelnapro.com\/index.php\/produkt\/box-na-naradi-prenosny-se-6-zasuvkami-670-x-315-x-385-mm-cenova-bomba-26126\/#primaryimage"},"thumbnailUrl":"https:\/\/www.koupelnapro.com\/wp-content\/uploads\/2026\/SK0002799-CZ20260425-092328-0-1777080210-ken5945200k_2.webp","datePublished":"2026-04-26T09:14:43+00:00","breadcrumb":{"@id":"https:\/\/www.koupelnapro.com\/index.php\/produkt\/box-na-naradi-prenosny-se-6-zasuvkami-670-x-315-x-385-mm-cenova-bomba-26126\/#breadcrumb"},"inLanguage":"cs","potentialAction":[{"@type":"ReadAction","target":["https:\/\/www.koupelnapro.com\/index.php\/produkt\/box-na-naradi-prenosny-se-6-zasuvkami-670-x-315-x-385-mm-cenova-bomba-26126\/"]}]},{"@type":"ImageObject","inLanguage":"cs","@id":"https:\/\/www.koupelnapro.com\/index.php\/produkt\/box-na-naradi-prenosny-se-6-zasuvkami-670-x-315-x-385-mm-cenova-bomba-26126\/#primaryimage","url":"https:\/\/www.koupelnapro.com\/wp-content\/uploads\/2026\/SK0002799-CZ20260425-092328-0-1777080210-ken5945200k_2.webp","contentUrl":"https:\/\/www.koupelnapro.com\/wp-content\/uploads\/2026\/SK0002799-CZ20260425-092328-0-1777080210-ken5945200k_2.webp","width":200,"height":200},{"@type":"BreadcrumbList","@id":"https:\/\/www.koupelnapro.com\/index.php\/produkt\/box-na-naradi-prenosny-se-6-zasuvkami-670-x-315-x-385-mm-cenova-bomba-26126\/#breadcrumb","itemListElement":[{"@type":"ListItem","position":1,"name":"Home","item":"https:\/\/www.koupelnapro.com\/"},{"@type":"ListItem","position":2,"name":"Products","item":"https:\/\/www.koupelnapro.com\/index.php\/products\/"},{"@type":"ListItem","position":3,"name":"Box na n\u00e1\u0159ad\u00ed p\u0159enosn\u00fd se 6 z\u00e1suvkami 670 x 315 x 385 mm Cenov\u00e1 Bomba"}]},{"@type":"WebSite","@id":"https:\/\/www.koupelnapro.com\/#website","url":"https:\/\/www.koupelnapro.com\/","name":"","description":"","potentialAction":[{"@type":"SearchAction","target":{"@type":"EntryPoint","urlTemplate":"https:\/\/www.koupelnapro.com\/?s={search_term_string}"},"query-input":{"@type":"PropertyValueSpecification","valueRequired":true,"valueName":"search_term_string"}}],"inLanguage":"cs"}]}},"_links":{"self":[{"href":"https:\/\/www.koupelnapro.com\/index.php\/wp-json\/wp\/v2\/product\/26126","targetHints":{"allow":["GET"]}}],"collection":[{"href":"https:\/\/www.koupelnapro.com\/index.php\/wp-json\/wp\/v2\/product"}],"about":[{"href":"https:\/\/www.koupelnapro.com\/index.php\/wp-json\/wp\/v2\/types\/product"}],"replies":[{"embeddable":true,"href":"https:\/\/www.koupelnapro.com\/index.php\/wp-json\/wp\/v2\/comments?post=26126"}],"wp:featuredmedia":[{"embeddable":true,"href":"https:\/\/www.koupelnapro.com\/index.php\/wp-json\/wp\/v2\/media\/26226"}],"wp:attachment":[{"href":"https:\/\/www.koupelnapro.com\/index.php\/wp-json\/wp\/v2\/media?parent=26126"}],"wp:term":[{"taxonomy":"product_brand","embeddable":true,"href":"https:\/\/www.koupelnapro.com\/index.php\/wp-json\/wp\/v2\/product_brand?post=26126"},{"taxonomy":"product_cat","embeddable":true,"href":"https:\/\/www.koupelnapro.com\/index.php\/wp-json\/wp\/v2\/product_cat?post=26126"},{"taxonomy":"product_tag","embeddable":true,"href":"https:\/\/www.koupelnapro.com\/index.php\/wp-json\/wp\/v2\/product_tag?post=26126"}],"curies":[{"name":"wp","href":"https:\/\/api.w.org\/{rel}","templated":true}]}}