{"id":26120,"date":"2026-04-26T09:14:43","date_gmt":"2026-04-26T09:14:43","guid":{"rendered":""},"modified":"2026-04-26T09:14:43","modified_gmt":"2026-04-26T09:14:43","slug":"plechovy-kufr-na-naradi-270-mm-novinka-26120","status":"publish","type":"product","link":"https:\/\/www.koupelnapro.com\/index.php\/produkt\/plechovy-kufr-na-naradi-270-mm-novinka-26120\/","title":{"rendered":"Plechov\u00fd kufr na n\u00e1\u0159ad\u00ed 270 mm Novinka"},"content":{"rendered":"<table>\n<div class=\"tab-pane active product-description\" id=\"popis\" role=\"tabpanel\">\n<div class=\"short-description\" itemprop=\"description\"><\/div>\n<div class=\"description\"><span class='bullet-line'>Kovov\u00fd box vyroben\u00fd z kvalitn\u00ed tlustost\u011bnn\u00e9 oceli, s dvojit\u00fdmi svary.<br \/><\/span><span class='bullet-line'>Je ur\u010den pro skladov\u00e1n\u00ed a p\u0159epravu mobiln\u00edho elektrick\u00e9ho n\u00e1\u0159ad\u00ed a dal\u0161\u00edch d\u00edl\u016f, jejich\u017e ochrana vy\u017eaduje box pr\u016fmyslov\u00fdch parametr\u016f.<br \/><\/span><span class='bullet-line'>Hmotnost 1,4 kg<\/span><\/div>\n<div class=\"parameters\">\n<tr>\n<td>Rozm\u011bry ( d x \u0161 x v )<\/td>\n<td>270 x 115 x 400 mm<\/td>\n<\/tr><\/div>\n<\/table>\n","protected":false},"excerpt":{"rendered":"<p>Kovov\u00fd box vyroben\u00fd z kvalitn\u00ed tlustost\u011bnn\u00e9 oceli, s dvojit\u00fdmi svary.Je ur\u010den pro skladov\u00e1n\u00ed a p\u0159epravu mobiln\u00edho elektrick\u00e9ho n\u00e1\u0159ad\u00ed a dal\u0161\u00edch d\u00edl\u016f, jejich\u017e ochrana vy\u017eaduje box pr\u016fmyslov\u00fdch parametr\u016f.Hmotnost 1,4 kg Rozm\u011bry ( d x \u0161 x v ) 270 x 115 x 400 mm<\/p>\n","protected":false},"featured_media":26220,"comment_status":"open","ping_status":"open","template":"","meta":[],"product_brand":[],"product_cat":[100],"product_tag":[],"class_list":{"0":"post-26120","1":"product","2":"type-product","3":"status-publish","4":"has-post-thumbnail","6":"product_cat-dilna","8":"first","9":"instock","10":"sale","11":"shipping-taxable","12":"purchasable","13":"product-type-simple"},"yoast_head":"<!-- This site is optimized with the Yoast SEO plugin v26.8 - https:\/\/yoast.com\/product\/yoast-seo-wordpress\/ -->\n<title>Plechov\u00fd kufr na n\u00e1\u0159ad\u00ed 270 mm Novinka -<\/title>\n<meta name=\"robots\" content=\"index, follow, max-snippet:-1, max-image-preview:large, max-video-preview:-1\" \/>\n<link rel=\"canonical\" href=\"https:\/\/www.koupelnapro.com\/index.php\/produkt\/plechovy-kufr-na-naradi-270-mm-novinka-26120\/\" \/>\n<meta property=\"og:locale\" content=\"cs_CZ\" \/>\n<meta property=\"og:type\" content=\"article\" \/>\n<meta property=\"og:title\" content=\"Plechov\u00fd kufr na n\u00e1\u0159ad\u00ed 270 mm Novinka -\" \/>\n<meta property=\"og:description\" content=\"Kovov\u00fd box vyroben\u00fd z kvalitn\u00ed tlustost\u011bnn\u00e9 oceli, s dvojit\u00fdmi svary.Je ur\u010den pro skladov\u00e1n\u00ed a p\u0159epravu mobiln\u00edho elektrick\u00e9ho n\u00e1\u0159ad\u00ed a dal\u0161\u00edch d\u00edl\u016f, jejich\u017e ochrana vy\u017eaduje box pr\u016fmyslov\u00fdch parametr\u016f.Hmotnost 1,4 kg Rozm\u011bry ( d x \u0161 x v ) 270 x 115 x 400 mm\" \/>\n<meta property=\"og:url\" content=\"https:\/\/www.koupelnapro.com\/index.php\/produkt\/plechovy-kufr-na-naradi-270-mm-novinka-26120\/\" \/>\n<meta property=\"og:image\" content=\"https:\/\/www.koupelnapro.com\/wp-content\/uploads\/2026\/SK0002793-CZ20260425-092328-0-1777080210-ken5931000k-eps_large.webp\" \/>\n\t<meta property=\"og:image:width\" content=\"473\" \/>\n\t<meta property=\"og:image:height\" content=\"500\" \/>\n\t<meta property=\"og:image:type\" content=\"image\/webp\" \/>\n<meta name=\"twitter:card\" content=\"summary_large_image\" \/>\n<script type=\"application\/ld+json\" class=\"yoast-schema-graph\">{\"@context\":\"https:\/\/schema.org\",\"@graph\":[{\"@type\":\"WebPage\",\"@id\":\"https:\/\/www.koupelnapro.com\/index.php\/produkt\/plechovy-kufr-na-naradi-270-mm-novinka-26120\/\",\"url\":\"https:\/\/www.koupelnapro.com\/index.php\/produkt\/plechovy-kufr-na-naradi-270-mm-novinka-26120\/\",\"name\":\"Plechov\u00fd kufr na n\u00e1\u0159ad\u00ed 270 mm Novinka -\",\"isPartOf\":{\"@id\":\"https:\/\/www.koupelnapro.com\/#website\"},\"primaryImageOfPage\":{\"@id\":\"https:\/\/www.koupelnapro.com\/index.php\/produkt\/plechovy-kufr-na-naradi-270-mm-novinka-26120\/#primaryimage\"},\"image\":{\"@id\":\"https:\/\/www.koupelnapro.com\/index.php\/produkt\/plechovy-kufr-na-naradi-270-mm-novinka-26120\/#primaryimage\"},\"thumbnailUrl\":\"https:\/\/www.koupelnapro.com\/wp-content\/uploads\/2026\/SK0002793-CZ20260425-092328-0-1777080210-ken5931000k-eps_large.webp\",\"datePublished\":\"2026-04-26T09:14:43+00:00\",\"breadcrumb\":{\"@id\":\"https:\/\/www.koupelnapro.com\/index.php\/produkt\/plechovy-kufr-na-naradi-270-mm-novinka-26120\/#breadcrumb\"},\"inLanguage\":\"cs\",\"potentialAction\":[{\"@type\":\"ReadAction\",\"target\":[\"https:\/\/www.koupelnapro.com\/index.php\/produkt\/plechovy-kufr-na-naradi-270-mm-novinka-26120\/\"]}]},{\"@type\":\"ImageObject\",\"inLanguage\":\"cs\",\"@id\":\"https:\/\/www.koupelnapro.com\/index.php\/produkt\/plechovy-kufr-na-naradi-270-mm-novinka-26120\/#primaryimage\",\"url\":\"https:\/\/www.koupelnapro.com\/wp-content\/uploads\/2026\/SK0002793-CZ20260425-092328-0-1777080210-ken5931000k-eps_large.webp\",\"contentUrl\":\"https:\/\/www.koupelnapro.com\/wp-content\/uploads\/2026\/SK0002793-CZ20260425-092328-0-1777080210-ken5931000k-eps_large.webp\",\"width\":473,\"height\":500},{\"@type\":\"BreadcrumbList\",\"@id\":\"https:\/\/www.koupelnapro.com\/index.php\/produkt\/plechovy-kufr-na-naradi-270-mm-novinka-26120\/#breadcrumb\",\"itemListElement\":[{\"@type\":\"ListItem\",\"position\":1,\"name\":\"Home\",\"item\":\"https:\/\/www.koupelnapro.com\/\"},{\"@type\":\"ListItem\",\"position\":2,\"name\":\"Products\",\"item\":\"https:\/\/www.koupelnapro.com\/index.php\/products\/\"},{\"@type\":\"ListItem\",\"position\":3,\"name\":\"Plechov\u00fd kufr na n\u00e1\u0159ad\u00ed 270 mm Novinka\"}]},{\"@type\":\"WebSite\",\"@id\":\"https:\/\/www.koupelnapro.com\/#website\",\"url\":\"https:\/\/www.koupelnapro.com\/\",\"name\":\"\",\"description\":\"\",\"potentialAction\":[{\"@type\":\"SearchAction\",\"target\":{\"@type\":\"EntryPoint\",\"urlTemplate\":\"https:\/\/www.koupelnapro.com\/?s={search_term_string}\"},\"query-input\":{\"@type\":\"PropertyValueSpecification\",\"valueRequired\":true,\"valueName\":\"search_term_string\"}}],\"inLanguage\":\"cs\"}]}<\/script>\n<!-- \/ Yoast SEO plugin. -->","yoast_head_json":{"title":"Plechov\u00fd kufr na n\u00e1\u0159ad\u00ed 270 mm Novinka -","robots":{"index":"index","follow":"follow","max-snippet":"max-snippet:-1","max-image-preview":"max-image-preview:large","max-video-preview":"max-video-preview:-1"},"canonical":"https:\/\/www.koupelnapro.com\/index.php\/produkt\/plechovy-kufr-na-naradi-270-mm-novinka-26120\/","og_locale":"cs_CZ","og_type":"article","og_title":"Plechov\u00fd kufr na n\u00e1\u0159ad\u00ed 270 mm Novinka -","og_description":"Kovov\u00fd box vyroben\u00fd z kvalitn\u00ed tlustost\u011bnn\u00e9 oceli, s dvojit\u00fdmi svary.Je ur\u010den pro skladov\u00e1n\u00ed a p\u0159epravu mobiln\u00edho elektrick\u00e9ho n\u00e1\u0159ad\u00ed a dal\u0161\u00edch d\u00edl\u016f, jejich\u017e ochrana vy\u017eaduje box pr\u016fmyslov\u00fdch parametr\u016f.Hmotnost 1,4 kg Rozm\u011bry ( d x \u0161 x v ) 270 x 115 x 400 mm","og_url":"https:\/\/www.koupelnapro.com\/index.php\/produkt\/plechovy-kufr-na-naradi-270-mm-novinka-26120\/","og_image":[{"width":473,"height":500,"url":"https:\/\/www.koupelnapro.com\/wp-content\/uploads\/2026\/SK0002793-CZ20260425-092328-0-1777080210-ken5931000k-eps_large.webp","type":"image\/webp"}],"twitter_card":"summary_large_image","schema":{"@context":"https:\/\/schema.org","@graph":[{"@type":"WebPage","@id":"https:\/\/www.koupelnapro.com\/index.php\/produkt\/plechovy-kufr-na-naradi-270-mm-novinka-26120\/","url":"https:\/\/www.koupelnapro.com\/index.php\/produkt\/plechovy-kufr-na-naradi-270-mm-novinka-26120\/","name":"Plechov\u00fd kufr na n\u00e1\u0159ad\u00ed 270 mm Novinka -","isPartOf":{"@id":"https:\/\/www.koupelnapro.com\/#website"},"primaryImageOfPage":{"@id":"https:\/\/www.koupelnapro.com\/index.php\/produkt\/plechovy-kufr-na-naradi-270-mm-novinka-26120\/#primaryimage"},"image":{"@id":"https:\/\/www.koupelnapro.com\/index.php\/produkt\/plechovy-kufr-na-naradi-270-mm-novinka-26120\/#primaryimage"},"thumbnailUrl":"https:\/\/www.koupelnapro.com\/wp-content\/uploads\/2026\/SK0002793-CZ20260425-092328-0-1777080210-ken5931000k-eps_large.webp","datePublished":"2026-04-26T09:14:43+00:00","breadcrumb":{"@id":"https:\/\/www.koupelnapro.com\/index.php\/produkt\/plechovy-kufr-na-naradi-270-mm-novinka-26120\/#breadcrumb"},"inLanguage":"cs","potentialAction":[{"@type":"ReadAction","target":["https:\/\/www.koupelnapro.com\/index.php\/produkt\/plechovy-kufr-na-naradi-270-mm-novinka-26120\/"]}]},{"@type":"ImageObject","inLanguage":"cs","@id":"https:\/\/www.koupelnapro.com\/index.php\/produkt\/plechovy-kufr-na-naradi-270-mm-novinka-26120\/#primaryimage","url":"https:\/\/www.koupelnapro.com\/wp-content\/uploads\/2026\/SK0002793-CZ20260425-092328-0-1777080210-ken5931000k-eps_large.webp","contentUrl":"https:\/\/www.koupelnapro.com\/wp-content\/uploads\/2026\/SK0002793-CZ20260425-092328-0-1777080210-ken5931000k-eps_large.webp","width":473,"height":500},{"@type":"BreadcrumbList","@id":"https:\/\/www.koupelnapro.com\/index.php\/produkt\/plechovy-kufr-na-naradi-270-mm-novinka-26120\/#breadcrumb","itemListElement":[{"@type":"ListItem","position":1,"name":"Home","item":"https:\/\/www.koupelnapro.com\/"},{"@type":"ListItem","position":2,"name":"Products","item":"https:\/\/www.koupelnapro.com\/index.php\/products\/"},{"@type":"ListItem","position":3,"name":"Plechov\u00fd kufr na n\u00e1\u0159ad\u00ed 270 mm Novinka"}]},{"@type":"WebSite","@id":"https:\/\/www.koupelnapro.com\/#website","url":"https:\/\/www.koupelnapro.com\/","name":"","description":"","potentialAction":[{"@type":"SearchAction","target":{"@type":"EntryPoint","urlTemplate":"https:\/\/www.koupelnapro.com\/?s={search_term_string}"},"query-input":{"@type":"PropertyValueSpecification","valueRequired":true,"valueName":"search_term_string"}}],"inLanguage":"cs"}]}},"_links":{"self":[{"href":"https:\/\/www.koupelnapro.com\/index.php\/wp-json\/wp\/v2\/product\/26120","targetHints":{"allow":["GET"]}}],"collection":[{"href":"https:\/\/www.koupelnapro.com\/index.php\/wp-json\/wp\/v2\/product"}],"about":[{"href":"https:\/\/www.koupelnapro.com\/index.php\/wp-json\/wp\/v2\/types\/product"}],"replies":[{"embeddable":true,"href":"https:\/\/www.koupelnapro.com\/index.php\/wp-json\/wp\/v2\/comments?post=26120"}],"wp:featuredmedia":[{"embeddable":true,"href":"https:\/\/www.koupelnapro.com\/index.php\/wp-json\/wp\/v2\/media\/26220"}],"wp:attachment":[{"href":"https:\/\/www.koupelnapro.com\/index.php\/wp-json\/wp\/v2\/media?parent=26120"}],"wp:term":[{"taxonomy":"product_brand","embeddable":true,"href":"https:\/\/www.koupelnapro.com\/index.php\/wp-json\/wp\/v2\/product_brand?post=26120"},{"taxonomy":"product_cat","embeddable":true,"href":"https:\/\/www.koupelnapro.com\/index.php\/wp-json\/wp\/v2\/product_cat?post=26120"},{"taxonomy":"product_tag","embeddable":true,"href":"https:\/\/www.koupelnapro.com\/index.php\/wp-json\/wp\/v2\/product_tag?post=26120"}],"curies":[{"name":"wp","href":"https:\/\/api.w.org\/{rel}","templated":true}]}}

Plechový kufr na nářadí 270 mm Novinka

<table>
<div class="tab-pane active product-description" id="popis" role="tabpanel">
<div class="short-description" itemprop="description"></div>
<div class="description"><span class='bullet-line'>Kovový box vyrobený z kvalitní tlustostěnné oceli, s dvojitými svary.<br /></span><span class='bullet-line'>Je určen pro skladování a přepravu mobilního elektrického nářadí a dalších dílů, jejichž ochrana vyžaduje box průmyslových parametrů.<br /></span><span class='bullet-line'>Hmotnost 1,4 kg</span></div>
<div class="parameters">
<tr>
<td>Rozměry ( d x š x v )</td>
<td>270 x 115 x 400 mm</td>
</tr></div>
</table>

<p>Kovový box vyrobený z kvalitní tlustostěnné oceli, s dvojitými svary.Je určen pro skladování a přepravu mobilního elektrického nářadí a dalších dílů, jejichž ochrana vyžaduje box průmyslových parametrů.Hmotnost 1,4 kg Rozměry ( d x š x v ) 270 x 115 x 400 mm</p>

<!-- This site is optimized with the Yoast SEO plugin v26.8 - https://yoast.com/product/yoast-seo-wordpress/ -->
<title>Plechový kufr na nářadí 270 mm Novinka -</title>
<meta name="robots" content="index, follow, max-snippet:-1, max-image-preview:large, max-video-preview:-1" />
<link rel="canonical" href="https://www.koupelnapro.com/index.php/produkt/plechovy-kufr-na-naradi-270-mm-novinka-26120/" />
<meta property="og:locale" content="cs_CZ" />
<meta property="og:type" content="article" />
<meta property="og:title" content="Plechový kufr na nářadí 270 mm Novinka -" />
<meta property="og:description" content="Kovový box vyrobený z kvalitní tlustostěnné oceli, s dvojitými svary.Je určen pro skladování a přepravu mobilního elektrického nářadí a dalších dílů, jejichž ochrana vyžaduje box průmyslových parametrů.Hmotnost 1,4 kg Rozměry ( d x š x v ) 270 x 115 x 400 mm" />
<meta property="og:url" content="https://www.koupelnapro.com/index.php/produkt/plechovy-kufr-na-naradi-270-mm-novinka-26120/" />
<meta property="og:image" content="https://www.koupelnapro.com/wp-content/uploads/2026/SK0002793-CZ20260425-092328-0-1777080210-ken5931000k-eps_large.webp" />
	<meta property="og:image:width" content="473" />
	<meta property="og:image:height" content="500" />
	<meta property="og:image:type" content="image/webp" />
<meta name="twitter:card" content="summary_large_image" />
<script type="application/ld+json" class="yoast-schema-graph">{"@context":"https://schema.org","@graph":[{"@type":"WebPage","@id":"https://www.koupelnapro.com/index.php/produkt/plechovy-kufr-na-naradi-270-mm-novinka-26120/","url":"https://www.koupelnapro.com/index.php/produkt/plechovy-kufr-na-naradi-270-mm-novinka-26120/","name":"Plechový kufr na nářadí 270 mm Novinka -","isPartOf":{"@id":"https://www.koupelnapro.com/#website"},"primaryImageOfPage":{"@id":"https://www.koupelnapro.com/index.php/produkt/plechovy-kufr-na-naradi-270-mm-novinka-26120/#primaryimage"},"image":{"@id":"https://www.koupelnapro.com/index.php/produkt/plechovy-kufr-na-naradi-270-mm-novinka-26120/#primaryimage"},"thumbnailUrl":"https://www.koupelnapro.com/wp-content/uploads/2026/SK0002793-CZ20260425-092328-0-1777080210-ken5931000k-eps_large.webp","datePublished":"2026-04-26T09:14:43+00:00","breadcrumb":{"@id":"https://www.koupelnapro.com/index.php/produkt/plechovy-kufr-na-naradi-270-mm-novinka-26120/#breadcrumb"},"inLanguage":"cs","potentialAction":[{"@type":"ReadAction","target":["https://www.koupelnapro.com/index.php/produkt/plechovy-kufr-na-naradi-270-mm-novinka-26120/"]}]},{"@type":"ImageObject","inLanguage":"cs","@id":"https://www.koupelnapro.com/index.php/produkt/plechovy-kufr-na-naradi-270-mm-novinka-26120/#primaryimage","url":"https://www.koupelnapro.com/wp-content/uploads/2026/SK0002793-CZ20260425-092328-0-1777080210-ken5931000k-eps_large.webp","contentUrl":"https://www.koupelnapro.com/wp-content/uploads/2026/SK0002793-CZ20260425-092328-0-1777080210-ken5931000k-eps_large.webp","width":473,"height":500},{"@type":"BreadcrumbList","@id":"https://www.koupelnapro.com/index.php/produkt/plechovy-kufr-na-naradi-270-mm-novinka-26120/#breadcrumb","itemListElement":[{"@type":"ListItem","position":1,"name":"Home","item":"https://www.koupelnapro.com/"},{"@type":"ListItem","position":2,"name":"Products","item":"https://www.koupelnapro.com/index.php/products/"},{"@type":"ListItem","position":3,"name":"Plechový kufr na nářadí 270 mm Novinka"}]},{"@type":"WebSite","@id":"https://www.koupelnapro.com/#website","url":"https://www.koupelnapro.com/","name":"","description":"","potentialAction":[{"@type":"SearchAction","target":{"@type":"EntryPoint","urlTemplate":"https://www.koupelnapro.com/?s={search_term_string}"},"query-input":{"@type":"PropertyValueSpecification","valueRequired":true,"valueName":"search_term_string"}}],"inLanguage":"cs"}]}</script>
<!-- / Yoast SEO plugin. -->

Plechový kufr na nářadí 270 mm Novinka -

Kovový box vyrobený z kvalitní tlustostěnné oceli, s dvojitými svary.Je určen pro skladování a přepravu mobilního elektrického nářadí a dalších dílů, jejichž ochrana vyžaduje box průmyslových parametrů.Hmotnost 1,4 kg Rozměry ( d x š x v ) 270 x 115 x 400 mm
