{"id":26119,"date":"2026-04-26T09:14:43","date_gmt":"2026-04-26T09:14:43","guid":{"rendered":""},"modified":"2026-04-26T09:14:43","modified_gmt":"2026-04-26T09:14:43","slug":"kovovy-box-na-naradi-18-s-pakovym-mechanizmem-originalni-26119","status":"publish","type":"product","link":"https:\/\/www.koupelnapro.com\/index.php\/produkt\/kovovy-box-na-naradi-18-s-pakovym-mechanizmem-originalni-26119\/","title":{"rendered":"Kovov\u00fd box na n\u00e1\u0159ad\u00ed 18&#8243; s p\u00e1kov\u00fdm mechanizmem Origin\u00e1ln\u00ed"},"content":{"rendered":"<table>\n<div class=\"tab-pane active product-description\" id=\"popis\" role=\"tabpanel\">\n<div class=\"short-description\" itemprop=\"description\"><\/div>\n<div class=\"description\"><span class='bullet-line'>Jeho tuh\u00e1 konstrukce je vyrobena z vysoce pevn\u00e9 oceli a je ur\u010dena pro trval\u00e9 u\u017e\u00edv\u00e1n\u00ed v pr\u016fmyslu. * Na povrchu je trvanliv\u00fd povlak z dvouslo\u017ekov\u00e9ho epoxidov\u00e9ho pr\u00e1\u0161kov\u00e9ho laku, kter\u00fd je odoln\u00fd proti korozi. <br \/><\/span><span class='bullet-line'>P\u00e1kov\u00fd mechanizmus je pro zv\u00fd\u0161en\u00ed bezpe\u010dnosti pln\u011b zakryt\u00fd. <br \/><\/span><span class='bullet-line'>Rychle uzamykac\u00ed p\u0159ezky na v\u00edku, petlice pro visac\u00ed z\u00e1mek. <br \/><\/span><span class='bullet-line'>Dvojd\u00edln\u00e9 v\u00edko, kter\u00e9 lze zamknout visac\u00edm z\u00e1mkem (visac\u00ed z\u00e1mek nen\u00ed v dod\u00e1vce obsa\u017een).<br \/><\/span><span class='bullet-line'>Klav\u00edrov\u00e9 z\u00e1v\u011bsy po cel\u00e9 \u0161\u00ed\u0159ce zaji\u0161\u0165uj\u00ed tuhost a pevnost.<br \/><\/span><span class='bullet-line'>Velk\u00fd z\u00e1sobn\u00edk na z\u00e1kladn\u011b (450 x 260 x 170 mm) se \u010dty\u0159mi podnosy na p\u00e1kov\u00e9m mechanizmu<br \/><\/span>jako dal\u0161\u00ed \u00falo\u017en\u00fd prostor.<span class='bullet-line'>D\u00edky mechanizmu vrchn\u00edch p\u0159ihr\u00e1dek je jejich obsah okam\u017eit\u011b p\u0159\u00edstupn\u00fd.<br \/><\/span><span class='bullet-line'>Dod\u00e1v\u00e1me s pevnou rukojet\u00ed na v\u00edku.<br \/><\/span><span class='bullet-line'>Hmotnost 9,1 kg.<\/span><\/div>\n<div class=\"parameters\">\n<tr>\n<td>Rozm\u011bry ( d x \u0161 x v )<\/td>\n<td>459 x 255 x 333 mm<\/td>\n<\/tr><\/div>\n<\/table>\n","protected":false},"excerpt":{"rendered":"<p>Jeho tuh\u00e1 konstrukce je vyrobena z vysoce pevn\u00e9 oceli a je ur\u010dena pro trval\u00e9 u\u017e\u00edv\u00e1n\u00ed v pr\u016fmyslu. * Na povrchu je trvanliv\u00fd povlak z dvouslo\u017ekov\u00e9ho epoxidov\u00e9ho pr\u00e1\u0161kov\u00e9ho laku, kter\u00fd je odoln\u00fd proti korozi. P\u00e1kov\u00fd mechanizmus je pro zv\u00fd\u0161en\u00ed bezpe\u010dnosti pln\u011b zakryt\u00fd. Rychle uzamykac\u00ed p\u0159ezky na v\u00edku, petlice pro visac\u00ed z\u00e1mek. Dvojd\u00edln\u00e9 v\u00edko, kter\u00e9 lze zamknout [&hellip;]<\/p>\n","protected":false},"featured_media":26219,"comment_status":"open","ping_status":"open","template":"","meta":[],"product_brand":[],"product_cat":[100],"product_tag":[],"class_list":{"0":"post-26119","1":"product","2":"type-product","3":"status-publish","4":"has-post-thumbnail","6":"product_cat-dilna","8":"first","9":"instock","10":"sale","11":"shipping-taxable","12":"purchasable","13":"product-type-simple"},"yoast_head":"<!-- This site is optimized with the Yoast SEO plugin v26.8 - https:\/\/yoast.com\/product\/yoast-seo-wordpress\/ -->\n<title>Kovov\u00fd box na n\u00e1\u0159ad\u00ed 18&quot; s p\u00e1kov\u00fdm mechanizmem Origin\u00e1ln\u00ed -<\/title>\n<meta name=\"robots\" content=\"index, follow, max-snippet:-1, max-image-preview:large, max-video-preview:-1\" \/>\n<link rel=\"canonical\" href=\"https:\/\/www.koupelnapro.com\/index.php\/produkt\/kovovy-box-na-naradi-18-s-pakovym-mechanizmem-originalni-26119\/\" \/>\n<meta property=\"og:locale\" content=\"cs_CZ\" \/>\n<meta property=\"og:type\" content=\"article\" \/>\n<meta property=\"og:title\" content=\"Kovov\u00fd box na n\u00e1\u0159ad\u00ed 18&quot; s p\u00e1kov\u00fdm mechanizmem Origin\u00e1ln\u00ed -\" \/>\n<meta property=\"og:description\" content=\"Jeho tuh\u00e1 konstrukce je vyrobena z vysoce pevn\u00e9 oceli a je ur\u010dena pro trval\u00e9 u\u017e\u00edv\u00e1n\u00ed v pr\u016fmyslu. * Na povrchu je trvanliv\u00fd povlak z dvouslo\u017ekov\u00e9ho epoxidov\u00e9ho pr\u00e1\u0161kov\u00e9ho laku, kter\u00fd je odoln\u00fd proti korozi. P\u00e1kov\u00fd mechanizmus je pro zv\u00fd\u0161en\u00ed bezpe\u010dnosti pln\u011b zakryt\u00fd. Rychle uzamykac\u00ed p\u0159ezky na v\u00edku, petlice pro visac\u00ed z\u00e1mek. Dvojd\u00edln\u00e9 v\u00edko, kter\u00e9 lze zamknout [&hellip;]\" \/>\n<meta property=\"og:url\" content=\"https:\/\/www.koupelnapro.com\/index.php\/produkt\/kovovy-box-na-naradi-18-s-pakovym-mechanizmem-originalni-26119\/\" \/>\n<meta property=\"og:image\" content=\"https:\/\/www.koupelnapro.com\/wp-content\/uploads\/2026\/SK0002792-CZ20260425-092328-0-1777080210-ken5940140k-eps_large.webp\" \/>\n\t<meta property=\"og:image:width\" content=\"500\" \/>\n\t<meta property=\"og:image:height\" content=\"428\" \/>\n\t<meta property=\"og:image:type\" content=\"image\/webp\" \/>\n<meta name=\"twitter:card\" content=\"summary_large_image\" \/>\n<meta name=\"twitter:label1\" content=\"Odhadovan\u00e1 doba \u010dten\u00ed\" \/>\n\t<meta name=\"twitter:data1\" content=\"1 minuta\" \/>\n<script type=\"application\/ld+json\" class=\"yoast-schema-graph\">{\"@context\":\"https:\/\/schema.org\",\"@graph\":[{\"@type\":\"WebPage\",\"@id\":\"https:\/\/www.koupelnapro.com\/index.php\/produkt\/kovovy-box-na-naradi-18-s-pakovym-mechanizmem-originalni-26119\/\",\"url\":\"https:\/\/www.koupelnapro.com\/index.php\/produkt\/kovovy-box-na-naradi-18-s-pakovym-mechanizmem-originalni-26119\/\",\"name\":\"Kovov\u00fd box na n\u00e1\u0159ad\u00ed 18\\\" s p\u00e1kov\u00fdm mechanizmem Origin\u00e1ln\u00ed -\",\"isPartOf\":{\"@id\":\"https:\/\/www.koupelnapro.com\/#website\"},\"primaryImageOfPage\":{\"@id\":\"https:\/\/www.koupelnapro.com\/index.php\/produkt\/kovovy-box-na-naradi-18-s-pakovym-mechanizmem-originalni-26119\/#primaryimage\"},\"image\":{\"@id\":\"https:\/\/www.koupelnapro.com\/index.php\/produkt\/kovovy-box-na-naradi-18-s-pakovym-mechanizmem-originalni-26119\/#primaryimage\"},\"thumbnailUrl\":\"https:\/\/www.koupelnapro.com\/wp-content\/uploads\/2026\/SK0002792-CZ20260425-092328-0-1777080210-ken5940140k-eps_large.webp\",\"datePublished\":\"2026-04-26T09:14:43+00:00\",\"breadcrumb\":{\"@id\":\"https:\/\/www.koupelnapro.com\/index.php\/produkt\/kovovy-box-na-naradi-18-s-pakovym-mechanizmem-originalni-26119\/#breadcrumb\"},\"inLanguage\":\"cs\",\"potentialAction\":[{\"@type\":\"ReadAction\",\"target\":[\"https:\/\/www.koupelnapro.com\/index.php\/produkt\/kovovy-box-na-naradi-18-s-pakovym-mechanizmem-originalni-26119\/\"]}]},{\"@type\":\"ImageObject\",\"inLanguage\":\"cs\",\"@id\":\"https:\/\/www.koupelnapro.com\/index.php\/produkt\/kovovy-box-na-naradi-18-s-pakovym-mechanizmem-originalni-26119\/#primaryimage\",\"url\":\"https:\/\/www.koupelnapro.com\/wp-content\/uploads\/2026\/SK0002792-CZ20260425-092328-0-1777080210-ken5940140k-eps_large.webp\",\"contentUrl\":\"https:\/\/www.koupelnapro.com\/wp-content\/uploads\/2026\/SK0002792-CZ20260425-092328-0-1777080210-ken5940140k-eps_large.webp\",\"width\":500,\"height\":428},{\"@type\":\"BreadcrumbList\",\"@id\":\"https:\/\/www.koupelnapro.com\/index.php\/produkt\/kovovy-box-na-naradi-18-s-pakovym-mechanizmem-originalni-26119\/#breadcrumb\",\"itemListElement\":[{\"@type\":\"ListItem\",\"position\":1,\"name\":\"Home\",\"item\":\"https:\/\/www.koupelnapro.com\/\"},{\"@type\":\"ListItem\",\"position\":2,\"name\":\"Products\",\"item\":\"https:\/\/www.koupelnapro.com\/index.php\/products\/\"},{\"@type\":\"ListItem\",\"position\":3,\"name\":\"Kovov\u00fd box na n\u00e1\u0159ad\u00ed 18&#8243; s p\u00e1kov\u00fdm mechanizmem Origin\u00e1ln\u00ed\"}]},{\"@type\":\"WebSite\",\"@id\":\"https:\/\/www.koupelnapro.com\/#website\",\"url\":\"https:\/\/www.koupelnapro.com\/\",\"name\":\"\",\"description\":\"\",\"potentialAction\":[{\"@type\":\"SearchAction\",\"target\":{\"@type\":\"EntryPoint\",\"urlTemplate\":\"https:\/\/www.koupelnapro.com\/?s={search_term_string}\"},\"query-input\":{\"@type\":\"PropertyValueSpecification\",\"valueRequired\":true,\"valueName\":\"search_term_string\"}}],\"inLanguage\":\"cs\"}]}<\/script>\n<!-- \/ Yoast SEO plugin. -->","yoast_head_json":{"title":"Kovov\u00fd box na n\u00e1\u0159ad\u00ed 18\" s p\u00e1kov\u00fdm mechanizmem Origin\u00e1ln\u00ed -","robots":{"index":"index","follow":"follow","max-snippet":"max-snippet:-1","max-image-preview":"max-image-preview:large","max-video-preview":"max-video-preview:-1"},"canonical":"https:\/\/www.koupelnapro.com\/index.php\/produkt\/kovovy-box-na-naradi-18-s-pakovym-mechanizmem-originalni-26119\/","og_locale":"cs_CZ","og_type":"article","og_title":"Kovov\u00fd box na n\u00e1\u0159ad\u00ed 18\" s p\u00e1kov\u00fdm mechanizmem Origin\u00e1ln\u00ed -","og_description":"Jeho tuh\u00e1 konstrukce je vyrobena z vysoce pevn\u00e9 oceli a je ur\u010dena pro trval\u00e9 u\u017e\u00edv\u00e1n\u00ed v pr\u016fmyslu. * Na povrchu je trvanliv\u00fd povlak z dvouslo\u017ekov\u00e9ho epoxidov\u00e9ho pr\u00e1\u0161kov\u00e9ho laku, kter\u00fd je odoln\u00fd proti korozi. P\u00e1kov\u00fd mechanizmus je pro zv\u00fd\u0161en\u00ed bezpe\u010dnosti pln\u011b zakryt\u00fd. Rychle uzamykac\u00ed p\u0159ezky na v\u00edku, petlice pro visac\u00ed z\u00e1mek. Dvojd\u00edln\u00e9 v\u00edko, kter\u00e9 lze zamknout [&hellip;]","og_url":"https:\/\/www.koupelnapro.com\/index.php\/produkt\/kovovy-box-na-naradi-18-s-pakovym-mechanizmem-originalni-26119\/","og_image":[{"width":500,"height":428,"url":"https:\/\/www.koupelnapro.com\/wp-content\/uploads\/2026\/SK0002792-CZ20260425-092328-0-1777080210-ken5940140k-eps_large.webp","type":"image\/webp"}],"twitter_card":"summary_large_image","twitter_misc":{"Odhadovan\u00e1 doba \u010dten\u00ed":"1 minuta"},"schema":{"@context":"https:\/\/schema.org","@graph":[{"@type":"WebPage","@id":"https:\/\/www.koupelnapro.com\/index.php\/produkt\/kovovy-box-na-naradi-18-s-pakovym-mechanizmem-originalni-26119\/","url":"https:\/\/www.koupelnapro.com\/index.php\/produkt\/kovovy-box-na-naradi-18-s-pakovym-mechanizmem-originalni-26119\/","name":"Kovov\u00fd box na n\u00e1\u0159ad\u00ed 18\" s p\u00e1kov\u00fdm mechanizmem Origin\u00e1ln\u00ed -","isPartOf":{"@id":"https:\/\/www.koupelnapro.com\/#website"},"primaryImageOfPage":{"@id":"https:\/\/www.koupelnapro.com\/index.php\/produkt\/kovovy-box-na-naradi-18-s-pakovym-mechanizmem-originalni-26119\/#primaryimage"},"image":{"@id":"https:\/\/www.koupelnapro.com\/index.php\/produkt\/kovovy-box-na-naradi-18-s-pakovym-mechanizmem-originalni-26119\/#primaryimage"},"thumbnailUrl":"https:\/\/www.koupelnapro.com\/wp-content\/uploads\/2026\/SK0002792-CZ20260425-092328-0-1777080210-ken5940140k-eps_large.webp","datePublished":"2026-04-26T09:14:43+00:00","breadcrumb":{"@id":"https:\/\/www.koupelnapro.com\/index.php\/produkt\/kovovy-box-na-naradi-18-s-pakovym-mechanizmem-originalni-26119\/#breadcrumb"},"inLanguage":"cs","potentialAction":[{"@type":"ReadAction","target":["https:\/\/www.koupelnapro.com\/index.php\/produkt\/kovovy-box-na-naradi-18-s-pakovym-mechanizmem-originalni-26119\/"]}]},{"@type":"ImageObject","inLanguage":"cs","@id":"https:\/\/www.koupelnapro.com\/index.php\/produkt\/kovovy-box-na-naradi-18-s-pakovym-mechanizmem-originalni-26119\/#primaryimage","url":"https:\/\/www.koupelnapro.com\/wp-content\/uploads\/2026\/SK0002792-CZ20260425-092328-0-1777080210-ken5940140k-eps_large.webp","contentUrl":"https:\/\/www.koupelnapro.com\/wp-content\/uploads\/2026\/SK0002792-CZ20260425-092328-0-1777080210-ken5940140k-eps_large.webp","width":500,"height":428},{"@type":"BreadcrumbList","@id":"https:\/\/www.koupelnapro.com\/index.php\/produkt\/kovovy-box-na-naradi-18-s-pakovym-mechanizmem-originalni-26119\/#breadcrumb","itemListElement":[{"@type":"ListItem","position":1,"name":"Home","item":"https:\/\/www.koupelnapro.com\/"},{"@type":"ListItem","position":2,"name":"Products","item":"https:\/\/www.koupelnapro.com\/index.php\/products\/"},{"@type":"ListItem","position":3,"name":"Kovov\u00fd box na n\u00e1\u0159ad\u00ed 18&#8243; s p\u00e1kov\u00fdm mechanizmem Origin\u00e1ln\u00ed"}]},{"@type":"WebSite","@id":"https:\/\/www.koupelnapro.com\/#website","url":"https:\/\/www.koupelnapro.com\/","name":"","description":"","potentialAction":[{"@type":"SearchAction","target":{"@type":"EntryPoint","urlTemplate":"https:\/\/www.koupelnapro.com\/?s={search_term_string}"},"query-input":{"@type":"PropertyValueSpecification","valueRequired":true,"valueName":"search_term_string"}}],"inLanguage":"cs"}]}},"_links":{"self":[{"href":"https:\/\/www.koupelnapro.com\/index.php\/wp-json\/wp\/v2\/product\/26119","targetHints":{"allow":["GET"]}}],"collection":[{"href":"https:\/\/www.koupelnapro.com\/index.php\/wp-json\/wp\/v2\/product"}],"about":[{"href":"https:\/\/www.koupelnapro.com\/index.php\/wp-json\/wp\/v2\/types\/product"}],"replies":[{"embeddable":true,"href":"https:\/\/www.koupelnapro.com\/index.php\/wp-json\/wp\/v2\/comments?post=26119"}],"wp:featuredmedia":[{"embeddable":true,"href":"https:\/\/www.koupelnapro.com\/index.php\/wp-json\/wp\/v2\/media\/26219"}],"wp:attachment":[{"href":"https:\/\/www.koupelnapro.com\/index.php\/wp-json\/wp\/v2\/media?parent=26119"}],"wp:term":[{"taxonomy":"product_brand","embeddable":true,"href":"https:\/\/www.koupelnapro.com\/index.php\/wp-json\/wp\/v2\/product_brand?post=26119"},{"taxonomy":"product_cat","embeddable":true,"href":"https:\/\/www.koupelnapro.com\/index.php\/wp-json\/wp\/v2\/product_cat?post=26119"},{"taxonomy":"product_tag","embeddable":true,"href":"https:\/\/www.koupelnapro.com\/index.php\/wp-json\/wp\/v2\/product_tag?post=26119"}],"curies":[{"name":"wp","href":"https:\/\/api.w.org\/{rel}","templated":true}]}}