{"id":26116,"date":"2026-04-26T09:14:43","date_gmt":"2026-04-26T09:14:43","guid":{"rendered":""},"modified":"2026-04-26T09:14:43","modified_gmt":"2026-04-26T09:14:43","slug":"nejlepsi-cena-kovovy-kufr-na-naradi-rozkladaci-355-mm-26116","status":"publish","type":"product","link":"https:\/\/www.koupelnapro.com\/index.php\/produkt\/nejlepsi-cena-kovovy-kufr-na-naradi-rozkladaci-355-mm-26116\/","title":{"rendered":"Nejlep\u0161\u00ed Cena Kovov\u00fd kufr na n\u00e1\u0159ad\u00ed rozkl\u00e1dac\u00ed 355 mm"},"content":{"rendered":"<table>\n<div class=\"tab-pane active product-description\" id=\"popis\" role=\"tabpanel\">\n<div class=\"short-description\" itemprop=\"description\"><\/div>\n<div class=\"description\"><span class='bullet-line'>Jeho tuh\u00e1 konstrukce je vyrobena z vysoce pevn\u00e9 oceli a je ur\u010dena pro trval\u00e9 u\u017e\u00edv\u00e1n\u00ed v pr\u016fmyslu. <br \/><\/span><span class='bullet-line'>Ve spodn\u00ed \u010d\u00e1sti je \u00falo\u017en\u00fd prostor pro v\u011bt\u0161\u00ed kusy n\u00e1\u0159ad\u00ed a vym\u011bniteln\u00fd z\u00e1sobn\u00edk pro men\u0161\u00ed a nej\u010dast\u011bji pou\u017e\u00edvan\u00e9 d\u00edly.<br \/><\/span><span class='bullet-line'>Celul\u00f3zov\u00fd lak odoln\u00fd proti opot\u0159eben\u00ed. <br \/><\/span><span class='bullet-line'>Dvojd\u00edln\u00e1 p\u0159ekr\u00fdvaj\u00edc\u00ed se v\u00edka s otvorem pro visac\u00ed z\u00e1mek.<br \/><\/span><span class='bullet-line'>Klav\u00edrov\u00fd z\u00e1v\u011bs zaru\u010duje tuhost a pevnost.<br \/><\/span><span class='bullet-line'>Dod\u00e1v\u00e1me s rukojet\u00ed na v\u00edku.<br \/><\/span><span class='bullet-line'>Hmotnost 3,0 kg.<\/span><\/div>\n<div class=\"parameters\">\n<tr>\n<td>Rozm\u011bry ( d x \u0161 x v )<\/td>\n<td>355 x 205 x 185 mm<\/td>\n<\/tr><\/div>\n<\/table>\n","protected":false},"excerpt":{"rendered":"<p>Jeho tuh\u00e1 konstrukce je vyrobena z vysoce pevn\u00e9 oceli a je ur\u010dena pro trval\u00e9 u\u017e\u00edv\u00e1n\u00ed v pr\u016fmyslu. Ve spodn\u00ed \u010d\u00e1sti je \u00falo\u017en\u00fd prostor pro v\u011bt\u0161\u00ed kusy n\u00e1\u0159ad\u00ed a vym\u011bniteln\u00fd z\u00e1sobn\u00edk pro men\u0161\u00ed a nej\u010dast\u011bji pou\u017e\u00edvan\u00e9 d\u00edly.Celul\u00f3zov\u00fd lak odoln\u00fd proti opot\u0159eben\u00ed. Dvojd\u00edln\u00e1 p\u0159ekr\u00fdvaj\u00edc\u00ed se v\u00edka s otvorem pro visac\u00ed z\u00e1mek.Klav\u00edrov\u00fd z\u00e1v\u011bs zaru\u010duje tuhost a pevnost.Dod\u00e1v\u00e1me s [&hellip;]<\/p>\n","protected":false},"featured_media":26216,"comment_status":"open","ping_status":"open","template":"","meta":[],"product_brand":[],"product_cat":[100],"product_tag":[],"class_list":{"0":"post-26116","1":"product","2":"type-product","3":"status-publish","4":"has-post-thumbnail","6":"product_cat-dilna","8":"first","9":"instock","10":"sale","11":"shipping-taxable","12":"purchasable","13":"product-type-simple"},"yoast_head":"<!-- This site is optimized with the Yoast SEO plugin v26.8 - https:\/\/yoast.com\/product\/yoast-seo-wordpress\/ -->\n<title>Nejlep\u0161\u00ed Cena Kovov\u00fd kufr na n\u00e1\u0159ad\u00ed rozkl\u00e1dac\u00ed 355 mm -<\/title>\n<meta name=\"robots\" content=\"index, follow, max-snippet:-1, max-image-preview:large, max-video-preview:-1\" \/>\n<link rel=\"canonical\" href=\"https:\/\/www.koupelnapro.com\/index.php\/produkt\/nejlepsi-cena-kovovy-kufr-na-naradi-rozkladaci-355-mm-26116\/\" \/>\n<meta property=\"og:locale\" content=\"cs_CZ\" \/>\n<meta property=\"og:type\" content=\"article\" \/>\n<meta property=\"og:title\" content=\"Nejlep\u0161\u00ed Cena Kovov\u00fd kufr na n\u00e1\u0159ad\u00ed rozkl\u00e1dac\u00ed 355 mm -\" \/>\n<meta property=\"og:description\" content=\"Jeho tuh\u00e1 konstrukce je vyrobena z vysoce pevn\u00e9 oceli a je ur\u010dena pro trval\u00e9 u\u017e\u00edv\u00e1n\u00ed v pr\u016fmyslu. Ve spodn\u00ed \u010d\u00e1sti je \u00falo\u017en\u00fd prostor pro v\u011bt\u0161\u00ed kusy n\u00e1\u0159ad\u00ed a vym\u011bniteln\u00fd z\u00e1sobn\u00edk pro men\u0161\u00ed a nej\u010dast\u011bji pou\u017e\u00edvan\u00e9 d\u00edly.Celul\u00f3zov\u00fd lak odoln\u00fd proti opot\u0159eben\u00ed. Dvojd\u00edln\u00e1 p\u0159ekr\u00fdvaj\u00edc\u00ed se v\u00edka s otvorem pro visac\u00ed z\u00e1mek.Klav\u00edrov\u00fd z\u00e1v\u011bs zaru\u010duje tuhost a pevnost.Dod\u00e1v\u00e1me s [&hellip;]\" \/>\n<meta property=\"og:url\" content=\"https:\/\/www.koupelnapro.com\/index.php\/produkt\/nejlepsi-cena-kovovy-kufr-na-naradi-rozkladaci-355-mm-26116\/\" \/>\n<meta property=\"og:image\" content=\"https:\/\/www.koupelnapro.com\/wp-content\/uploads\/2026\/SK0002789-CZ20260425-092328-0-1777080210-ken5932140k-eps_large.webp\" \/>\n\t<meta property=\"og:image:width\" content=\"500\" \/>\n\t<meta property=\"og:image:height\" content=\"439\" \/>\n\t<meta property=\"og:image:type\" content=\"image\/webp\" \/>\n<meta name=\"twitter:card\" content=\"summary_large_image\" \/>\n<meta name=\"twitter:label1\" content=\"Odhadovan\u00e1 doba \u010dten\u00ed\" \/>\n\t<meta name=\"twitter:data1\" content=\"1 minuta\" \/>\n<script type=\"application\/ld+json\" class=\"yoast-schema-graph\">{\"@context\":\"https:\/\/schema.org\",\"@graph\":[{\"@type\":\"WebPage\",\"@id\":\"https:\/\/www.koupelnapro.com\/index.php\/produkt\/nejlepsi-cena-kovovy-kufr-na-naradi-rozkladaci-355-mm-26116\/\",\"url\":\"https:\/\/www.koupelnapro.com\/index.php\/produkt\/nejlepsi-cena-kovovy-kufr-na-naradi-rozkladaci-355-mm-26116\/\",\"name\":\"Nejlep\u0161\u00ed Cena Kovov\u00fd kufr na n\u00e1\u0159ad\u00ed rozkl\u00e1dac\u00ed 355 mm -\",\"isPartOf\":{\"@id\":\"https:\/\/www.koupelnapro.com\/#website\"},\"primaryImageOfPage\":{\"@id\":\"https:\/\/www.koupelnapro.com\/index.php\/produkt\/nejlepsi-cena-kovovy-kufr-na-naradi-rozkladaci-355-mm-26116\/#primaryimage\"},\"image\":{\"@id\":\"https:\/\/www.koupelnapro.com\/index.php\/produkt\/nejlepsi-cena-kovovy-kufr-na-naradi-rozkladaci-355-mm-26116\/#primaryimage\"},\"thumbnailUrl\":\"https:\/\/www.koupelnapro.com\/wp-content\/uploads\/2026\/SK0002789-CZ20260425-092328-0-1777080210-ken5932140k-eps_large.webp\",\"datePublished\":\"2026-04-26T09:14:43+00:00\",\"breadcrumb\":{\"@id\":\"https:\/\/www.koupelnapro.com\/index.php\/produkt\/nejlepsi-cena-kovovy-kufr-na-naradi-rozkladaci-355-mm-26116\/#breadcrumb\"},\"inLanguage\":\"cs\",\"potentialAction\":[{\"@type\":\"ReadAction\",\"target\":[\"https:\/\/www.koupelnapro.com\/index.php\/produkt\/nejlepsi-cena-kovovy-kufr-na-naradi-rozkladaci-355-mm-26116\/\"]}]},{\"@type\":\"ImageObject\",\"inLanguage\":\"cs\",\"@id\":\"https:\/\/www.koupelnapro.com\/index.php\/produkt\/nejlepsi-cena-kovovy-kufr-na-naradi-rozkladaci-355-mm-26116\/#primaryimage\",\"url\":\"https:\/\/www.koupelnapro.com\/wp-content\/uploads\/2026\/SK0002789-CZ20260425-092328-0-1777080210-ken5932140k-eps_large.webp\",\"contentUrl\":\"https:\/\/www.koupelnapro.com\/wp-content\/uploads\/2026\/SK0002789-CZ20260425-092328-0-1777080210-ken5932140k-eps_large.webp\",\"width\":500,\"height\":439},{\"@type\":\"BreadcrumbList\",\"@id\":\"https:\/\/www.koupelnapro.com\/index.php\/produkt\/nejlepsi-cena-kovovy-kufr-na-naradi-rozkladaci-355-mm-26116\/#breadcrumb\",\"itemListElement\":[{\"@type\":\"ListItem\",\"position\":1,\"name\":\"Home\",\"item\":\"https:\/\/www.koupelnapro.com\/\"},{\"@type\":\"ListItem\",\"position\":2,\"name\":\"Products\",\"item\":\"https:\/\/www.koupelnapro.com\/index.php\/products\/\"},{\"@type\":\"ListItem\",\"position\":3,\"name\":\"Nejlep\u0161\u00ed Cena Kovov\u00fd kufr na n\u00e1\u0159ad\u00ed rozkl\u00e1dac\u00ed 355 mm\"}]},{\"@type\":\"WebSite\",\"@id\":\"https:\/\/www.koupelnapro.com\/#website\",\"url\":\"https:\/\/www.koupelnapro.com\/\",\"name\":\"\",\"description\":\"\",\"potentialAction\":[{\"@type\":\"SearchAction\",\"target\":{\"@type\":\"EntryPoint\",\"urlTemplate\":\"https:\/\/www.koupelnapro.com\/?s={search_term_string}\"},\"query-input\":{\"@type\":\"PropertyValueSpecification\",\"valueRequired\":true,\"valueName\":\"search_term_string\"}}],\"inLanguage\":\"cs\"}]}<\/script>\n<!-- \/ Yoast SEO plugin. -->","yoast_head_json":{"title":"Nejlep\u0161\u00ed Cena Kovov\u00fd kufr na n\u00e1\u0159ad\u00ed rozkl\u00e1dac\u00ed 355 mm -","robots":{"index":"index","follow":"follow","max-snippet":"max-snippet:-1","max-image-preview":"max-image-preview:large","max-video-preview":"max-video-preview:-1"},"canonical":"https:\/\/www.koupelnapro.com\/index.php\/produkt\/nejlepsi-cena-kovovy-kufr-na-naradi-rozkladaci-355-mm-26116\/","og_locale":"cs_CZ","og_type":"article","og_title":"Nejlep\u0161\u00ed Cena Kovov\u00fd kufr na n\u00e1\u0159ad\u00ed rozkl\u00e1dac\u00ed 355 mm -","og_description":"Jeho tuh\u00e1 konstrukce je vyrobena z vysoce pevn\u00e9 oceli a je ur\u010dena pro trval\u00e9 u\u017e\u00edv\u00e1n\u00ed v pr\u016fmyslu. Ve spodn\u00ed \u010d\u00e1sti je \u00falo\u017en\u00fd prostor pro v\u011bt\u0161\u00ed kusy n\u00e1\u0159ad\u00ed a vym\u011bniteln\u00fd z\u00e1sobn\u00edk pro men\u0161\u00ed a nej\u010dast\u011bji pou\u017e\u00edvan\u00e9 d\u00edly.Celul\u00f3zov\u00fd lak odoln\u00fd proti opot\u0159eben\u00ed. Dvojd\u00edln\u00e1 p\u0159ekr\u00fdvaj\u00edc\u00ed se v\u00edka s otvorem pro visac\u00ed z\u00e1mek.Klav\u00edrov\u00fd z\u00e1v\u011bs zaru\u010duje tuhost a pevnost.Dod\u00e1v\u00e1me s [&hellip;]","og_url":"https:\/\/www.koupelnapro.com\/index.php\/produkt\/nejlepsi-cena-kovovy-kufr-na-naradi-rozkladaci-355-mm-26116\/","og_image":[{"width":500,"height":439,"url":"https:\/\/www.koupelnapro.com\/wp-content\/uploads\/2026\/SK0002789-CZ20260425-092328-0-1777080210-ken5932140k-eps_large.webp","type":"image\/webp"}],"twitter_card":"summary_large_image","twitter_misc":{"Odhadovan\u00e1 doba \u010dten\u00ed":"1 minuta"},"schema":{"@context":"https:\/\/schema.org","@graph":[{"@type":"WebPage","@id":"https:\/\/www.koupelnapro.com\/index.php\/produkt\/nejlepsi-cena-kovovy-kufr-na-naradi-rozkladaci-355-mm-26116\/","url":"https:\/\/www.koupelnapro.com\/index.php\/produkt\/nejlepsi-cena-kovovy-kufr-na-naradi-rozkladaci-355-mm-26116\/","name":"Nejlep\u0161\u00ed Cena Kovov\u00fd kufr na n\u00e1\u0159ad\u00ed rozkl\u00e1dac\u00ed 355 mm -","isPartOf":{"@id":"https:\/\/www.koupelnapro.com\/#website"},"primaryImageOfPage":{"@id":"https:\/\/www.koupelnapro.com\/index.php\/produkt\/nejlepsi-cena-kovovy-kufr-na-naradi-rozkladaci-355-mm-26116\/#primaryimage"},"image":{"@id":"https:\/\/www.koupelnapro.com\/index.php\/produkt\/nejlepsi-cena-kovovy-kufr-na-naradi-rozkladaci-355-mm-26116\/#primaryimage"},"thumbnailUrl":"https:\/\/www.koupelnapro.com\/wp-content\/uploads\/2026\/SK0002789-CZ20260425-092328-0-1777080210-ken5932140k-eps_large.webp","datePublished":"2026-04-26T09:14:43+00:00","breadcrumb":{"@id":"https:\/\/www.koupelnapro.com\/index.php\/produkt\/nejlepsi-cena-kovovy-kufr-na-naradi-rozkladaci-355-mm-26116\/#breadcrumb"},"inLanguage":"cs","potentialAction":[{"@type":"ReadAction","target":["https:\/\/www.koupelnapro.com\/index.php\/produkt\/nejlepsi-cena-kovovy-kufr-na-naradi-rozkladaci-355-mm-26116\/"]}]},{"@type":"ImageObject","inLanguage":"cs","@id":"https:\/\/www.koupelnapro.com\/index.php\/produkt\/nejlepsi-cena-kovovy-kufr-na-naradi-rozkladaci-355-mm-26116\/#primaryimage","url":"https:\/\/www.koupelnapro.com\/wp-content\/uploads\/2026\/SK0002789-CZ20260425-092328-0-1777080210-ken5932140k-eps_large.webp","contentUrl":"https:\/\/www.koupelnapro.com\/wp-content\/uploads\/2026\/SK0002789-CZ20260425-092328-0-1777080210-ken5932140k-eps_large.webp","width":500,"height":439},{"@type":"BreadcrumbList","@id":"https:\/\/www.koupelnapro.com\/index.php\/produkt\/nejlepsi-cena-kovovy-kufr-na-naradi-rozkladaci-355-mm-26116\/#breadcrumb","itemListElement":[{"@type":"ListItem","position":1,"name":"Home","item":"https:\/\/www.koupelnapro.com\/"},{"@type":"ListItem","position":2,"name":"Products","item":"https:\/\/www.koupelnapro.com\/index.php\/products\/"},{"@type":"ListItem","position":3,"name":"Nejlep\u0161\u00ed Cena Kovov\u00fd kufr na n\u00e1\u0159ad\u00ed rozkl\u00e1dac\u00ed 355 mm"}]},{"@type":"WebSite","@id":"https:\/\/www.koupelnapro.com\/#website","url":"https:\/\/www.koupelnapro.com\/","name":"","description":"","potentialAction":[{"@type":"SearchAction","target":{"@type":"EntryPoint","urlTemplate":"https:\/\/www.koupelnapro.com\/?s={search_term_string}"},"query-input":{"@type":"PropertyValueSpecification","valueRequired":true,"valueName":"search_term_string"}}],"inLanguage":"cs"}]}},"_links":{"self":[{"href":"https:\/\/www.koupelnapro.com\/index.php\/wp-json\/wp\/v2\/product\/26116","targetHints":{"allow":["GET"]}}],"collection":[{"href":"https:\/\/www.koupelnapro.com\/index.php\/wp-json\/wp\/v2\/product"}],"about":[{"href":"https:\/\/www.koupelnapro.com\/index.php\/wp-json\/wp\/v2\/types\/product"}],"replies":[{"embeddable":true,"href":"https:\/\/www.koupelnapro.com\/index.php\/wp-json\/wp\/v2\/comments?post=26116"}],"wp:featuredmedia":[{"embeddable":true,"href":"https:\/\/www.koupelnapro.com\/index.php\/wp-json\/wp\/v2\/media\/26216"}],"wp:attachment":[{"href":"https:\/\/www.koupelnapro.com\/index.php\/wp-json\/wp\/v2\/media?parent=26116"}],"wp:term":[{"taxonomy":"product_brand","embeddable":true,"href":"https:\/\/www.koupelnapro.com\/index.php\/wp-json\/wp\/v2\/product_brand?post=26116"},{"taxonomy":"product_cat","embeddable":true,"href":"https:\/\/www.koupelnapro.com\/index.php\/wp-json\/wp\/v2\/product_cat?post=26116"},{"taxonomy":"product_tag","embeddable":true,"href":"https:\/\/www.koupelnapro.com\/index.php\/wp-json\/wp\/v2\/product_tag?post=26116"}],"curies":[{"name":"wp","href":"https:\/\/api.w.org\/{rel}","templated":true}]}}