{"id":26114,"date":"2026-04-26T09:14:43","date_gmt":"2026-04-26T09:14:43","guid":{"rendered":""},"modified":"2026-04-26T09:14:43","modified_gmt":"2026-04-26T09:14:43","slug":"znackovy-kovovy-kufr-na-naradi-430-mm-26114","status":"publish","type":"product","link":"https:\/\/www.koupelnapro.com\/index.php\/produkt\/znackovy-kovovy-kufr-na-naradi-430-mm-26114\/","title":{"rendered":"Zna\u010dkov\u00fd Kovov\u00fd kufr na n\u00e1\u0159ad\u00ed 430 mm"},"content":{"rendered":"<table>\n<div class=\"tab-pane active product-description\" id=\"popis\" role=\"tabpanel\">\n<div class=\"short-description\" itemprop=\"description\"><\/div>\n<div class=\"description\"><span class='bullet-line'>Maj\u00ed sva\u0159ovanou ocelovou konstrukci. <br \/><\/span><span class='bullet-line'>Na povrchu je povlak z dvouslo\u017ekov\u00e9ho epoxidov\u00e9ho pr\u00e1\u0161kov\u00e9ho laku, kter\u00fd je odoln\u00fd proti korozi. <br \/><\/span><span class='bullet-line'>Dvojd\u00edln\u00e9 v\u00edko s p\u00e1kov\u00fdm mechanizmem a otvorem pro visac\u00ed z\u00e1mek.<br \/><\/span><span class='bullet-line'>Ve spodn\u00edm prostoru je velk\u00e1 p\u0159ihr\u00e1dka se \u010dty\u0159mi p\u0159epa\u017een\u00fdmi okam\u017eit\u011b p\u0159\u00edstupn\u00fdmi z\u00e1sobn\u00edky s p\u00e1kov\u00fdm mechanizmem.<br \/><\/span><span class='bullet-line'>Hmotnost 5,3 kg<\/span><\/div>\n<div class=\"parameters\">\n<tr>\n<td>Rozm\u011bry ( d x \u0161 x v )<\/td>\n<td>430 x 205 x 205 mm<\/td>\n<\/tr><\/div>\n<\/table>\n","protected":false},"excerpt":{"rendered":"<p>Maj\u00ed sva\u0159ovanou ocelovou konstrukci. Na povrchu je povlak z dvouslo\u017ekov\u00e9ho epoxidov\u00e9ho pr\u00e1\u0161kov\u00e9ho laku, kter\u00fd je odoln\u00fd proti korozi. Dvojd\u00edln\u00e9 v\u00edko s p\u00e1kov\u00fdm mechanizmem a otvorem pro visac\u00ed z\u00e1mek.Ve spodn\u00edm prostoru je velk\u00e1 p\u0159ihr\u00e1dka se \u010dty\u0159mi p\u0159epa\u017een\u00fdmi okam\u017eit\u011b p\u0159\u00edstupn\u00fdmi z\u00e1sobn\u00edky s p\u00e1kov\u00fdm mechanizmem.Hmotnost 5,3 kg Rozm\u011bry ( d x \u0161 x v ) 430 x 205 [&hellip;]<\/p>\n","protected":false},"featured_media":26214,"comment_status":"open","ping_status":"open","template":"","meta":[],"product_brand":[],"product_cat":[100],"product_tag":[],"class_list":{"0":"post-26114","1":"product","2":"type-product","3":"status-publish","4":"has-post-thumbnail","6":"product_cat-dilna","8":"first","9":"instock","10":"sale","11":"shipping-taxable","12":"purchasable","13":"product-type-simple"},"yoast_head":"<!-- This site is optimized with the Yoast SEO plugin v26.8 - https:\/\/yoast.com\/product\/yoast-seo-wordpress\/ -->\n<title>Zna\u010dkov\u00fd Kovov\u00fd kufr na n\u00e1\u0159ad\u00ed 430 mm -<\/title>\n<meta name=\"robots\" content=\"index, follow, max-snippet:-1, max-image-preview:large, max-video-preview:-1\" \/>\n<link rel=\"canonical\" href=\"https:\/\/www.koupelnapro.com\/index.php\/produkt\/znackovy-kovovy-kufr-na-naradi-430-mm-26114\/\" \/>\n<meta property=\"og:locale\" content=\"cs_CZ\" \/>\n<meta property=\"og:type\" content=\"article\" \/>\n<meta property=\"og:title\" content=\"Zna\u010dkov\u00fd Kovov\u00fd kufr na n\u00e1\u0159ad\u00ed 430 mm -\" \/>\n<meta property=\"og:description\" content=\"Maj\u00ed sva\u0159ovanou ocelovou konstrukci. Na povrchu je povlak z dvouslo\u017ekov\u00e9ho epoxidov\u00e9ho pr\u00e1\u0161kov\u00e9ho laku, kter\u00fd je odoln\u00fd proti korozi. Dvojd\u00edln\u00e9 v\u00edko s p\u00e1kov\u00fdm mechanizmem a otvorem pro visac\u00ed z\u00e1mek.Ve spodn\u00edm prostoru je velk\u00e1 p\u0159ihr\u00e1dka se \u010dty\u0159mi p\u0159epa\u017een\u00fdmi okam\u017eit\u011b p\u0159\u00edstupn\u00fdmi z\u00e1sobn\u00edky s p\u00e1kov\u00fdm mechanizmem.Hmotnost 5,3 kg Rozm\u011bry ( d x \u0161 x v ) 430 x 205 [&hellip;]\" \/>\n<meta property=\"og:url\" content=\"https:\/\/www.koupelnapro.com\/index.php\/produkt\/znackovy-kovovy-kufr-na-naradi-430-mm-26114\/\" \/>\n<meta property=\"og:image\" content=\"https:\/\/www.koupelnapro.com\/wp-content\/uploads\/2026\/SK0002787-CZ20260425-092328-0-1777080210-ken5931220k-eps_large.webp\" \/>\n\t<meta property=\"og:image:width\" content=\"500\" \/>\n\t<meta property=\"og:image:height\" content=\"351\" \/>\n\t<meta property=\"og:image:type\" content=\"image\/webp\" \/>\n<meta name=\"twitter:card\" content=\"summary_large_image\" \/>\n<script type=\"application\/ld+json\" class=\"yoast-schema-graph\">{\"@context\":\"https:\/\/schema.org\",\"@graph\":[{\"@type\":\"WebPage\",\"@id\":\"https:\/\/www.koupelnapro.com\/index.php\/produkt\/znackovy-kovovy-kufr-na-naradi-430-mm-26114\/\",\"url\":\"https:\/\/www.koupelnapro.com\/index.php\/produkt\/znackovy-kovovy-kufr-na-naradi-430-mm-26114\/\",\"name\":\"Zna\u010dkov\u00fd Kovov\u00fd kufr na n\u00e1\u0159ad\u00ed 430 mm -\",\"isPartOf\":{\"@id\":\"https:\/\/www.koupelnapro.com\/#website\"},\"primaryImageOfPage\":{\"@id\":\"https:\/\/www.koupelnapro.com\/index.php\/produkt\/znackovy-kovovy-kufr-na-naradi-430-mm-26114\/#primaryimage\"},\"image\":{\"@id\":\"https:\/\/www.koupelnapro.com\/index.php\/produkt\/znackovy-kovovy-kufr-na-naradi-430-mm-26114\/#primaryimage\"},\"thumbnailUrl\":\"https:\/\/www.koupelnapro.com\/wp-content\/uploads\/2026\/SK0002787-CZ20260425-092328-0-1777080210-ken5931220k-eps_large.webp\",\"datePublished\":\"2026-04-26T09:14:43+00:00\",\"breadcrumb\":{\"@id\":\"https:\/\/www.koupelnapro.com\/index.php\/produkt\/znackovy-kovovy-kufr-na-naradi-430-mm-26114\/#breadcrumb\"},\"inLanguage\":\"cs\",\"potentialAction\":[{\"@type\":\"ReadAction\",\"target\":[\"https:\/\/www.koupelnapro.com\/index.php\/produkt\/znackovy-kovovy-kufr-na-naradi-430-mm-26114\/\"]}]},{\"@type\":\"ImageObject\",\"inLanguage\":\"cs\",\"@id\":\"https:\/\/www.koupelnapro.com\/index.php\/produkt\/znackovy-kovovy-kufr-na-naradi-430-mm-26114\/#primaryimage\",\"url\":\"https:\/\/www.koupelnapro.com\/wp-content\/uploads\/2026\/SK0002787-CZ20260425-092328-0-1777080210-ken5931220k-eps_large.webp\",\"contentUrl\":\"https:\/\/www.koupelnapro.com\/wp-content\/uploads\/2026\/SK0002787-CZ20260425-092328-0-1777080210-ken5931220k-eps_large.webp\",\"width\":500,\"height\":351},{\"@type\":\"BreadcrumbList\",\"@id\":\"https:\/\/www.koupelnapro.com\/index.php\/produkt\/znackovy-kovovy-kufr-na-naradi-430-mm-26114\/#breadcrumb\",\"itemListElement\":[{\"@type\":\"ListItem\",\"position\":1,\"name\":\"Home\",\"item\":\"https:\/\/www.koupelnapro.com\/\"},{\"@type\":\"ListItem\",\"position\":2,\"name\":\"Products\",\"item\":\"https:\/\/www.koupelnapro.com\/index.php\/products\/\"},{\"@type\":\"ListItem\",\"position\":3,\"name\":\"Zna\u010dkov\u00fd Kovov\u00fd kufr na n\u00e1\u0159ad\u00ed 430 mm\"}]},{\"@type\":\"WebSite\",\"@id\":\"https:\/\/www.koupelnapro.com\/#website\",\"url\":\"https:\/\/www.koupelnapro.com\/\",\"name\":\"\",\"description\":\"\",\"potentialAction\":[{\"@type\":\"SearchAction\",\"target\":{\"@type\":\"EntryPoint\",\"urlTemplate\":\"https:\/\/www.koupelnapro.com\/?s={search_term_string}\"},\"query-input\":{\"@type\":\"PropertyValueSpecification\",\"valueRequired\":true,\"valueName\":\"search_term_string\"}}],\"inLanguage\":\"cs\"}]}<\/script>\n<!-- \/ Yoast SEO plugin. -->","yoast_head_json":{"title":"Zna\u010dkov\u00fd Kovov\u00fd kufr na n\u00e1\u0159ad\u00ed 430 mm -","robots":{"index":"index","follow":"follow","max-snippet":"max-snippet:-1","max-image-preview":"max-image-preview:large","max-video-preview":"max-video-preview:-1"},"canonical":"https:\/\/www.koupelnapro.com\/index.php\/produkt\/znackovy-kovovy-kufr-na-naradi-430-mm-26114\/","og_locale":"cs_CZ","og_type":"article","og_title":"Zna\u010dkov\u00fd Kovov\u00fd kufr na n\u00e1\u0159ad\u00ed 430 mm -","og_description":"Maj\u00ed sva\u0159ovanou ocelovou konstrukci. Na povrchu je povlak z dvouslo\u017ekov\u00e9ho epoxidov\u00e9ho pr\u00e1\u0161kov\u00e9ho laku, kter\u00fd je odoln\u00fd proti korozi. Dvojd\u00edln\u00e9 v\u00edko s p\u00e1kov\u00fdm mechanizmem a otvorem pro visac\u00ed z\u00e1mek.Ve spodn\u00edm prostoru je velk\u00e1 p\u0159ihr\u00e1dka se \u010dty\u0159mi p\u0159epa\u017een\u00fdmi okam\u017eit\u011b p\u0159\u00edstupn\u00fdmi z\u00e1sobn\u00edky s p\u00e1kov\u00fdm mechanizmem.Hmotnost 5,3 kg Rozm\u011bry ( d x \u0161 x v ) 430 x 205 [&hellip;]","og_url":"https:\/\/www.koupelnapro.com\/index.php\/produkt\/znackovy-kovovy-kufr-na-naradi-430-mm-26114\/","og_image":[{"width":500,"height":351,"url":"https:\/\/www.koupelnapro.com\/wp-content\/uploads\/2026\/SK0002787-CZ20260425-092328-0-1777080210-ken5931220k-eps_large.webp","type":"image\/webp"}],"twitter_card":"summary_large_image","schema":{"@context":"https:\/\/schema.org","@graph":[{"@type":"WebPage","@id":"https:\/\/www.koupelnapro.com\/index.php\/produkt\/znackovy-kovovy-kufr-na-naradi-430-mm-26114\/","url":"https:\/\/www.koupelnapro.com\/index.php\/produkt\/znackovy-kovovy-kufr-na-naradi-430-mm-26114\/","name":"Zna\u010dkov\u00fd Kovov\u00fd kufr na n\u00e1\u0159ad\u00ed 430 mm -","isPartOf":{"@id":"https:\/\/www.koupelnapro.com\/#website"},"primaryImageOfPage":{"@id":"https:\/\/www.koupelnapro.com\/index.php\/produkt\/znackovy-kovovy-kufr-na-naradi-430-mm-26114\/#primaryimage"},"image":{"@id":"https:\/\/www.koupelnapro.com\/index.php\/produkt\/znackovy-kovovy-kufr-na-naradi-430-mm-26114\/#primaryimage"},"thumbnailUrl":"https:\/\/www.koupelnapro.com\/wp-content\/uploads\/2026\/SK0002787-CZ20260425-092328-0-1777080210-ken5931220k-eps_large.webp","datePublished":"2026-04-26T09:14:43+00:00","breadcrumb":{"@id":"https:\/\/www.koupelnapro.com\/index.php\/produkt\/znackovy-kovovy-kufr-na-naradi-430-mm-26114\/#breadcrumb"},"inLanguage":"cs","potentialAction":[{"@type":"ReadAction","target":["https:\/\/www.koupelnapro.com\/index.php\/produkt\/znackovy-kovovy-kufr-na-naradi-430-mm-26114\/"]}]},{"@type":"ImageObject","inLanguage":"cs","@id":"https:\/\/www.koupelnapro.com\/index.php\/produkt\/znackovy-kovovy-kufr-na-naradi-430-mm-26114\/#primaryimage","url":"https:\/\/www.koupelnapro.com\/wp-content\/uploads\/2026\/SK0002787-CZ20260425-092328-0-1777080210-ken5931220k-eps_large.webp","contentUrl":"https:\/\/www.koupelnapro.com\/wp-content\/uploads\/2026\/SK0002787-CZ20260425-092328-0-1777080210-ken5931220k-eps_large.webp","width":500,"height":351},{"@type":"BreadcrumbList","@id":"https:\/\/www.koupelnapro.com\/index.php\/produkt\/znackovy-kovovy-kufr-na-naradi-430-mm-26114\/#breadcrumb","itemListElement":[{"@type":"ListItem","position":1,"name":"Home","item":"https:\/\/www.koupelnapro.com\/"},{"@type":"ListItem","position":2,"name":"Products","item":"https:\/\/www.koupelnapro.com\/index.php\/products\/"},{"@type":"ListItem","position":3,"name":"Zna\u010dkov\u00fd Kovov\u00fd kufr na n\u00e1\u0159ad\u00ed 430 mm"}]},{"@type":"WebSite","@id":"https:\/\/www.koupelnapro.com\/#website","url":"https:\/\/www.koupelnapro.com\/","name":"","description":"","potentialAction":[{"@type":"SearchAction","target":{"@type":"EntryPoint","urlTemplate":"https:\/\/www.koupelnapro.com\/?s={search_term_string}"},"query-input":{"@type":"PropertyValueSpecification","valueRequired":true,"valueName":"search_term_string"}}],"inLanguage":"cs"}]}},"_links":{"self":[{"href":"https:\/\/www.koupelnapro.com\/index.php\/wp-json\/wp\/v2\/product\/26114","targetHints":{"allow":["GET"]}}],"collection":[{"href":"https:\/\/www.koupelnapro.com\/index.php\/wp-json\/wp\/v2\/product"}],"about":[{"href":"https:\/\/www.koupelnapro.com\/index.php\/wp-json\/wp\/v2\/types\/product"}],"replies":[{"embeddable":true,"href":"https:\/\/www.koupelnapro.com\/index.php\/wp-json\/wp\/v2\/comments?post=26114"}],"wp:featuredmedia":[{"embeddable":true,"href":"https:\/\/www.koupelnapro.com\/index.php\/wp-json\/wp\/v2\/media\/26214"}],"wp:attachment":[{"href":"https:\/\/www.koupelnapro.com\/index.php\/wp-json\/wp\/v2\/media?parent=26114"}],"wp:term":[{"taxonomy":"product_brand","embeddable":true,"href":"https:\/\/www.koupelnapro.com\/index.php\/wp-json\/wp\/v2\/product_brand?post=26114"},{"taxonomy":"product_cat","embeddable":true,"href":"https:\/\/www.koupelnapro.com\/index.php\/wp-json\/wp\/v2\/product_cat?post=26114"},{"taxonomy":"product_tag","embeddable":true,"href":"https:\/\/www.koupelnapro.com\/index.php\/wp-json\/wp\/v2\/product_tag?post=26114"}],"curies":[{"name":"wp","href":"https:\/\/api.w.org\/{rel}","templated":true}]}}

Značkový Kovový kufr na nářadí 430 mm

<table>
<div class="tab-pane active product-description" id="popis" role="tabpanel">
<div class="short-description" itemprop="description"></div>
<div class="description"><span class='bullet-line'>Mají svařovanou ocelovou konstrukci. <br /></span><span class='bullet-line'>Na povrchu je povlak z dvousložkového epoxidového práškového laku, který je odolný proti korozi. <br /></span><span class='bullet-line'>Dvojdílné víko s pákovým mechanizmem a otvorem pro visací zámek.<br /></span><span class='bullet-line'>Ve spodním prostoru je velká přihrádka se čtyřmi přepaženými okamžitě přístupnými zásobníky s pákovým mechanizmem.<br /></span><span class='bullet-line'>Hmotnost 5,3 kg</span></div>
<div class="parameters">
<tr>
<td>Rozměry ( d x š x v )</td>
<td>430 x 205 x 205 mm</td>
</tr></div>
</table>

<p>Mají svařovanou ocelovou konstrukci. Na povrchu je povlak z dvousložkového epoxidového práškového laku, který je odolný proti korozi. Dvojdílné víko s pákovým mechanizmem a otvorem pro visací zámek.Ve spodním prostoru je velká přihrádka se čtyřmi přepaženými okamžitě přístupnými zásobníky s pákovým mechanizmem.Hmotnost 5,3 kg Rozměry ( d x š x v ) 430 x 205 [&hellip;]</p>

<!-- This site is optimized with the Yoast SEO plugin v26.8 - https://yoast.com/product/yoast-seo-wordpress/ -->
<title>Značkový Kovový kufr na nářadí 430 mm -</title>
<meta name="robots" content="index, follow, max-snippet:-1, max-image-preview:large, max-video-preview:-1" />
<link rel="canonical" href="https://www.koupelnapro.com/index.php/produkt/znackovy-kovovy-kufr-na-naradi-430-mm-26114/" />
<meta property="og:locale" content="cs_CZ" />
<meta property="og:type" content="article" />
<meta property="og:title" content="Značkový Kovový kufr na nářadí 430 mm -" />
<meta property="og:description" content="Mají svařovanou ocelovou konstrukci. Na povrchu je povlak z dvousložkového epoxidového práškového laku, který je odolný proti korozi. Dvojdílné víko s pákovým mechanizmem a otvorem pro visací zámek.Ve spodním prostoru je velká přihrádka se čtyřmi přepaženými okamžitě přístupnými zásobníky s pákovým mechanizmem.Hmotnost 5,3 kg Rozměry ( d x š x v ) 430 x 205 [&hellip;]" />
<meta property="og:url" content="https://www.koupelnapro.com/index.php/produkt/znackovy-kovovy-kufr-na-naradi-430-mm-26114/" />
<meta property="og:image" content="https://www.koupelnapro.com/wp-content/uploads/2026/SK0002787-CZ20260425-092328-0-1777080210-ken5931220k-eps_large.webp" />
	<meta property="og:image:width" content="500" />
	<meta property="og:image:height" content="351" />
	<meta property="og:image:type" content="image/webp" />
<meta name="twitter:card" content="summary_large_image" />
<script type="application/ld+json" class="yoast-schema-graph">{"@context":"https://schema.org","@graph":[{"@type":"WebPage","@id":"https://www.koupelnapro.com/index.php/produkt/znackovy-kovovy-kufr-na-naradi-430-mm-26114/","url":"https://www.koupelnapro.com/index.php/produkt/znackovy-kovovy-kufr-na-naradi-430-mm-26114/","name":"Značkový Kovový kufr na nářadí 430 mm -","isPartOf":{"@id":"https://www.koupelnapro.com/#website"},"primaryImageOfPage":{"@id":"https://www.koupelnapro.com/index.php/produkt/znackovy-kovovy-kufr-na-naradi-430-mm-26114/#primaryimage"},"image":{"@id":"https://www.koupelnapro.com/index.php/produkt/znackovy-kovovy-kufr-na-naradi-430-mm-26114/#primaryimage"},"thumbnailUrl":"https://www.koupelnapro.com/wp-content/uploads/2026/SK0002787-CZ20260425-092328-0-1777080210-ken5931220k-eps_large.webp","datePublished":"2026-04-26T09:14:43+00:00","breadcrumb":{"@id":"https://www.koupelnapro.com/index.php/produkt/znackovy-kovovy-kufr-na-naradi-430-mm-26114/#breadcrumb"},"inLanguage":"cs","potentialAction":[{"@type":"ReadAction","target":["https://www.koupelnapro.com/index.php/produkt/znackovy-kovovy-kufr-na-naradi-430-mm-26114/"]}]},{"@type":"ImageObject","inLanguage":"cs","@id":"https://www.koupelnapro.com/index.php/produkt/znackovy-kovovy-kufr-na-naradi-430-mm-26114/#primaryimage","url":"https://www.koupelnapro.com/wp-content/uploads/2026/SK0002787-CZ20260425-092328-0-1777080210-ken5931220k-eps_large.webp","contentUrl":"https://www.koupelnapro.com/wp-content/uploads/2026/SK0002787-CZ20260425-092328-0-1777080210-ken5931220k-eps_large.webp","width":500,"height":351},{"@type":"BreadcrumbList","@id":"https://www.koupelnapro.com/index.php/produkt/znackovy-kovovy-kufr-na-naradi-430-mm-26114/#breadcrumb","itemListElement":[{"@type":"ListItem","position":1,"name":"Home","item":"https://www.koupelnapro.com/"},{"@type":"ListItem","position":2,"name":"Products","item":"https://www.koupelnapro.com/index.php/products/"},{"@type":"ListItem","position":3,"name":"Značkový Kovový kufr na nářadí 430 mm"}]},{"@type":"WebSite","@id":"https://www.koupelnapro.com/#website","url":"https://www.koupelnapro.com/","name":"","description":"","potentialAction":[{"@type":"SearchAction","target":{"@type":"EntryPoint","urlTemplate":"https://www.koupelnapro.com/?s={search_term_string}"},"query-input":{"@type":"PropertyValueSpecification","valueRequired":true,"valueName":"search_term_string"}}],"inLanguage":"cs"}]}</script>
<!-- / Yoast SEO plugin. -->

Značkový Kovový kufr na nářadí 430 mm -

Mají svařovanou ocelovou konstrukci. Na povrchu je povlak z dvousložkového epoxidového práškového laku, který je odolný proti korozi. Dvojdílné víko s pákovým mechanizmem a otvorem pro visací zámek.Ve spodním prostoru je velká přihrádka se čtyřmi přepaženými okamžitě přístupnými zásobníky s pákovým mechanizmem.Hmotnost 5,3 kg Rozměry ( d x š x v ) 430 x 205 [&hellip;]
