{"id":2381,"date":"2026-04-26T09:13:08","date_gmt":"2026-04-26T09:13:08","guid":{"rendered":""},"modified":"2026-04-26T09:13:08","modified_gmt":"2026-04-26T09:13:08","slug":"objimka-plastova-se-zavitem-e27-1352-13400-bila-tovarni-cena-2381","status":"publish","type":"product","link":"https:\/\/www.koupelnapro.com\/index.php\/produkt\/objimka-plastova-se-zavitem-e27-1352-13400-bila-tovarni-cena-2381\/","title":{"rendered":"Obj\u00edmka  plastov\u00e1 se z\u00e1vitem E27 1352-13400 b\u00edl\u00e1 Tov\u00e1rn\u00ed Cena"},"content":{"rendered":"<div id=\"e9145248\" class=\"pages\">\n<div id=\"PDDescription\" class=\"UserContentView userContent v1a v1 bs-view dcon dc150 PDDescription\" >\n<p style=\"font: 14px\/20px Helvetica, Arial, sans-serif; margin: 0px 0px 10px; color: #333333; text-transform: none; text-indent: 0px; letter-spacing: normal; word-spacing: 0px; white-space: normal; box-sizing: border-box; widows: 1; background-color: #ffffff; -webkit-text-stroke-width: 0px;\">4 A, 250 V<\/p>\n<p style=\"font: 14px\/20px Helvetica, Arial, sans-serif; margin: 0px 0px 10px; color: #333333; text-transform: none; text-indent: 0px; letter-spacing: normal; word-spacing: 0px; white-space: normal; box-sizing: border-box; widows: 1; background-color: #ffffff; -webkit-text-stroke-width: 0px;\">\u00a0<\/p>\n<p style=\"font: 14px\/20px Helvetica, Arial, sans-serif; margin: 0px 0px 10px; color: #333333; text-transform: none; text-indent: 0px; letter-spacing: normal; word-spacing: 0px; white-space: normal; box-sizing: border-box; widows: 1; background-color: #ffffff; -webkit-text-stroke-width: 0px;\">obj\u00edmka se z\u00e1vitov\u00fdm vstupn\u00edm otvorem (termoplast)<\/p>\n<p style=\"font: 14px\/20px Helvetica, Arial, sans-serif; margin: 0px 0px 10px; color: #333333; text-transform: none; text-indent: 0px; letter-spacing: normal; word-spacing: 0px; white-space: normal; box-sizing: border-box; widows: 1; background-color: #ffffff; -webkit-text-stroke-width: 0px;\">\u00a0<\/p>\n<p style=\"font: 14px\/20px Helvetica, Arial, sans-serif; margin: 0px 0px 10px; color: #333333; text-transform: none; text-indent: 0px; letter-spacing: normal; word-spacing: 0px; white-space: normal; box-sizing: border-box; widows: 1; background-color: #ffffff; -webkit-text-stroke-width: 0px;\">z\u00e1vitov\u00fd vstupn\u00ed otvor M10x1<\/p>\n<p style=\"font: 14px\/20px Helvetica, Arial, sans-serif; margin: 0px 0px 10px; color: #333333; text-transform: none; text-indent: 0px; letter-spacing: normal; word-spacing: 0px; white-space: normal; box-sizing: border-box; widows: 1; background-color: #ffffff; -webkit-text-stroke-width: 0px;\">obj\u00edmka spl\u0148uje po\u017eadavky pro sv\u00edtidla t\u0159\u00eddy II<\/p>\n<p style=\"font: 14px\/20px Helvetica, Arial, sans-serif; margin: 0px 0px 10px; color: #333333; text-transform: none; text-indent: 0px; letter-spacing: normal; word-spacing: 0px; white-space: normal; box-sizing: border-box; widows: 1; background-color: #ffffff; -webkit-text-stroke-width: 0px;\">barva: b\u00edl\u00e1<\/p>\n<p style=\"font: 14px\/20px Helvetica, Arial, sans-serif; margin: 0px 0px 10px; color: #333333; text-transform: none; text-indent: 0px; letter-spacing: normal; word-spacing: 0px; white-space: normal; box-sizing: border-box; widows: 1; background-color: #ffffff; -webkit-text-stroke-width: 0px;\">obr\u00e1zek je pouze informativn\u00ed, barva v\u00fdrobku na obr\u00e1zku neodpov\u00edd\u00e1 skute\u010dnosti<\/p>\n<div id=\"PDTable3\" class=\"ProductDetailTableView v3a v3 bs-view dcon dc175 PDTable3\" >\n<table>\n<thead><\/thead>\n<tbody>\n<tr class=\"attribute attr_bsshop_maker\">\n<td class=\"caption\">V\u00fdrobce<\/td>\n<td class=\"value\">Ostatn\u00ed<\/td>\n<\/tr>\n<\/tbody>\n<\/table><\/div>\n<\/div>\n<\/div>\n<div id=\"e9145249\" class=\"tabs\">\n","protected":false},"excerpt":{"rendered":"<p>4 A, 250 V \u00a0 obj\u00edmka se z\u00e1vitov\u00fdm vstupn\u00edm otvorem (termoplast) \u00a0 z\u00e1vitov\u00fd vstupn\u00ed otvor M10x1 obj\u00edmka spl\u0148uje po\u017eadavky pro sv\u00edtidla t\u0159\u00eddy II barva: b\u00edl\u00e1 obr\u00e1zek je pouze informativn\u00ed, barva v\u00fdrobku na obr\u00e1zku neodpov\u00edd\u00e1 skute\u010dnosti V\u00fdrobce Ostatn\u00ed<\/p>\n","protected":false},"featured_media":2481,"comment_status":"open","ping_status":"open","template":"","meta":[],"product_brand":[],"product_cat":[37],"product_tag":[],"class_list":{"0":"post-2381","1":"product","2":"type-product","3":"status-publish","4":"has-post-thumbnail","6":"product_cat-sv-237-tidla-a-led","8":"first","9":"instock","10":"sale","11":"shipping-taxable","12":"purchasable","13":"product-type-simple"},"yoast_head":"<!-- This site is optimized with the Yoast SEO plugin v26.8 - https:\/\/yoast.com\/product\/yoast-seo-wordpress\/ -->\n<title>Obj\u00edmka plastov\u00e1 se z\u00e1vitem E27 1352-13400 b\u00edl\u00e1 Tov\u00e1rn\u00ed Cena -<\/title>\n<meta name=\"robots\" content=\"index, follow, max-snippet:-1, max-image-preview:large, max-video-preview:-1\" \/>\n<link rel=\"canonical\" href=\"https:\/\/www.koupelnapro.com\/index.php\/produkt\/objimka-plastova-se-zavitem-e27-1352-13400-bila-tovarni-cena-2381\/\" \/>\n<meta property=\"og:locale\" content=\"cs_CZ\" \/>\n<meta property=\"og:type\" content=\"article\" \/>\n<meta property=\"og:title\" content=\"Obj\u00edmka plastov\u00e1 se z\u00e1vitem E27 1352-13400 b\u00edl\u00e1 Tov\u00e1rn\u00ed Cena -\" \/>\n<meta property=\"og:description\" content=\"4 A, 250 V \u00a0 obj\u00edmka se z\u00e1vitov\u00fdm vstupn\u00edm otvorem (termoplast) \u00a0 z\u00e1vitov\u00fd vstupn\u00ed otvor M10x1 obj\u00edmka spl\u0148uje po\u017eadavky pro sv\u00edtidla t\u0159\u00eddy II barva: b\u00edl\u00e1 obr\u00e1zek je pouze informativn\u00ed, barva v\u00fdrobku na obr\u00e1zku neodpov\u00edd\u00e1 skute\u010dnosti V\u00fdrobce Ostatn\u00ed\" \/>\n<meta property=\"og:url\" content=\"https:\/\/www.koupelnapro.com\/index.php\/produkt\/objimka-plastova-se-zavitem-e27-1352-13400-bila-tovarni-cena-2381\/\" \/>\n<meta property=\"og:image\" content=\"https:\/\/www.koupelnapro.com\/wp-content\/uploads\/2026\/SK0003249-CZ20260425-091623-0-1777079785-objimka-plastova-se-zavitem-e27-1352-13400-bila.webp\" \/>\n\t<meta property=\"og:image:width\" content=\"1000\" \/>\n\t<meta property=\"og:image:height\" content=\"525\" \/>\n\t<meta property=\"og:image:type\" content=\"image\/webp\" \/>\n<meta name=\"twitter:card\" content=\"summary_large_image\" \/>\n<script type=\"application\/ld+json\" class=\"yoast-schema-graph\">{\"@context\":\"https:\/\/schema.org\",\"@graph\":[{\"@type\":\"WebPage\",\"@id\":\"https:\/\/www.koupelnapro.com\/index.php\/produkt\/objimka-plastova-se-zavitem-e27-1352-13400-bila-tovarni-cena-2381\/\",\"url\":\"https:\/\/www.koupelnapro.com\/index.php\/produkt\/objimka-plastova-se-zavitem-e27-1352-13400-bila-tovarni-cena-2381\/\",\"name\":\"Obj\u00edmka plastov\u00e1 se z\u00e1vitem E27 1352-13400 b\u00edl\u00e1 Tov\u00e1rn\u00ed Cena -\",\"isPartOf\":{\"@id\":\"https:\/\/www.koupelnapro.com\/#website\"},\"primaryImageOfPage\":{\"@id\":\"https:\/\/www.koupelnapro.com\/index.php\/produkt\/objimka-plastova-se-zavitem-e27-1352-13400-bila-tovarni-cena-2381\/#primaryimage\"},\"image\":{\"@id\":\"https:\/\/www.koupelnapro.com\/index.php\/produkt\/objimka-plastova-se-zavitem-e27-1352-13400-bila-tovarni-cena-2381\/#primaryimage\"},\"thumbnailUrl\":\"https:\/\/www.koupelnapro.com\/wp-content\/uploads\/2026\/SK0003249-CZ20260425-091623-0-1777079785-objimka-plastova-se-zavitem-e27-1352-13400-bila.webp\",\"datePublished\":\"2026-04-26T09:13:08+00:00\",\"breadcrumb\":{\"@id\":\"https:\/\/www.koupelnapro.com\/index.php\/produkt\/objimka-plastova-se-zavitem-e27-1352-13400-bila-tovarni-cena-2381\/#breadcrumb\"},\"inLanguage\":\"cs\",\"potentialAction\":[{\"@type\":\"ReadAction\",\"target\":[\"https:\/\/www.koupelnapro.com\/index.php\/produkt\/objimka-plastova-se-zavitem-e27-1352-13400-bila-tovarni-cena-2381\/\"]}]},{\"@type\":\"ImageObject\",\"inLanguage\":\"cs\",\"@id\":\"https:\/\/www.koupelnapro.com\/index.php\/produkt\/objimka-plastova-se-zavitem-e27-1352-13400-bila-tovarni-cena-2381\/#primaryimage\",\"url\":\"https:\/\/www.koupelnapro.com\/wp-content\/uploads\/2026\/SK0003249-CZ20260425-091623-0-1777079785-objimka-plastova-se-zavitem-e27-1352-13400-bila.webp\",\"contentUrl\":\"https:\/\/www.koupelnapro.com\/wp-content\/uploads\/2026\/SK0003249-CZ20260425-091623-0-1777079785-objimka-plastova-se-zavitem-e27-1352-13400-bila.webp\",\"width\":1000,\"height\":525},{\"@type\":\"BreadcrumbList\",\"@id\":\"https:\/\/www.koupelnapro.com\/index.php\/produkt\/objimka-plastova-se-zavitem-e27-1352-13400-bila-tovarni-cena-2381\/#breadcrumb\",\"itemListElement\":[{\"@type\":\"ListItem\",\"position\":1,\"name\":\"Home\",\"item\":\"https:\/\/www.koupelnapro.com\/\"},{\"@type\":\"ListItem\",\"position\":2,\"name\":\"Products\",\"item\":\"https:\/\/www.koupelnapro.com\/index.php\/products\/\"},{\"@type\":\"ListItem\",\"position\":3,\"name\":\"Obj\u00edmka plastov\u00e1 se z\u00e1vitem E27 1352-13400 b\u00edl\u00e1 Tov\u00e1rn\u00ed Cena\"}]},{\"@type\":\"WebSite\",\"@id\":\"https:\/\/www.koupelnapro.com\/#website\",\"url\":\"https:\/\/www.koupelnapro.com\/\",\"name\":\"\",\"description\":\"\",\"potentialAction\":[{\"@type\":\"SearchAction\",\"target\":{\"@type\":\"EntryPoint\",\"urlTemplate\":\"https:\/\/www.koupelnapro.com\/?s={search_term_string}\"},\"query-input\":{\"@type\":\"PropertyValueSpecification\",\"valueRequired\":true,\"valueName\":\"search_term_string\"}}],\"inLanguage\":\"cs\"}]}<\/script>\n<!-- \/ Yoast SEO plugin. -->","yoast_head_json":{"title":"Obj\u00edmka plastov\u00e1 se z\u00e1vitem E27 1352-13400 b\u00edl\u00e1 Tov\u00e1rn\u00ed Cena -","robots":{"index":"index","follow":"follow","max-snippet":"max-snippet:-1","max-image-preview":"max-image-preview:large","max-video-preview":"max-video-preview:-1"},"canonical":"https:\/\/www.koupelnapro.com\/index.php\/produkt\/objimka-plastova-se-zavitem-e27-1352-13400-bila-tovarni-cena-2381\/","og_locale":"cs_CZ","og_type":"article","og_title":"Obj\u00edmka plastov\u00e1 se z\u00e1vitem E27 1352-13400 b\u00edl\u00e1 Tov\u00e1rn\u00ed Cena -","og_description":"4 A, 250 V \u00a0 obj\u00edmka se z\u00e1vitov\u00fdm vstupn\u00edm otvorem (termoplast) \u00a0 z\u00e1vitov\u00fd vstupn\u00ed otvor M10x1 obj\u00edmka spl\u0148uje po\u017eadavky pro sv\u00edtidla t\u0159\u00eddy II barva: b\u00edl\u00e1 obr\u00e1zek je pouze informativn\u00ed, barva v\u00fdrobku na obr\u00e1zku neodpov\u00edd\u00e1 skute\u010dnosti V\u00fdrobce Ostatn\u00ed","og_url":"https:\/\/www.koupelnapro.com\/index.php\/produkt\/objimka-plastova-se-zavitem-e27-1352-13400-bila-tovarni-cena-2381\/","og_image":[{"width":1000,"height":525,"url":"https:\/\/www.koupelnapro.com\/wp-content\/uploads\/2026\/SK0003249-CZ20260425-091623-0-1777079785-objimka-plastova-se-zavitem-e27-1352-13400-bila.webp","type":"image\/webp"}],"twitter_card":"summary_large_image","schema":{"@context":"https:\/\/schema.org","@graph":[{"@type":"WebPage","@id":"https:\/\/www.koupelnapro.com\/index.php\/produkt\/objimka-plastova-se-zavitem-e27-1352-13400-bila-tovarni-cena-2381\/","url":"https:\/\/www.koupelnapro.com\/index.php\/produkt\/objimka-plastova-se-zavitem-e27-1352-13400-bila-tovarni-cena-2381\/","name":"Obj\u00edmka plastov\u00e1 se z\u00e1vitem E27 1352-13400 b\u00edl\u00e1 Tov\u00e1rn\u00ed Cena -","isPartOf":{"@id":"https:\/\/www.koupelnapro.com\/#website"},"primaryImageOfPage":{"@id":"https:\/\/www.koupelnapro.com\/index.php\/produkt\/objimka-plastova-se-zavitem-e27-1352-13400-bila-tovarni-cena-2381\/#primaryimage"},"image":{"@id":"https:\/\/www.koupelnapro.com\/index.php\/produkt\/objimka-plastova-se-zavitem-e27-1352-13400-bila-tovarni-cena-2381\/#primaryimage"},"thumbnailUrl":"https:\/\/www.koupelnapro.com\/wp-content\/uploads\/2026\/SK0003249-CZ20260425-091623-0-1777079785-objimka-plastova-se-zavitem-e27-1352-13400-bila.webp","datePublished":"2026-04-26T09:13:08+00:00","breadcrumb":{"@id":"https:\/\/www.koupelnapro.com\/index.php\/produkt\/objimka-plastova-se-zavitem-e27-1352-13400-bila-tovarni-cena-2381\/#breadcrumb"},"inLanguage":"cs","potentialAction":[{"@type":"ReadAction","target":["https:\/\/www.koupelnapro.com\/index.php\/produkt\/objimka-plastova-se-zavitem-e27-1352-13400-bila-tovarni-cena-2381\/"]}]},{"@type":"ImageObject","inLanguage":"cs","@id":"https:\/\/www.koupelnapro.com\/index.php\/produkt\/objimka-plastova-se-zavitem-e27-1352-13400-bila-tovarni-cena-2381\/#primaryimage","url":"https:\/\/www.koupelnapro.com\/wp-content\/uploads\/2026\/SK0003249-CZ20260425-091623-0-1777079785-objimka-plastova-se-zavitem-e27-1352-13400-bila.webp","contentUrl":"https:\/\/www.koupelnapro.com\/wp-content\/uploads\/2026\/SK0003249-CZ20260425-091623-0-1777079785-objimka-plastova-se-zavitem-e27-1352-13400-bila.webp","width":1000,"height":525},{"@type":"BreadcrumbList","@id":"https:\/\/www.koupelnapro.com\/index.php\/produkt\/objimka-plastova-se-zavitem-e27-1352-13400-bila-tovarni-cena-2381\/#breadcrumb","itemListElement":[{"@type":"ListItem","position":1,"name":"Home","item":"https:\/\/www.koupelnapro.com\/"},{"@type":"ListItem","position":2,"name":"Products","item":"https:\/\/www.koupelnapro.com\/index.php\/products\/"},{"@type":"ListItem","position":3,"name":"Obj\u00edmka plastov\u00e1 se z\u00e1vitem E27 1352-13400 b\u00edl\u00e1 Tov\u00e1rn\u00ed Cena"}]},{"@type":"WebSite","@id":"https:\/\/www.koupelnapro.com\/#website","url":"https:\/\/www.koupelnapro.com\/","name":"","description":"","potentialAction":[{"@type":"SearchAction","target":{"@type":"EntryPoint","urlTemplate":"https:\/\/www.koupelnapro.com\/?s={search_term_string}"},"query-input":{"@type":"PropertyValueSpecification","valueRequired":true,"valueName":"search_term_string"}}],"inLanguage":"cs"}]}},"_links":{"self":[{"href":"https:\/\/www.koupelnapro.com\/index.php\/wp-json\/wp\/v2\/product\/2381","targetHints":{"allow":["GET"]}}],"collection":[{"href":"https:\/\/www.koupelnapro.com\/index.php\/wp-json\/wp\/v2\/product"}],"about":[{"href":"https:\/\/www.koupelnapro.com\/index.php\/wp-json\/wp\/v2\/types\/product"}],"replies":[{"embeddable":true,"href":"https:\/\/www.koupelnapro.com\/index.php\/wp-json\/wp\/v2\/comments?post=2381"}],"wp:featuredmedia":[{"embeddable":true,"href":"https:\/\/www.koupelnapro.com\/index.php\/wp-json\/wp\/v2\/media\/2481"}],"wp:attachment":[{"href":"https:\/\/www.koupelnapro.com\/index.php\/wp-json\/wp\/v2\/media?parent=2381"}],"wp:term":[{"taxonomy":"product_brand","embeddable":true,"href":"https:\/\/www.koupelnapro.com\/index.php\/wp-json\/wp\/v2\/product_brand?post=2381"},{"taxonomy":"product_cat","embeddable":true,"href":"https:\/\/www.koupelnapro.com\/index.php\/wp-json\/wp\/v2\/product_cat?post=2381"},{"taxonomy":"product_tag","embeddable":true,"href":"https:\/\/www.koupelnapro.com\/index.php\/wp-json\/wp\/v2\/product_tag?post=2381"}],"curies":[{"name":"wp","href":"https:\/\/api.w.org\/{rel}","templated":true}]}}