{"id":2334,"date":"2026-04-26T09:13:08","date_gmt":"2026-04-26T09:13:08","guid":{"rendered":""},"modified":"2026-04-26T09:13:08","modified_gmt":"2026-04-26T09:13:08","slug":"casove-omezene-led-mikro-stmivac-spinac-do-profilu-dotykovy-9-28v-dc-pro-pajeni-06121-2334","status":"publish","type":"product","link":"https:\/\/www.koupelnapro.com\/index.php\/produkt\/casove-omezene-led-mikro-stmivac-spinac-do-profilu-dotykovy-9-28v-dc-pro-pajeni-06121-2334\/","title":{"rendered":"\u010casov\u011b Omezen\u00e9 LED mikro stm\u00edva\u010d\/sp\u00edna\u010d do profilu dotykov\u00fd 9-28V DC pro p\u00e1jen\u00ed \/06121\/"},"content":{"rendered":"<div id=\"e9133958\" class=\"pages\">\n<div id=\"PDDescription\" class=\"UserContentView userContent v1a v1 bs-view dcon dc150 PDDescription\" >\n<h2><span style=\"color: #008080;\">LED mikro stm\u00edva\u010d\/sp\u00edna\u010d do profilu dotykov\u00fd 9-28V DC \/06121\/<\/span><\/h2>\n<p style=\"margin: 0cm 0cm 10pt;\"><span style=\"color: #000000; font-family: Calibri; font-size: medium;\">Dotykov\u00fd sp\u00edna\u010d pro ovl\u00e1d\u00e1n\u00ed stm\u00edv\u00e1n\u00ed a zap\u00edn\u00e1n\u00ed LEDp\u00e1sku v hlin\u00edkov\u00e9m profilu. A to kdekoli po cel\u00e9 d\u00e9lce profilu a to pouh\u00fdm dotykem. Kr\u00e1tk\u00fd dotyk vyp\u00edn\u00e1 zap\u00edn\u00e1, dlouh\u00e9 podr\u017een\u00ed stm\u00edv\u00e1. <\/span><\/p>\n<p style=\"margin: 0cm 0cm 10pt;\"><span style=\"color: #000000; font-family: Calibri; font-size: medium;\">Pro instalaci nezale\u017e\u00ed na profilu, jen na jeho d\u00e9lce a mont\u00e1\u017ei. Mus\u00ed b\u00fdt rovn\u00fd a v doporu\u010den\u00e9 d\u00e9lce cca 3m. To je asi jedin\u00fd h\u00e1\u010dek tohoto sp\u00edna\u010de. <\/span><\/p>\n<p>\u00a0<\/p>\n<p><span style=\"font: 12px\/normal 'Trebuchet MS', Tahoma, Geneva, lucida, sans-serif; text-align: left; color: #000000; text-transform: none; text-indent: 0px; letter-spacing: normal; word-spacing: 0px; float: none; display: inline !important; white-space: normal; background-color: #ffffff; -webkit-text-stroke-width: 0px;\">Nap\u00e1jec\u00ed nap\u011bt\u00ed: 9-28V DC<\/span><br style=\"font: 12px\/normal 'Trebuchet MS', Tahoma, Geneva, lucida, sans-serif; text-align: left; color: #000000; text-transform: none; text-indent: 0px; letter-spacing: normal; word-spacing: 0px; white-space: normal; background-color: #ffffff; -webkit-text-stroke-width: 0px;\"><span style=\"font: 12px\/normal 'Trebuchet MS', Tahoma, Geneva, lucida, sans-serif; text-align: left; color: #000000; text-transform: none; text-indent: 0px; letter-spacing: normal; word-spacing: 0px; float: none; display: inline !important; white-space: normal; background-color: #ffffff; -webkit-text-stroke-width: 0px;\">Maxim\u00e1ln\u00ed proud: 7,5A<\/span><br style=\"font: 12px\/normal 'Trebuchet MS', Tahoma, Geneva, lucida, sans-serif; text-align: left; color: #000000; text-transform: none; text-indent: 0px; letter-spacing: normal; word-spacing: 0px; white-space: normal; background-color: #ffffff; -webkit-text-stroke-width: 0px;\"><span style=\"font: 12px\/normal 'Trebuchet MS', Tahoma, Geneva, lucida, sans-serif; text-align: left; color: #000000; text-transform: none; text-indent: 0px; letter-spacing: normal; word-spacing: 0px; float: none; display: inline !important; white-space: normal; background-color: #ffffff; -webkit-text-stroke-width: 0px;\">Rozsah regulace: 0-100%<\/span><br style=\"font: 12px\/normal 'Trebuchet MS', Tahoma, Geneva, lucida, sans-serif; text-align: left; color: #000000; text-transform: none; text-indent: 0px; letter-spacing: normal; word-spacing: 0px; white-space: normal; background-color: #ffffff; -webkit-text-stroke-width: 0px;\"><span style=\"font: 12px\/normal 'Trebuchet MS', Tahoma, Geneva, lucida, sans-serif; text-align: left; color: #000000; text-transform: none; text-indent: 0px; letter-spacing: normal; word-spacing: 0px; float: none; display: inline !important; white-space: normal; background-color: #ffffff; -webkit-text-stroke-width: 0px;\">Rozm\u011bry: 10 x 25 mm<\/span><br style=\"font: 12px\/normal 'Trebuchet MS', Tahoma, Geneva, lucida, sans-serif; text-align: left; color: #000000; text-transform: none; text-indent: 0px; letter-spacing: normal; word-spacing: 0px; white-space: normal; background-color: #ffffff; -webkit-text-stroke-width: 0px;\"><span style=\"font: 12px\/normal 'Trebuchet MS', Tahoma, Geneva, lucida, sans-serif; text-align: left; color: #000000; text-transform: none; text-indent: 0px; letter-spacing: normal; word-spacing: 0px; float: none; display: inline !important; white-space: normal; background-color: #ffffff; -webkit-text-stroke-width: 0px;\">Spot\u0159eba v pohotovostn\u00edm re\u017eimu: 0,10W\/12V; 0,28W\/24<\/span><\/p>\n<p><span style=\"font: 12px\/normal 'Trebuchet MS', Tahoma, Geneva, lucida, sans-serif; text-align: left; color: #000000; text-transform: none; text-indent: 0px; letter-spacing: normal; word-spacing: 0px; float: none; display: inline !important; white-space: normal; background-color: #ffffff; -webkit-text-stroke-width: 0px;\"><\/span><\/p>\n<p>\u00a0<\/p>\n<div id=\"PDTable3\" class=\"ProductDetailTableView v3a v3 bs-view dcon dc175 PDTable3\" >\n<table>\n<thead><\/thead>\n<tbody>\n<tr class=\"attribute attr_bsshop_maker\">\n<td class=\"caption\">V\u00fdrobce<\/td>\n<td class=\"value\">T-LED s.r.o.<\/td>\n<\/tr>\n<\/tbody>\n<\/table><\/div>\n<\/div>\n<div id=\"ProductMedia\" class=\"ProductMediaView MediaViewBase v1a v1 bs-view dcon dc398 ProductMedia\" ><bs-empty><\/bs-empty><\/p>\n<div class=\"files\">\n<div class=\"title sub\">Soubory<\/div>\n<p>N&#225;vod 06121 LED stm&#237;va\u010d do profilu dotyk<\/p><\/div>\n<p><bs-empty><\/bs-empty><\/div>\n<\/div>\n<div id=\"e9133959\" class=\"tabs\">\n","protected":false},"excerpt":{"rendered":"<p>LED mikro stm\u00edva\u010d\/sp\u00edna\u010d do profilu dotykov\u00fd 9-28V DC \/06121\/ Dotykov\u00fd sp\u00edna\u010d pro ovl\u00e1d\u00e1n\u00ed stm\u00edv\u00e1n\u00ed a zap\u00edn\u00e1n\u00ed LEDp\u00e1sku v hlin\u00edkov\u00e9m profilu. A to kdekoli po cel\u00e9 d\u00e9lce profilu a to pouh\u00fdm dotykem. Kr\u00e1tk\u00fd dotyk vyp\u00edn\u00e1 zap\u00edn\u00e1, dlouh\u00e9 podr\u017een\u00ed stm\u00edv\u00e1. Pro instalaci nezale\u017e\u00ed na profilu, jen na jeho d\u00e9lce a mont\u00e1\u017ei. Mus\u00ed b\u00fdt rovn\u00fd a v doporu\u010den\u00e9 [&hellip;]<\/p>\n","protected":false},"featured_media":2434,"comment_status":"open","ping_status":"open","template":"","meta":[],"product_brand":[],"product_cat":[37],"product_tag":[],"class_list":{"0":"post-2334","1":"product","2":"type-product","3":"status-publish","4":"has-post-thumbnail","6":"product_cat-sv-237-tidla-a-led","8":"first","9":"instock","10":"sale","11":"shipping-taxable","12":"purchasable","13":"product-type-simple"},"yoast_head":"<!-- This site is optimized with the Yoast SEO plugin v26.8 - https:\/\/yoast.com\/product\/yoast-seo-wordpress\/ -->\n<title>\u010casov\u011b Omezen\u00e9 LED mikro stm\u00edva\u010d\/sp\u00edna\u010d do profilu dotykov\u00fd 9-28V DC pro p\u00e1jen\u00ed \/06121\/ -<\/title>\n<meta name=\"robots\" content=\"index, follow, max-snippet:-1, max-image-preview:large, max-video-preview:-1\" \/>\n<link rel=\"canonical\" href=\"https:\/\/www.koupelnapro.com\/index.php\/produkt\/casove-omezene-led-mikro-stmivac-spinac-do-profilu-dotykovy-9-28v-dc-pro-pajeni-06121-2334\/\" \/>\n<meta property=\"og:locale\" content=\"cs_CZ\" \/>\n<meta property=\"og:type\" content=\"article\" \/>\n<meta property=\"og:title\" content=\"\u010casov\u011b Omezen\u00e9 LED mikro stm\u00edva\u010d\/sp\u00edna\u010d do profilu dotykov\u00fd 9-28V DC pro p\u00e1jen\u00ed \/06121\/ -\" \/>\n<meta property=\"og:description\" content=\"LED mikro stm\u00edva\u010d\/sp\u00edna\u010d do profilu dotykov\u00fd 9-28V DC \/06121\/ Dotykov\u00fd sp\u00edna\u010d pro ovl\u00e1d\u00e1n\u00ed stm\u00edv\u00e1n\u00ed a zap\u00edn\u00e1n\u00ed LEDp\u00e1sku v hlin\u00edkov\u00e9m profilu. A to kdekoli po cel\u00e9 d\u00e9lce profilu a to pouh\u00fdm dotykem. Kr\u00e1tk\u00fd dotyk vyp\u00edn\u00e1 zap\u00edn\u00e1, dlouh\u00e9 podr\u017een\u00ed stm\u00edv\u00e1. Pro instalaci nezale\u017e\u00ed na profilu, jen na jeho d\u00e9lce a mont\u00e1\u017ei. Mus\u00ed b\u00fdt rovn\u00fd a v doporu\u010den\u00e9 [&hellip;]\" \/>\n<meta property=\"og:url\" content=\"https:\/\/www.koupelnapro.com\/index.php\/produkt\/casove-omezene-led-mikro-stmivac-spinac-do-profilu-dotykovy-9-28v-dc-pro-pajeni-06121-2334\/\" \/>\n<meta property=\"og:image\" content=\"https:\/\/www.koupelnapro.com\/wp-content\/uploads\/2026\/SK0003201-CZ20260425-091623-0-1777079785-led-mikro-stmivac-spinac-do-profilu-dotykovy-9-28v-dc-pro-p.webp\" \/>\n\t<meta property=\"og:image:width\" content=\"1000\" \/>\n\t<meta property=\"og:image:height\" content=\"525\" \/>\n\t<meta property=\"og:image:type\" content=\"image\/webp\" \/>\n<meta name=\"twitter:card\" content=\"summary_large_image\" \/>\n<meta name=\"twitter:label1\" content=\"Odhadovan\u00e1 doba \u010dten\u00ed\" \/>\n\t<meta name=\"twitter:data1\" content=\"1 minuta\" \/>\n<script type=\"application\/ld+json\" class=\"yoast-schema-graph\">{\"@context\":\"https:\/\/schema.org\",\"@graph\":[{\"@type\":\"WebPage\",\"@id\":\"https:\/\/www.koupelnapro.com\/index.php\/produkt\/casove-omezene-led-mikro-stmivac-spinac-do-profilu-dotykovy-9-28v-dc-pro-pajeni-06121-2334\/\",\"url\":\"https:\/\/www.koupelnapro.com\/index.php\/produkt\/casove-omezene-led-mikro-stmivac-spinac-do-profilu-dotykovy-9-28v-dc-pro-pajeni-06121-2334\/\",\"name\":\"\u010casov\u011b Omezen\u00e9 LED mikro stm\u00edva\u010d\/sp\u00edna\u010d do profilu dotykov\u00fd 9-28V DC pro p\u00e1jen\u00ed \/06121\/ -\",\"isPartOf\":{\"@id\":\"https:\/\/www.koupelnapro.com\/#website\"},\"primaryImageOfPage\":{\"@id\":\"https:\/\/www.koupelnapro.com\/index.php\/produkt\/casove-omezene-led-mikro-stmivac-spinac-do-profilu-dotykovy-9-28v-dc-pro-pajeni-06121-2334\/#primaryimage\"},\"image\":{\"@id\":\"https:\/\/www.koupelnapro.com\/index.php\/produkt\/casove-omezene-led-mikro-stmivac-spinac-do-profilu-dotykovy-9-28v-dc-pro-pajeni-06121-2334\/#primaryimage\"},\"thumbnailUrl\":\"https:\/\/www.koupelnapro.com\/wp-content\/uploads\/2026\/SK0003201-CZ20260425-091623-0-1777079785-led-mikro-stmivac-spinac-do-profilu-dotykovy-9-28v-dc-pro-p.webp\",\"datePublished\":\"2026-04-26T09:13:08+00:00\",\"breadcrumb\":{\"@id\":\"https:\/\/www.koupelnapro.com\/index.php\/produkt\/casove-omezene-led-mikro-stmivac-spinac-do-profilu-dotykovy-9-28v-dc-pro-pajeni-06121-2334\/#breadcrumb\"},\"inLanguage\":\"cs\",\"potentialAction\":[{\"@type\":\"ReadAction\",\"target\":[\"https:\/\/www.koupelnapro.com\/index.php\/produkt\/casove-omezene-led-mikro-stmivac-spinac-do-profilu-dotykovy-9-28v-dc-pro-pajeni-06121-2334\/\"]}]},{\"@type\":\"ImageObject\",\"inLanguage\":\"cs\",\"@id\":\"https:\/\/www.koupelnapro.com\/index.php\/produkt\/casove-omezene-led-mikro-stmivac-spinac-do-profilu-dotykovy-9-28v-dc-pro-pajeni-06121-2334\/#primaryimage\",\"url\":\"https:\/\/www.koupelnapro.com\/wp-content\/uploads\/2026\/SK0003201-CZ20260425-091623-0-1777079785-led-mikro-stmivac-spinac-do-profilu-dotykovy-9-28v-dc-pro-p.webp\",\"contentUrl\":\"https:\/\/www.koupelnapro.com\/wp-content\/uploads\/2026\/SK0003201-CZ20260425-091623-0-1777079785-led-mikro-stmivac-spinac-do-profilu-dotykovy-9-28v-dc-pro-p.webp\",\"width\":1000,\"height\":525},{\"@type\":\"BreadcrumbList\",\"@id\":\"https:\/\/www.koupelnapro.com\/index.php\/produkt\/casove-omezene-led-mikro-stmivac-spinac-do-profilu-dotykovy-9-28v-dc-pro-pajeni-06121-2334\/#breadcrumb\",\"itemListElement\":[{\"@type\":\"ListItem\",\"position\":1,\"name\":\"Home\",\"item\":\"https:\/\/www.koupelnapro.com\/\"},{\"@type\":\"ListItem\",\"position\":2,\"name\":\"Products\",\"item\":\"https:\/\/www.koupelnapro.com\/index.php\/products\/\"},{\"@type\":\"ListItem\",\"position\":3,\"name\":\"\u010casov\u011b Omezen\u00e9 LED mikro stm\u00edva\u010d\/sp\u00edna\u010d do profilu dotykov\u00fd 9-28V DC pro p\u00e1jen\u00ed \/06121\/\"}]},{\"@type\":\"WebSite\",\"@id\":\"https:\/\/www.koupelnapro.com\/#website\",\"url\":\"https:\/\/www.koupelnapro.com\/\",\"name\":\"\",\"description\":\"\",\"potentialAction\":[{\"@type\":\"SearchAction\",\"target\":{\"@type\":\"EntryPoint\",\"urlTemplate\":\"https:\/\/www.koupelnapro.com\/?s={search_term_string}\"},\"query-input\":{\"@type\":\"PropertyValueSpecification\",\"valueRequired\":true,\"valueName\":\"search_term_string\"}}],\"inLanguage\":\"cs\"}]}<\/script>\n<!-- \/ Yoast SEO plugin. -->","yoast_head_json":{"title":"\u010casov\u011b Omezen\u00e9 LED mikro stm\u00edva\u010d\/sp\u00edna\u010d do profilu dotykov\u00fd 9-28V DC pro p\u00e1jen\u00ed \/06121\/ -","robots":{"index":"index","follow":"follow","max-snippet":"max-snippet:-1","max-image-preview":"max-image-preview:large","max-video-preview":"max-video-preview:-1"},"canonical":"https:\/\/www.koupelnapro.com\/index.php\/produkt\/casove-omezene-led-mikro-stmivac-spinac-do-profilu-dotykovy-9-28v-dc-pro-pajeni-06121-2334\/","og_locale":"cs_CZ","og_type":"article","og_title":"\u010casov\u011b Omezen\u00e9 LED mikro stm\u00edva\u010d\/sp\u00edna\u010d do profilu dotykov\u00fd 9-28V DC pro p\u00e1jen\u00ed \/06121\/ -","og_description":"LED mikro stm\u00edva\u010d\/sp\u00edna\u010d do profilu dotykov\u00fd 9-28V DC \/06121\/ Dotykov\u00fd sp\u00edna\u010d pro ovl\u00e1d\u00e1n\u00ed stm\u00edv\u00e1n\u00ed a zap\u00edn\u00e1n\u00ed LEDp\u00e1sku v hlin\u00edkov\u00e9m profilu. A to kdekoli po cel\u00e9 d\u00e9lce profilu a to pouh\u00fdm dotykem. Kr\u00e1tk\u00fd dotyk vyp\u00edn\u00e1 zap\u00edn\u00e1, dlouh\u00e9 podr\u017een\u00ed stm\u00edv\u00e1. Pro instalaci nezale\u017e\u00ed na profilu, jen na jeho d\u00e9lce a mont\u00e1\u017ei. Mus\u00ed b\u00fdt rovn\u00fd a v doporu\u010den\u00e9 [&hellip;]","og_url":"https:\/\/www.koupelnapro.com\/index.php\/produkt\/casove-omezene-led-mikro-stmivac-spinac-do-profilu-dotykovy-9-28v-dc-pro-pajeni-06121-2334\/","og_image":[{"width":1000,"height":525,"url":"https:\/\/www.koupelnapro.com\/wp-content\/uploads\/2026\/SK0003201-CZ20260425-091623-0-1777079785-led-mikro-stmivac-spinac-do-profilu-dotykovy-9-28v-dc-pro-p.webp","type":"image\/webp"}],"twitter_card":"summary_large_image","twitter_misc":{"Odhadovan\u00e1 doba \u010dten\u00ed":"1 minuta"},"schema":{"@context":"https:\/\/schema.org","@graph":[{"@type":"WebPage","@id":"https:\/\/www.koupelnapro.com\/index.php\/produkt\/casove-omezene-led-mikro-stmivac-spinac-do-profilu-dotykovy-9-28v-dc-pro-pajeni-06121-2334\/","url":"https:\/\/www.koupelnapro.com\/index.php\/produkt\/casove-omezene-led-mikro-stmivac-spinac-do-profilu-dotykovy-9-28v-dc-pro-pajeni-06121-2334\/","name":"\u010casov\u011b Omezen\u00e9 LED mikro stm\u00edva\u010d\/sp\u00edna\u010d do profilu dotykov\u00fd 9-28V DC pro p\u00e1jen\u00ed \/06121\/ -","isPartOf":{"@id":"https:\/\/www.koupelnapro.com\/#website"},"primaryImageOfPage":{"@id":"https:\/\/www.koupelnapro.com\/index.php\/produkt\/casove-omezene-led-mikro-stmivac-spinac-do-profilu-dotykovy-9-28v-dc-pro-pajeni-06121-2334\/#primaryimage"},"image":{"@id":"https:\/\/www.koupelnapro.com\/index.php\/produkt\/casove-omezene-led-mikro-stmivac-spinac-do-profilu-dotykovy-9-28v-dc-pro-pajeni-06121-2334\/#primaryimage"},"thumbnailUrl":"https:\/\/www.koupelnapro.com\/wp-content\/uploads\/2026\/SK0003201-CZ20260425-091623-0-1777079785-led-mikro-stmivac-spinac-do-profilu-dotykovy-9-28v-dc-pro-p.webp","datePublished":"2026-04-26T09:13:08+00:00","breadcrumb":{"@id":"https:\/\/www.koupelnapro.com\/index.php\/produkt\/casove-omezene-led-mikro-stmivac-spinac-do-profilu-dotykovy-9-28v-dc-pro-pajeni-06121-2334\/#breadcrumb"},"inLanguage":"cs","potentialAction":[{"@type":"ReadAction","target":["https:\/\/www.koupelnapro.com\/index.php\/produkt\/casove-omezene-led-mikro-stmivac-spinac-do-profilu-dotykovy-9-28v-dc-pro-pajeni-06121-2334\/"]}]},{"@type":"ImageObject","inLanguage":"cs","@id":"https:\/\/www.koupelnapro.com\/index.php\/produkt\/casove-omezene-led-mikro-stmivac-spinac-do-profilu-dotykovy-9-28v-dc-pro-pajeni-06121-2334\/#primaryimage","url":"https:\/\/www.koupelnapro.com\/wp-content\/uploads\/2026\/SK0003201-CZ20260425-091623-0-1777079785-led-mikro-stmivac-spinac-do-profilu-dotykovy-9-28v-dc-pro-p.webp","contentUrl":"https:\/\/www.koupelnapro.com\/wp-content\/uploads\/2026\/SK0003201-CZ20260425-091623-0-1777079785-led-mikro-stmivac-spinac-do-profilu-dotykovy-9-28v-dc-pro-p.webp","width":1000,"height":525},{"@type":"BreadcrumbList","@id":"https:\/\/www.koupelnapro.com\/index.php\/produkt\/casove-omezene-led-mikro-stmivac-spinac-do-profilu-dotykovy-9-28v-dc-pro-pajeni-06121-2334\/#breadcrumb","itemListElement":[{"@type":"ListItem","position":1,"name":"Home","item":"https:\/\/www.koupelnapro.com\/"},{"@type":"ListItem","position":2,"name":"Products","item":"https:\/\/www.koupelnapro.com\/index.php\/products\/"},{"@type":"ListItem","position":3,"name":"\u010casov\u011b Omezen\u00e9 LED mikro stm\u00edva\u010d\/sp\u00edna\u010d do profilu dotykov\u00fd 9-28V DC pro p\u00e1jen\u00ed \/06121\/"}]},{"@type":"WebSite","@id":"https:\/\/www.koupelnapro.com\/#website","url":"https:\/\/www.koupelnapro.com\/","name":"","description":"","potentialAction":[{"@type":"SearchAction","target":{"@type":"EntryPoint","urlTemplate":"https:\/\/www.koupelnapro.com\/?s={search_term_string}"},"query-input":{"@type":"PropertyValueSpecification","valueRequired":true,"valueName":"search_term_string"}}],"inLanguage":"cs"}]}},"_links":{"self":[{"href":"https:\/\/www.koupelnapro.com\/index.php\/wp-json\/wp\/v2\/product\/2334","targetHints":{"allow":["GET"]}}],"collection":[{"href":"https:\/\/www.koupelnapro.com\/index.php\/wp-json\/wp\/v2\/product"}],"about":[{"href":"https:\/\/www.koupelnapro.com\/index.php\/wp-json\/wp\/v2\/types\/product"}],"replies":[{"embeddable":true,"href":"https:\/\/www.koupelnapro.com\/index.php\/wp-json\/wp\/v2\/comments?post=2334"}],"wp:featuredmedia":[{"embeddable":true,"href":"https:\/\/www.koupelnapro.com\/index.php\/wp-json\/wp\/v2\/media\/2434"}],"wp:attachment":[{"href":"https:\/\/www.koupelnapro.com\/index.php\/wp-json\/wp\/v2\/media?parent=2334"}],"wp:term":[{"taxonomy":"product_brand","embeddable":true,"href":"https:\/\/www.koupelnapro.com\/index.php\/wp-json\/wp\/v2\/product_brand?post=2334"},{"taxonomy":"product_cat","embeddable":true,"href":"https:\/\/www.koupelnapro.com\/index.php\/wp-json\/wp\/v2\/product_cat?post=2334"},{"taxonomy":"product_tag","embeddable":true,"href":"https:\/\/www.koupelnapro.com\/index.php\/wp-json\/wp\/v2\/product_tag?post=2334"}],"curies":[{"name":"wp","href":"https:\/\/api.w.org\/{rel}","templated":true}]}}