{"id":2160,"date":"2026-04-26T09:13:08","date_gmt":"2026-04-26T09:13:08","guid":{"rendered":""},"modified":"2026-04-26T09:13:08","modified_gmt":"2026-04-26T09:13:08","slug":"abb-3558-07750-garant-prepinac-krizovy-ip66-c-7-seda-vhodne-na-drevo-bez-podlozky-akcni-nabidka-2160","status":"publish","type":"product","link":"https:\/\/www.koupelnapro.com\/index.php\/produkt\/abb-3558-07750-garant-prepinac-krizovy-ip66-c-7-seda-vhodne-na-drevo-bez-podlozky-akcni-nabidka-2160\/","title":{"rendered":"ABB 3558-07750 Garant P\u0159ep\u00edna\u010d k\u0159\u00ed\u017eov\u00fd IP66 \u010d.7 \u0161ed\u00e1 vhodn\u00e9 na d\u0159evo bez podlo\u017eky Ak\u010dn\u00ed Nab\u00eddka"},"content":{"rendered":"<div id=\"e9159213\" class=\"pages\">\n<div id=\"PDDescription\" class=\"UserContentView userContent v1a v1 bs-view dcon dc150 PDDescription\" >\n<h2><span style=\"color: #008080;\">ABB 3558-07750 Garant P\u0159ep\u00edna\u010d k\u0159\u00ed\u017eov\u00fd IP66 \u010d.7 \u0161ed\u00e1 vhodn\u00e9 na d\u0159evo bez podlo\u017eky<\/span><\/h2>\n<p>\u00a0<\/p>\n<h2>Parametry<\/h2>\n<table>\n<tbody>\n<tr>\n<th>Druh zapojen\u00ed<\/th>\n<td>K\u0159\u00ed\u017eov\u00fd p\u0159ep\u00edna\u010d<\/td>\n<\/tr>\n<tr>\n<th>Druh ovl\u00e1d\u00e1n\u00ed<\/th>\n<td>Kol\u00e9bka\/tla\u010d\u00edtko<\/td>\n<\/tr>\n<tr>\n<th>Mont\u00e1\u017e<\/th>\n<td>Z\u00e1kladn\u00ed prvek s kompletn\u00edm krytem<\/td>\n<\/tr>\n<tr>\n<th>Po\u010det modul\u016f (modul.syst\u00e9m)<\/th>\n<td>0\u00a0<\/td>\n<\/tr>\n<tr>\n<th>Tla\u010d\u00edtkov\u00fd sp\u00edna\u010d<\/th>\n<td>Ne<\/td>\n<\/tr>\n<tr>\n<th>Po\u010det ovl\u00e1dac\u00edch kol\u00e9bek<\/th>\n<td>1\u00a0<\/td>\n<\/tr>\n<tr>\n<th>Zp\u016fsob mont\u00e1\u017ee<\/th>\n<td>Instalace na om\u00edtku<\/td>\n<\/tr>\n<tr>\n<th>Druh upevn\u011bn\u00ed<\/th>\n<td>\u0160roubovac\u00ed upevn\u011bn\u00ed<\/td>\n<\/tr>\n<tr>\n<th>S mont\u00e1\u017en\u00ed deskou<\/th>\n<td>Ne<\/td>\n<\/tr>\n<tr>\n<th>Materi\u00e1l<\/th>\n<td>Kov<\/td>\n<\/tr>\n<tr>\n<th>Kvalita materi\u00e1lu<\/th>\n<td>Hlin\u00edk<\/td>\n<\/tr>\n<tr>\n<th>Bezhalogenov\u00e9<\/th>\n<td>Ne<\/td>\n<\/tr>\n<tr>\n<th>Povrchov\u00e1 ochrana<\/th>\n<td>Lakovan\u00e9<\/td>\n<\/tr>\n<tr>\n<th>Typ povrchu<\/th>\n<td>Leskl\u00fd<\/td>\n<\/tr>\n<tr>\n<th>Barva<\/th>\n<td>\u0160ed\u00e1<\/td>\n<\/tr>\n<tr>\n<th>Pole pro \u0161t\u00edtek<\/th>\n<td>Ne<\/td>\n<\/tr>\n<tr>\n<th>Osv\u011btlen\u00ed<\/th>\n<td>Ne<\/td>\n<\/tr>\n<tr>\n<th>Vhodn\u00e9 pro kryt\u00ed (IP)<\/th>\n<td>IP66<\/td>\n<\/tr>\n<tr>\n<th>Jmenovit\u00e9 nap\u011bt\u00ed<\/th>\n<td>250\u00a0V<\/td>\n<\/tr>\n<tr>\n<th>Jmenovit\u00fd proud<\/th>\n<td>10\u00a0A<\/td>\n<\/tr>\n<tr>\n<th>Sp\u00ednac\u00ed proud pro z\u00e1\u0159ivky<\/th>\n<td>10\u00a0AX<\/td>\n<\/tr>\n<tr>\n<th>Kontakt zp\u011btn\u00e9ho hl\u00e1\u0161en\u00ed<\/th>\n<td>Ne<\/td>\n<\/tr>\n<tr>\n<th>Druh p\u0159ipojen\u00ed<\/th>\n<td>\u0160roubov\u00e1 svorka<\/td>\n<\/tr>\n<tr>\n<th>Sp\u00edna\u010d pra\u010dky<\/th>\n<td>Ne<\/td>\n<\/tr>\n<tr>\n<th>\u0160\u00ed\u0159ka p\u0159\u00edstroje<\/th>\n<td>82\u00a0mm<\/td>\n<\/tr>\n<tr>\n<th>V\u00fd\u0161ka p\u0159\u00edstroje<\/th>\n<td>82\u00a0mm<\/td>\n<\/tr>\n<tr>\n<th>Hloubka p\u0159\u00edstroje<\/th>\n<td>52\u00a0mm<\/td>\n<\/tr>\n<tr>\n<th>Mont\u00e1\u017en\u00ed hloubka<\/th>\n<td>0\u00a0mm<\/td>\n<\/tr>\n<tr>\n<th>Min. depth of built-in installation box<\/th>\n<td>40\u00a0mm<\/td>\n<\/tr>\n<tr>\n<th>\u0158ada<\/th>\n<td>Garant<\/td>\n<\/tr>\n<tr>\n<th>\u0158azen\u00ed<\/th>\n<td>7<\/td>\n<\/tr>\n<tr>\n<th>Hmotnost<\/th>\n<td>0,318692 kg<\/td>\n<\/tr>\n<\/tbody>\n<\/table>\n<p>\u00a0<\/p>\n<p>\u00a0<\/p>\n<div id=\"PDTable3\" class=\"ProductDetailTableView v3a v3 bs-view dcon dc175 PDTable3\" >\n<table>\n<thead><\/thead>\n<tbody>\n<tr class=\"attribute attr_bsshop_maker\">\n<td class=\"caption\">V\u00fdrobce<\/td>\n<td class=\"value\">ABB<\/td>\n<\/tr>\n<tr class=\"attribute attr_Barva\">\n<td class=\"caption\">Barva<\/td>\n<td class=\"value\">\u0161ed\u00e1<\/td>\n<\/tr>\n<\/tbody>\n<\/table><\/div>\n<\/div>\n<\/div>\n<div id=\"e9159214\" class=\"tabs\">\n","protected":false},"excerpt":{"rendered":"<p>ABB 3558-07750 Garant P\u0159ep\u00edna\u010d k\u0159\u00ed\u017eov\u00fd IP66 \u010d.7 \u0161ed\u00e1 vhodn\u00e9 na d\u0159evo bez podlo\u017eky \u00a0 Parametry Druh zapojen\u00ed K\u0159\u00ed\u017eov\u00fd p\u0159ep\u00edna\u010d Druh ovl\u00e1d\u00e1n\u00ed Kol\u00e9bka\/tla\u010d\u00edtko Mont\u00e1\u017e Z\u00e1kladn\u00ed prvek s kompletn\u00edm krytem Po\u010det modul\u016f (modul.syst\u00e9m) 0\u00a0 Tla\u010d\u00edtkov\u00fd sp\u00edna\u010d Ne Po\u010det ovl\u00e1dac\u00edch kol\u00e9bek 1\u00a0 Zp\u016fsob mont\u00e1\u017ee Instalace na om\u00edtku Druh upevn\u011bn\u00ed \u0160roubovac\u00ed upevn\u011bn\u00ed S mont\u00e1\u017en\u00ed deskou Ne Materi\u00e1l Kov Kvalita [&hellip;]<\/p>\n","protected":false},"featured_media":2260,"comment_status":"open","ping_status":"open","template":"","meta":[],"product_brand":[],"product_cat":[40],"product_tag":[],"class_list":{"0":"post-2160","1":"product","2":"type-product","3":"status-publish","4":"has-post-thumbnail","6":"product_cat-vyp-237-nace-a-z-225-suvky","8":"first","9":"instock","10":"sale","11":"shipping-taxable","12":"purchasable","13":"product-type-simple"},"yoast_head":"<!-- This site is optimized with the Yoast SEO plugin v26.8 - https:\/\/yoast.com\/product\/yoast-seo-wordpress\/ -->\n<title>ABB 3558-07750 Garant P\u0159ep\u00edna\u010d k\u0159\u00ed\u017eov\u00fd IP66 \u010d.7 \u0161ed\u00e1 vhodn\u00e9 na d\u0159evo bez podlo\u017eky Ak\u010dn\u00ed Nab\u00eddka -<\/title>\n<meta name=\"robots\" content=\"index, follow, max-snippet:-1, max-image-preview:large, max-video-preview:-1\" \/>\n<link rel=\"canonical\" href=\"https:\/\/www.koupelnapro.com\/index.php\/produkt\/abb-3558-07750-garant-prepinac-krizovy-ip66-c-7-seda-vhodne-na-drevo-bez-podlozky-akcni-nabidka-2160\/\" \/>\n<meta property=\"og:locale\" content=\"cs_CZ\" \/>\n<meta property=\"og:type\" content=\"article\" \/>\n<meta property=\"og:title\" content=\"ABB 3558-07750 Garant P\u0159ep\u00edna\u010d k\u0159\u00ed\u017eov\u00fd IP66 \u010d.7 \u0161ed\u00e1 vhodn\u00e9 na d\u0159evo bez podlo\u017eky Ak\u010dn\u00ed Nab\u00eddka -\" \/>\n<meta property=\"og:description\" content=\"ABB 3558-07750 Garant P\u0159ep\u00edna\u010d k\u0159\u00ed\u017eov\u00fd IP66 \u010d.7 \u0161ed\u00e1 vhodn\u00e9 na d\u0159evo bez podlo\u017eky \u00a0 Parametry Druh zapojen\u00ed K\u0159\u00ed\u017eov\u00fd p\u0159ep\u00edna\u010d Druh ovl\u00e1d\u00e1n\u00ed Kol\u00e9bka\/tla\u010d\u00edtko Mont\u00e1\u017e Z\u00e1kladn\u00ed prvek s kompletn\u00edm krytem Po\u010det modul\u016f (modul.syst\u00e9m) 0\u00a0 Tla\u010d\u00edtkov\u00fd sp\u00edna\u010d Ne Po\u010det ovl\u00e1dac\u00edch kol\u00e9bek 1\u00a0 Zp\u016fsob mont\u00e1\u017ee Instalace na om\u00edtku Druh upevn\u011bn\u00ed \u0160roubovac\u00ed upevn\u011bn\u00ed S mont\u00e1\u017en\u00ed deskou Ne Materi\u00e1l Kov Kvalita [&hellip;]\" \/>\n<meta property=\"og:url\" content=\"https:\/\/www.koupelnapro.com\/index.php\/produkt\/abb-3558-07750-garant-prepinac-krizovy-ip66-c-7-seda-vhodne-na-drevo-bez-podlozky-akcni-nabidka-2160\/\" \/>\n<meta property=\"og:image\" content=\"https:\/\/www.koupelnapro.com\/wp-content\/uploads\/2026\/SK0003329-CZ20260425-091623-0-1777079785-abb-3558-07750-garant-prepinac-krizovy-ip66-c-7-seda-vhodne.webp\" \/>\n\t<meta property=\"og:image:width\" content=\"1000\" \/>\n\t<meta property=\"og:image:height\" content=\"525\" \/>\n\t<meta property=\"og:image:type\" content=\"image\/webp\" \/>\n<meta name=\"twitter:card\" content=\"summary_large_image\" \/>\n<meta name=\"twitter:label1\" content=\"Odhadovan\u00e1 doba \u010dten\u00ed\" \/>\n\t<meta name=\"twitter:data1\" content=\"1 minuta\" \/>\n<script type=\"application\/ld+json\" class=\"yoast-schema-graph\">{\"@context\":\"https:\/\/schema.org\",\"@graph\":[{\"@type\":\"WebPage\",\"@id\":\"https:\/\/www.koupelnapro.com\/index.php\/produkt\/abb-3558-07750-garant-prepinac-krizovy-ip66-c-7-seda-vhodne-na-drevo-bez-podlozky-akcni-nabidka-2160\/\",\"url\":\"https:\/\/www.koupelnapro.com\/index.php\/produkt\/abb-3558-07750-garant-prepinac-krizovy-ip66-c-7-seda-vhodne-na-drevo-bez-podlozky-akcni-nabidka-2160\/\",\"name\":\"ABB 3558-07750 Garant P\u0159ep\u00edna\u010d k\u0159\u00ed\u017eov\u00fd IP66 \u010d.7 \u0161ed\u00e1 vhodn\u00e9 na d\u0159evo bez podlo\u017eky Ak\u010dn\u00ed Nab\u00eddka -\",\"isPartOf\":{\"@id\":\"https:\/\/www.koupelnapro.com\/#website\"},\"primaryImageOfPage\":{\"@id\":\"https:\/\/www.koupelnapro.com\/index.php\/produkt\/abb-3558-07750-garant-prepinac-krizovy-ip66-c-7-seda-vhodne-na-drevo-bez-podlozky-akcni-nabidka-2160\/#primaryimage\"},\"image\":{\"@id\":\"https:\/\/www.koupelnapro.com\/index.php\/produkt\/abb-3558-07750-garant-prepinac-krizovy-ip66-c-7-seda-vhodne-na-drevo-bez-podlozky-akcni-nabidka-2160\/#primaryimage\"},\"thumbnailUrl\":\"https:\/\/www.koupelnapro.com\/wp-content\/uploads\/2026\/SK0003329-CZ20260425-091623-0-1777079785-abb-3558-07750-garant-prepinac-krizovy-ip66-c-7-seda-vhodne.webp\",\"datePublished\":\"2026-04-26T09:13:08+00:00\",\"breadcrumb\":{\"@id\":\"https:\/\/www.koupelnapro.com\/index.php\/produkt\/abb-3558-07750-garant-prepinac-krizovy-ip66-c-7-seda-vhodne-na-drevo-bez-podlozky-akcni-nabidka-2160\/#breadcrumb\"},\"inLanguage\":\"cs\",\"potentialAction\":[{\"@type\":\"ReadAction\",\"target\":[\"https:\/\/www.koupelnapro.com\/index.php\/produkt\/abb-3558-07750-garant-prepinac-krizovy-ip66-c-7-seda-vhodne-na-drevo-bez-podlozky-akcni-nabidka-2160\/\"]}]},{\"@type\":\"ImageObject\",\"inLanguage\":\"cs\",\"@id\":\"https:\/\/www.koupelnapro.com\/index.php\/produkt\/abb-3558-07750-garant-prepinac-krizovy-ip66-c-7-seda-vhodne-na-drevo-bez-podlozky-akcni-nabidka-2160\/#primaryimage\",\"url\":\"https:\/\/www.koupelnapro.com\/wp-content\/uploads\/2026\/SK0003329-CZ20260425-091623-0-1777079785-abb-3558-07750-garant-prepinac-krizovy-ip66-c-7-seda-vhodne.webp\",\"contentUrl\":\"https:\/\/www.koupelnapro.com\/wp-content\/uploads\/2026\/SK0003329-CZ20260425-091623-0-1777079785-abb-3558-07750-garant-prepinac-krizovy-ip66-c-7-seda-vhodne.webp\",\"width\":1000,\"height\":525},{\"@type\":\"BreadcrumbList\",\"@id\":\"https:\/\/www.koupelnapro.com\/index.php\/produkt\/abb-3558-07750-garant-prepinac-krizovy-ip66-c-7-seda-vhodne-na-drevo-bez-podlozky-akcni-nabidka-2160\/#breadcrumb\",\"itemListElement\":[{\"@type\":\"ListItem\",\"position\":1,\"name\":\"Home\",\"item\":\"https:\/\/www.koupelnapro.com\/\"},{\"@type\":\"ListItem\",\"position\":2,\"name\":\"Products\",\"item\":\"https:\/\/www.koupelnapro.com\/index.php\/products\/\"},{\"@type\":\"ListItem\",\"position\":3,\"name\":\"ABB 3558-07750 Garant P\u0159ep\u00edna\u010d k\u0159\u00ed\u017eov\u00fd IP66 \u010d.7 \u0161ed\u00e1 vhodn\u00e9 na d\u0159evo bez podlo\u017eky Ak\u010dn\u00ed Nab\u00eddka\"}]},{\"@type\":\"WebSite\",\"@id\":\"https:\/\/www.koupelnapro.com\/#website\",\"url\":\"https:\/\/www.koupelnapro.com\/\",\"name\":\"\",\"description\":\"\",\"potentialAction\":[{\"@type\":\"SearchAction\",\"target\":{\"@type\":\"EntryPoint\",\"urlTemplate\":\"https:\/\/www.koupelnapro.com\/?s={search_term_string}\"},\"query-input\":{\"@type\":\"PropertyValueSpecification\",\"valueRequired\":true,\"valueName\":\"search_term_string\"}}],\"inLanguage\":\"cs\"}]}<\/script>\n<!-- \/ Yoast SEO plugin. -->","yoast_head_json":{"title":"ABB 3558-07750 Garant P\u0159ep\u00edna\u010d k\u0159\u00ed\u017eov\u00fd IP66 \u010d.7 \u0161ed\u00e1 vhodn\u00e9 na d\u0159evo bez podlo\u017eky Ak\u010dn\u00ed Nab\u00eddka -","robots":{"index":"index","follow":"follow","max-snippet":"max-snippet:-1","max-image-preview":"max-image-preview:large","max-video-preview":"max-video-preview:-1"},"canonical":"https:\/\/www.koupelnapro.com\/index.php\/produkt\/abb-3558-07750-garant-prepinac-krizovy-ip66-c-7-seda-vhodne-na-drevo-bez-podlozky-akcni-nabidka-2160\/","og_locale":"cs_CZ","og_type":"article","og_title":"ABB 3558-07750 Garant P\u0159ep\u00edna\u010d k\u0159\u00ed\u017eov\u00fd IP66 \u010d.7 \u0161ed\u00e1 vhodn\u00e9 na d\u0159evo bez podlo\u017eky Ak\u010dn\u00ed Nab\u00eddka -","og_description":"ABB 3558-07750 Garant P\u0159ep\u00edna\u010d k\u0159\u00ed\u017eov\u00fd IP66 \u010d.7 \u0161ed\u00e1 vhodn\u00e9 na d\u0159evo bez podlo\u017eky \u00a0 Parametry Druh zapojen\u00ed K\u0159\u00ed\u017eov\u00fd p\u0159ep\u00edna\u010d Druh ovl\u00e1d\u00e1n\u00ed Kol\u00e9bka\/tla\u010d\u00edtko Mont\u00e1\u017e Z\u00e1kladn\u00ed prvek s kompletn\u00edm krytem Po\u010det modul\u016f (modul.syst\u00e9m) 0\u00a0 Tla\u010d\u00edtkov\u00fd sp\u00edna\u010d Ne Po\u010det ovl\u00e1dac\u00edch kol\u00e9bek 1\u00a0 Zp\u016fsob mont\u00e1\u017ee Instalace na om\u00edtku Druh upevn\u011bn\u00ed \u0160roubovac\u00ed upevn\u011bn\u00ed S mont\u00e1\u017en\u00ed deskou Ne Materi\u00e1l Kov Kvalita [&hellip;]","og_url":"https:\/\/www.koupelnapro.com\/index.php\/produkt\/abb-3558-07750-garant-prepinac-krizovy-ip66-c-7-seda-vhodne-na-drevo-bez-podlozky-akcni-nabidka-2160\/","og_image":[{"width":1000,"height":525,"url":"https:\/\/www.koupelnapro.com\/wp-content\/uploads\/2026\/SK0003329-CZ20260425-091623-0-1777079785-abb-3558-07750-garant-prepinac-krizovy-ip66-c-7-seda-vhodne.webp","type":"image\/webp"}],"twitter_card":"summary_large_image","twitter_misc":{"Odhadovan\u00e1 doba \u010dten\u00ed":"1 minuta"},"schema":{"@context":"https:\/\/schema.org","@graph":[{"@type":"WebPage","@id":"https:\/\/www.koupelnapro.com\/index.php\/produkt\/abb-3558-07750-garant-prepinac-krizovy-ip66-c-7-seda-vhodne-na-drevo-bez-podlozky-akcni-nabidka-2160\/","url":"https:\/\/www.koupelnapro.com\/index.php\/produkt\/abb-3558-07750-garant-prepinac-krizovy-ip66-c-7-seda-vhodne-na-drevo-bez-podlozky-akcni-nabidka-2160\/","name":"ABB 3558-07750 Garant P\u0159ep\u00edna\u010d k\u0159\u00ed\u017eov\u00fd IP66 \u010d.7 \u0161ed\u00e1 vhodn\u00e9 na d\u0159evo bez podlo\u017eky Ak\u010dn\u00ed Nab\u00eddka -","isPartOf":{"@id":"https:\/\/www.koupelnapro.com\/#website"},"primaryImageOfPage":{"@id":"https:\/\/www.koupelnapro.com\/index.php\/produkt\/abb-3558-07750-garant-prepinac-krizovy-ip66-c-7-seda-vhodne-na-drevo-bez-podlozky-akcni-nabidka-2160\/#primaryimage"},"image":{"@id":"https:\/\/www.koupelnapro.com\/index.php\/produkt\/abb-3558-07750-garant-prepinac-krizovy-ip66-c-7-seda-vhodne-na-drevo-bez-podlozky-akcni-nabidka-2160\/#primaryimage"},"thumbnailUrl":"https:\/\/www.koupelnapro.com\/wp-content\/uploads\/2026\/SK0003329-CZ20260425-091623-0-1777079785-abb-3558-07750-garant-prepinac-krizovy-ip66-c-7-seda-vhodne.webp","datePublished":"2026-04-26T09:13:08+00:00","breadcrumb":{"@id":"https:\/\/www.koupelnapro.com\/index.php\/produkt\/abb-3558-07750-garant-prepinac-krizovy-ip66-c-7-seda-vhodne-na-drevo-bez-podlozky-akcni-nabidka-2160\/#breadcrumb"},"inLanguage":"cs","potentialAction":[{"@type":"ReadAction","target":["https:\/\/www.koupelnapro.com\/index.php\/produkt\/abb-3558-07750-garant-prepinac-krizovy-ip66-c-7-seda-vhodne-na-drevo-bez-podlozky-akcni-nabidka-2160\/"]}]},{"@type":"ImageObject","inLanguage":"cs","@id":"https:\/\/www.koupelnapro.com\/index.php\/produkt\/abb-3558-07750-garant-prepinac-krizovy-ip66-c-7-seda-vhodne-na-drevo-bez-podlozky-akcni-nabidka-2160\/#primaryimage","url":"https:\/\/www.koupelnapro.com\/wp-content\/uploads\/2026\/SK0003329-CZ20260425-091623-0-1777079785-abb-3558-07750-garant-prepinac-krizovy-ip66-c-7-seda-vhodne.webp","contentUrl":"https:\/\/www.koupelnapro.com\/wp-content\/uploads\/2026\/SK0003329-CZ20260425-091623-0-1777079785-abb-3558-07750-garant-prepinac-krizovy-ip66-c-7-seda-vhodne.webp","width":1000,"height":525},{"@type":"BreadcrumbList","@id":"https:\/\/www.koupelnapro.com\/index.php\/produkt\/abb-3558-07750-garant-prepinac-krizovy-ip66-c-7-seda-vhodne-na-drevo-bez-podlozky-akcni-nabidka-2160\/#breadcrumb","itemListElement":[{"@type":"ListItem","position":1,"name":"Home","item":"https:\/\/www.koupelnapro.com\/"},{"@type":"ListItem","position":2,"name":"Products","item":"https:\/\/www.koupelnapro.com\/index.php\/products\/"},{"@type":"ListItem","position":3,"name":"ABB 3558-07750 Garant P\u0159ep\u00edna\u010d k\u0159\u00ed\u017eov\u00fd IP66 \u010d.7 \u0161ed\u00e1 vhodn\u00e9 na d\u0159evo bez podlo\u017eky Ak\u010dn\u00ed Nab\u00eddka"}]},{"@type":"WebSite","@id":"https:\/\/www.koupelnapro.com\/#website","url":"https:\/\/www.koupelnapro.com\/","name":"","description":"","potentialAction":[{"@type":"SearchAction","target":{"@type":"EntryPoint","urlTemplate":"https:\/\/www.koupelnapro.com\/?s={search_term_string}"},"query-input":{"@type":"PropertyValueSpecification","valueRequired":true,"valueName":"search_term_string"}}],"inLanguage":"cs"}]}},"_links":{"self":[{"href":"https:\/\/www.koupelnapro.com\/index.php\/wp-json\/wp\/v2\/product\/2160","targetHints":{"allow":["GET"]}}],"collection":[{"href":"https:\/\/www.koupelnapro.com\/index.php\/wp-json\/wp\/v2\/product"}],"about":[{"href":"https:\/\/www.koupelnapro.com\/index.php\/wp-json\/wp\/v2\/types\/product"}],"replies":[{"embeddable":true,"href":"https:\/\/www.koupelnapro.com\/index.php\/wp-json\/wp\/v2\/comments?post=2160"}],"wp:featuredmedia":[{"embeddable":true,"href":"https:\/\/www.koupelnapro.com\/index.php\/wp-json\/wp\/v2\/media\/2260"}],"wp:attachment":[{"href":"https:\/\/www.koupelnapro.com\/index.php\/wp-json\/wp\/v2\/media?parent=2160"}],"wp:term":[{"taxonomy":"product_brand","embeddable":true,"href":"https:\/\/www.koupelnapro.com\/index.php\/wp-json\/wp\/v2\/product_brand?post=2160"},{"taxonomy":"product_cat","embeddable":true,"href":"https:\/\/www.koupelnapro.com\/index.php\/wp-json\/wp\/v2\/product_cat?post=2160"},{"taxonomy":"product_tag","embeddable":true,"href":"https:\/\/www.koupelnapro.com\/index.php\/wp-json\/wp\/v2\/product_tag?post=2160"}],"curies":[{"name":"wp","href":"https:\/\/api.w.org\/{rel}","templated":true}]}}