{"id":15934,"date":"2026-04-26T09:13:51","date_gmt":"2026-04-26T09:13:51","guid":{"rendered":""},"modified":"2026-04-26T09:13:51","modified_gmt":"2026-04-26T09:13:51","slug":"covestro-alu-u-elox-z-40-mm-2500-mm-stribrna-top-prodej-15934","status":"publish","type":"product","link":"https:\/\/www.koupelnapro.com\/index.php\/produkt\/covestro-alu-u-elox-z-40-mm-2500-mm-stribrna-top-prodej-15934\/","title":{"rendered":"Covestro ALU-U elox-Z 40 mm 2500 mm st\u0159\u00edbrn\u00e1 Top Prodej"},"content":{"rendered":"<div class=\"detail-description__right\">\n<div class=\"parameters\">\n<div class=\"table table--simple\">\n<table>\n<tbody>\n<tr>\n<td colspan=\"2\">\n<h4>Vlastnosti<\/h4>\n<\/td>\n<\/tr>\n<tr>\n<td>materi\u00e1l<\/td>\n<td>hlin\u00edk + eloxovan\u00e1 povrchov\u00e1 \u00faprava<\/td>\n<\/tr>\n<tr>\n<td>d\u00e9lka profil\u016f<\/td>\n<td>2500 mm<\/td>\n<\/tr>\n<tr>\n<td>\u0161\u00ed\u0159ka<\/td>\n<td>40 mm<\/td>\n<\/tr>\n<tr>\n<td>barva<\/td>\n<td>st\u0159\u00edbrn\u00e1<\/td>\n<\/tr>\n<tr>\n<td>UV ochrana<\/td>\n<td>ano<\/td>\n<\/tr>\n<tr>\n<td colspan=\"2\">\n<h4>Parametry<\/h4>\n<\/td>\n<\/tr>\n<tr>\n<td>P\u016fvod<\/td>\n<td>Vyrobeno v\u00a0DE<\/td>\n<\/tr>\n<tr>\n<td>Z\u00e1ruka<\/td>\n<td>2 roky<\/td>\n<\/tr>\n<tr>\n<td>Zna\u010dka<\/td>\n<td>Covestro<\/td>\n<\/tr>\n<\/tbody>\n<\/table><\/div>\n<\/div><\/div>\n<div class=\"detail-description__top\">\n<div class=\"rating-promo\">\n<div class=\"raty raty--big\" data-score=\"5\" data-read-only=\"true\" title=\"5\"><\/div>\n<div class=\"rating-promo__number\">\t\t\t<strong>1<\/strong><small>recenze<\/small>\t\t<\/div>\n<div class=\"rating-promo__number\">\t\t\t<strong>1<\/strong><small>z\u00e1kazn\u00edk doporu\u010duje<\/small>\t\t<\/div>\n<p>\t\tV\u0161echny recenze\t<\/p><\/div>\n<\/p><\/div>\n<div class=\"detail-description__left\">\n<div class=\"detail-description__left__overflow\">\n<div class=\"detail-description__left__head\">\t\t\t\t\t\tPopis:\t\t\t\t\t<\/div>\n<div class=\"ul-style ul-style--check\">\n<p>Hlin\u00edkov\u00e1 ukon\u010dovac\u00ed li\u0161ta U s\u00a0eloxovan\u00fdm povrchem. Ur\u010den\u00e1 pro uzav\u0159en\u00ed a zakon\u010den\u00ed dutinkov\u00fdch desek o tlou\u0161\u0165ce 40 mm.<strong>\u00a0Li\u0161ta je vybavena zob\u00e1\u010dkem, kter\u00fd zlep\u0161uje odvod vody ze syst\u00e9m.<\/strong>\u00a0D\u016fle\u017eit\u00fd mont\u00e1\u017en\u00ed dopln\u011bk, kter\u00fd zamezuje vniku ne\u010distot, nebo de\u0161\u0165ov\u00e9 vody do otev\u0159en\u00fdch konc\u016f kom\u016frek.<\/p>\n<\/div>\n<div class=\"detail-description__left__more\">\t\t\t\t\t\t<span> <\/span><span> <\/span>\t\t\t\t\t<\/div>\n<\/p><\/div>\n<\/p><\/div>\n<div class=\"detail-description__more\"><span> <\/span><span> <\/span><\/div>\n<\/p><\/div>\n<\/p><\/div>\n","protected":false},"excerpt":{"rendered":"<p>Vlastnosti materi\u00e1l hlin\u00edk + eloxovan\u00e1 povrchov\u00e1 \u00faprava d\u00e9lka profil\u016f 2500 mm \u0161\u00ed\u0159ka 40 mm barva st\u0159\u00edbrn\u00e1 UV ochrana ano Parametry P\u016fvod Vyrobeno v\u00a0DE Z\u00e1ruka 2 roky Zna\u010dka Covestro 1recenze 1z\u00e1kazn\u00edk doporu\u010duje V\u0161echny recenze Popis: Hlin\u00edkov\u00e1 ukon\u010dovac\u00ed li\u0161ta U s\u00a0eloxovan\u00fdm povrchem. Ur\u010den\u00e1 pro uzav\u0159en\u00ed a zakon\u010den\u00ed dutinkov\u00fdch desek o tlou\u0161\u0165ce 40 mm.\u00a0Li\u0161ta je vybavena zob\u00e1\u010dkem, kter\u00fd [&hellip;]<\/p>\n","protected":false},"featured_media":16034,"comment_status":"open","ping_status":"open","template":"","meta":[],"product_brand":[],"product_cat":[88],"product_tag":[],"class_list":{"0":"post-15934","1":"product","2":"type-product","3":"status-publish","4":"has-post-thumbnail","6":"product_cat-plasty","8":"first","9":"instock","10":"sale","11":"shipping-taxable","12":"purchasable","13":"product-type-simple"},"yoast_head":"<!-- This site is optimized with the Yoast SEO plugin v26.8 - https:\/\/yoast.com\/product\/yoast-seo-wordpress\/ -->\n<title>Covestro ALU-U elox-Z 40 mm 2500 mm st\u0159\u00edbrn\u00e1 Top Prodej -<\/title>\n<meta name=\"robots\" content=\"index, follow, max-snippet:-1, max-image-preview:large, max-video-preview:-1\" \/>\n<link rel=\"canonical\" href=\"https:\/\/www.koupelnapro.com\/index.php\/produkt\/covestro-alu-u-elox-z-40-mm-2500-mm-stribrna-top-prodej-15934\/\" \/>\n<meta property=\"og:locale\" content=\"cs_CZ\" \/>\n<meta property=\"og:type\" content=\"article\" \/>\n<meta property=\"og:title\" content=\"Covestro ALU-U elox-Z 40 mm 2500 mm st\u0159\u00edbrn\u00e1 Top Prodej -\" \/>\n<meta property=\"og:description\" content=\"Vlastnosti materi\u00e1l hlin\u00edk + eloxovan\u00e1 povrchov\u00e1 \u00faprava d\u00e9lka profil\u016f 2500 mm \u0161\u00ed\u0159ka 40 mm barva st\u0159\u00edbrn\u00e1 UV ochrana ano Parametry P\u016fvod Vyrobeno v\u00a0DE Z\u00e1ruka 2 roky Zna\u010dka Covestro 1recenze 1z\u00e1kazn\u00edk doporu\u010duje V\u0161echny recenze Popis: Hlin\u00edkov\u00e1 ukon\u010dovac\u00ed li\u0161ta U s\u00a0eloxovan\u00fdm povrchem. Ur\u010den\u00e1 pro uzav\u0159en\u00ed a zakon\u010den\u00ed dutinkov\u00fdch desek o tlou\u0161\u0165ce 40 mm.\u00a0Li\u0161ta je vybavena zob\u00e1\u010dkem, kter\u00fd [&hellip;]\" \/>\n<meta property=\"og:url\" content=\"https:\/\/www.koupelnapro.com\/index.php\/produkt\/covestro-alu-u-elox-z-40-mm-2500-mm-stribrna-top-prodej-15934\/\" \/>\n<meta property=\"og:image\" content=\"https:\/\/www.koupelnapro.com\/wp-content\/uploads\/2026\/SK0003130-CZ20260425-091936-0-1777079982-ukoncovaci-lista-covestro-alu-u-elox-z-40-mm-2500-mm-stribr.webp\" \/>\n\t<meta property=\"og:image:width\" content=\"1000\" \/>\n\t<meta property=\"og:image:height\" content=\"523\" \/>\n\t<meta property=\"og:image:type\" content=\"image\/webp\" \/>\n<meta name=\"twitter:card\" content=\"summary_large_image\" \/>\n<script type=\"application\/ld+json\" class=\"yoast-schema-graph\">{\"@context\":\"https:\/\/schema.org\",\"@graph\":[{\"@type\":\"WebPage\",\"@id\":\"https:\/\/www.koupelnapro.com\/index.php\/produkt\/covestro-alu-u-elox-z-40-mm-2500-mm-stribrna-top-prodej-15934\/\",\"url\":\"https:\/\/www.koupelnapro.com\/index.php\/produkt\/covestro-alu-u-elox-z-40-mm-2500-mm-stribrna-top-prodej-15934\/\",\"name\":\"Covestro ALU-U elox-Z 40 mm 2500 mm st\u0159\u00edbrn\u00e1 Top Prodej -\",\"isPartOf\":{\"@id\":\"https:\/\/www.koupelnapro.com\/#website\"},\"primaryImageOfPage\":{\"@id\":\"https:\/\/www.koupelnapro.com\/index.php\/produkt\/covestro-alu-u-elox-z-40-mm-2500-mm-stribrna-top-prodej-15934\/#primaryimage\"},\"image\":{\"@id\":\"https:\/\/www.koupelnapro.com\/index.php\/produkt\/covestro-alu-u-elox-z-40-mm-2500-mm-stribrna-top-prodej-15934\/#primaryimage\"},\"thumbnailUrl\":\"https:\/\/www.koupelnapro.com\/wp-content\/uploads\/2026\/SK0003130-CZ20260425-091936-0-1777079982-ukoncovaci-lista-covestro-alu-u-elox-z-40-mm-2500-mm-stribr.webp\",\"datePublished\":\"2026-04-26T09:13:51+00:00\",\"breadcrumb\":{\"@id\":\"https:\/\/www.koupelnapro.com\/index.php\/produkt\/covestro-alu-u-elox-z-40-mm-2500-mm-stribrna-top-prodej-15934\/#breadcrumb\"},\"inLanguage\":\"cs\",\"potentialAction\":[{\"@type\":\"ReadAction\",\"target\":[\"https:\/\/www.koupelnapro.com\/index.php\/produkt\/covestro-alu-u-elox-z-40-mm-2500-mm-stribrna-top-prodej-15934\/\"]}]},{\"@type\":\"ImageObject\",\"inLanguage\":\"cs\",\"@id\":\"https:\/\/www.koupelnapro.com\/index.php\/produkt\/covestro-alu-u-elox-z-40-mm-2500-mm-stribrna-top-prodej-15934\/#primaryimage\",\"url\":\"https:\/\/www.koupelnapro.com\/wp-content\/uploads\/2026\/SK0003130-CZ20260425-091936-0-1777079982-ukoncovaci-lista-covestro-alu-u-elox-z-40-mm-2500-mm-stribr.webp\",\"contentUrl\":\"https:\/\/www.koupelnapro.com\/wp-content\/uploads\/2026\/SK0003130-CZ20260425-091936-0-1777079982-ukoncovaci-lista-covestro-alu-u-elox-z-40-mm-2500-mm-stribr.webp\",\"width\":1000,\"height\":523},{\"@type\":\"BreadcrumbList\",\"@id\":\"https:\/\/www.koupelnapro.com\/index.php\/produkt\/covestro-alu-u-elox-z-40-mm-2500-mm-stribrna-top-prodej-15934\/#breadcrumb\",\"itemListElement\":[{\"@type\":\"ListItem\",\"position\":1,\"name\":\"Home\",\"item\":\"https:\/\/www.koupelnapro.com\/\"},{\"@type\":\"ListItem\",\"position\":2,\"name\":\"Products\",\"item\":\"https:\/\/www.koupelnapro.com\/index.php\/products\/\"},{\"@type\":\"ListItem\",\"position\":3,\"name\":\"Covestro ALU-U elox-Z 40 mm 2500 mm st\u0159\u00edbrn\u00e1 Top Prodej\"}]},{\"@type\":\"WebSite\",\"@id\":\"https:\/\/www.koupelnapro.com\/#website\",\"url\":\"https:\/\/www.koupelnapro.com\/\",\"name\":\"\",\"description\":\"\",\"potentialAction\":[{\"@type\":\"SearchAction\",\"target\":{\"@type\":\"EntryPoint\",\"urlTemplate\":\"https:\/\/www.koupelnapro.com\/?s={search_term_string}\"},\"query-input\":{\"@type\":\"PropertyValueSpecification\",\"valueRequired\":true,\"valueName\":\"search_term_string\"}}],\"inLanguage\":\"cs\"}]}<\/script>\n<!-- \/ Yoast SEO plugin. -->","yoast_head_json":{"title":"Covestro ALU-U elox-Z 40 mm 2500 mm st\u0159\u00edbrn\u00e1 Top Prodej -","robots":{"index":"index","follow":"follow","max-snippet":"max-snippet:-1","max-image-preview":"max-image-preview:large","max-video-preview":"max-video-preview:-1"},"canonical":"https:\/\/www.koupelnapro.com\/index.php\/produkt\/covestro-alu-u-elox-z-40-mm-2500-mm-stribrna-top-prodej-15934\/","og_locale":"cs_CZ","og_type":"article","og_title":"Covestro ALU-U elox-Z 40 mm 2500 mm st\u0159\u00edbrn\u00e1 Top Prodej -","og_description":"Vlastnosti materi\u00e1l hlin\u00edk + eloxovan\u00e1 povrchov\u00e1 \u00faprava d\u00e9lka profil\u016f 2500 mm \u0161\u00ed\u0159ka 40 mm barva st\u0159\u00edbrn\u00e1 UV ochrana ano Parametry P\u016fvod Vyrobeno v\u00a0DE Z\u00e1ruka 2 roky Zna\u010dka Covestro 1recenze 1z\u00e1kazn\u00edk doporu\u010duje V\u0161echny recenze Popis: Hlin\u00edkov\u00e1 ukon\u010dovac\u00ed li\u0161ta U s\u00a0eloxovan\u00fdm povrchem. Ur\u010den\u00e1 pro uzav\u0159en\u00ed a zakon\u010den\u00ed dutinkov\u00fdch desek o tlou\u0161\u0165ce 40 mm.\u00a0Li\u0161ta je vybavena zob\u00e1\u010dkem, kter\u00fd [&hellip;]","og_url":"https:\/\/www.koupelnapro.com\/index.php\/produkt\/covestro-alu-u-elox-z-40-mm-2500-mm-stribrna-top-prodej-15934\/","og_image":[{"width":1000,"height":523,"url":"https:\/\/www.koupelnapro.com\/wp-content\/uploads\/2026\/SK0003130-CZ20260425-091936-0-1777079982-ukoncovaci-lista-covestro-alu-u-elox-z-40-mm-2500-mm-stribr.webp","type":"image\/webp"}],"twitter_card":"summary_large_image","schema":{"@context":"https:\/\/schema.org","@graph":[{"@type":"WebPage","@id":"https:\/\/www.koupelnapro.com\/index.php\/produkt\/covestro-alu-u-elox-z-40-mm-2500-mm-stribrna-top-prodej-15934\/","url":"https:\/\/www.koupelnapro.com\/index.php\/produkt\/covestro-alu-u-elox-z-40-mm-2500-mm-stribrna-top-prodej-15934\/","name":"Covestro ALU-U elox-Z 40 mm 2500 mm st\u0159\u00edbrn\u00e1 Top Prodej -","isPartOf":{"@id":"https:\/\/www.koupelnapro.com\/#website"},"primaryImageOfPage":{"@id":"https:\/\/www.koupelnapro.com\/index.php\/produkt\/covestro-alu-u-elox-z-40-mm-2500-mm-stribrna-top-prodej-15934\/#primaryimage"},"image":{"@id":"https:\/\/www.koupelnapro.com\/index.php\/produkt\/covestro-alu-u-elox-z-40-mm-2500-mm-stribrna-top-prodej-15934\/#primaryimage"},"thumbnailUrl":"https:\/\/www.koupelnapro.com\/wp-content\/uploads\/2026\/SK0003130-CZ20260425-091936-0-1777079982-ukoncovaci-lista-covestro-alu-u-elox-z-40-mm-2500-mm-stribr.webp","datePublished":"2026-04-26T09:13:51+00:00","breadcrumb":{"@id":"https:\/\/www.koupelnapro.com\/index.php\/produkt\/covestro-alu-u-elox-z-40-mm-2500-mm-stribrna-top-prodej-15934\/#breadcrumb"},"inLanguage":"cs","potentialAction":[{"@type":"ReadAction","target":["https:\/\/www.koupelnapro.com\/index.php\/produkt\/covestro-alu-u-elox-z-40-mm-2500-mm-stribrna-top-prodej-15934\/"]}]},{"@type":"ImageObject","inLanguage":"cs","@id":"https:\/\/www.koupelnapro.com\/index.php\/produkt\/covestro-alu-u-elox-z-40-mm-2500-mm-stribrna-top-prodej-15934\/#primaryimage","url":"https:\/\/www.koupelnapro.com\/wp-content\/uploads\/2026\/SK0003130-CZ20260425-091936-0-1777079982-ukoncovaci-lista-covestro-alu-u-elox-z-40-mm-2500-mm-stribr.webp","contentUrl":"https:\/\/www.koupelnapro.com\/wp-content\/uploads\/2026\/SK0003130-CZ20260425-091936-0-1777079982-ukoncovaci-lista-covestro-alu-u-elox-z-40-mm-2500-mm-stribr.webp","width":1000,"height":523},{"@type":"BreadcrumbList","@id":"https:\/\/www.koupelnapro.com\/index.php\/produkt\/covestro-alu-u-elox-z-40-mm-2500-mm-stribrna-top-prodej-15934\/#breadcrumb","itemListElement":[{"@type":"ListItem","position":1,"name":"Home","item":"https:\/\/www.koupelnapro.com\/"},{"@type":"ListItem","position":2,"name":"Products","item":"https:\/\/www.koupelnapro.com\/index.php\/products\/"},{"@type":"ListItem","position":3,"name":"Covestro ALU-U elox-Z 40 mm 2500 mm st\u0159\u00edbrn\u00e1 Top Prodej"}]},{"@type":"WebSite","@id":"https:\/\/www.koupelnapro.com\/#website","url":"https:\/\/www.koupelnapro.com\/","name":"","description":"","potentialAction":[{"@type":"SearchAction","target":{"@type":"EntryPoint","urlTemplate":"https:\/\/www.koupelnapro.com\/?s={search_term_string}"},"query-input":{"@type":"PropertyValueSpecification","valueRequired":true,"valueName":"search_term_string"}}],"inLanguage":"cs"}]}},"_links":{"self":[{"href":"https:\/\/www.koupelnapro.com\/index.php\/wp-json\/wp\/v2\/product\/15934","targetHints":{"allow":["GET"]}}],"collection":[{"href":"https:\/\/www.koupelnapro.com\/index.php\/wp-json\/wp\/v2\/product"}],"about":[{"href":"https:\/\/www.koupelnapro.com\/index.php\/wp-json\/wp\/v2\/types\/product"}],"replies":[{"embeddable":true,"href":"https:\/\/www.koupelnapro.com\/index.php\/wp-json\/wp\/v2\/comments?post=15934"}],"wp:featuredmedia":[{"embeddable":true,"href":"https:\/\/www.koupelnapro.com\/index.php\/wp-json\/wp\/v2\/media\/16034"}],"wp:attachment":[{"href":"https:\/\/www.koupelnapro.com\/index.php\/wp-json\/wp\/v2\/media?parent=15934"}],"wp:term":[{"taxonomy":"product_brand","embeddable":true,"href":"https:\/\/www.koupelnapro.com\/index.php\/wp-json\/wp\/v2\/product_brand?post=15934"},{"taxonomy":"product_cat","embeddable":true,"href":"https:\/\/www.koupelnapro.com\/index.php\/wp-json\/wp\/v2\/product_cat?post=15934"},{"taxonomy":"product_tag","embeddable":true,"href":"https:\/\/www.koupelnapro.com\/index.php\/wp-json\/wp\/v2\/product_tag?post=15934"}],"curies":[{"name":"wp","href":"https:\/\/api.w.org\/{rel}","templated":true}]}}