{"id":15917,"date":"2026-04-26T09:13:51","date_gmt":"2026-04-26T09:13:51","guid":{"rendered":""},"modified":"2026-04-26T09:13:51","modified_gmt":"2026-04-26T09:13:51","slug":"odeslani-ihned-vrut-do-dreva-se-zapustenou-hlavou-covestro-35-0-mm-4-0-mm-15917","status":"publish","type":"product","link":"https:\/\/www.koupelnapro.com\/index.php\/produkt\/odeslani-ihned-vrut-do-dreva-se-zapustenou-hlavou-covestro-35-0-mm-4-0-mm-15917\/","title":{"rendered":"Odesl\u00e1n\u00ed Ihned Vrut do d\u0159eva se zapu\u0161t\u011bnou hlavou Covestro 35,0 mm 4,0 mm"},"content":{"rendered":"<div class=\"detail-description__right\">\n<div class=\"parameters\">\n<div class=\"table table--simple\">\n<table>\n<tbody>\n<tr>\n<td colspan=\"2\">\n<h4>Vlastnosti<\/h4>\n<\/td>\n<\/tr>\n<tr>\n<td>Materi\u00e1l<\/td>\n<td>ocel<\/td>\n<\/tr>\n<tr data-perex=\"1\">\n<td>Pr\u016fm\u011br<\/td>\n<td>4,0\u00a0mm<\/td>\n<\/tr>\n<tr data-perex=\"1\">\n<td>D\u00e9lka<\/td>\n<td>35,0\u00a0\u2013 70,0\u00a0mm<\/td>\n<\/tr>\n<tr data-perex=\"1\">\n<td>Ur\u010den\u00ed<\/td>\n<td>d\u0159evo<\/td>\n<\/tr>\n<tr>\n<td>Tvar hlavy<\/td>\n<td>z\u00e1pustn\u00e1<\/td>\n<\/tr>\n<tr>\n<td>Typ z\u00e1vitu<\/td>\n<td>&#8211;<\/td>\n<\/tr>\n<tr>\n<td>Typ hrotu<\/td>\n<td>.<\/td>\n<\/tr>\n<tr>\n<td>Povrchov\u00e1 \u00faprava<\/td>\n<td>\u017elut\u00fd pozink<\/td>\n<\/tr>\n<tr>\n<td>Reakce na ohe\u0148<\/td>\n<td>&#8211;<\/td>\n<\/tr>\n<tr>\n<td>Balen\u00ed<\/td>\n<td>1 ks<\/td>\n<\/tr>\n<tr>\n<td colspan=\"2\">\n<h4>Parametry<\/h4>\n<\/td>\n<\/tr>\n<tr>\n<td>P\u016fvod<\/td>\n<td>Vyrobeno v\u00a0DE<\/td>\n<\/tr>\n<tr>\n<td>Z\u00e1ruka<\/td>\n<td>2 roky<\/td>\n<\/tr>\n<tr>\n<td>Zna\u010dka<\/td>\n<td>Covestro<\/td>\n<\/tr>\n<\/tbody>\n<\/table><\/div>\n<\/div><\/div>\n<div class=\"detail-description__top\">\t\t\t\t<\/div>\n<div class=\"detail-description__left\">\n<div class=\"detail-description__left__overflow\">\n<div class=\"detail-description__left__head\">\t\t\t\t\t\tPopis:\t\t\t\t\t<\/div>\n<div class=\"ul-style ul-style--check\">\n<p>Vruty se zapu\u0161t\u011bnou hlavou pro mont\u00e1\u017e\u00a0<strong>trap\u00e9zov\u00fdch i\u00a0kom\u016frkov\u00fdch desek k\u00a0d\u0159ev\u011bn\u00e9 konstrukci<\/strong>.\u00a0K vrutu je vhodn\u00e9 dokoupit upev\u0148ovac\u00ed podlo\u017eku.<\/p>\n<\/div>\n<div class=\"detail-description__left__more\">\t\t\t\t\t\t<span> <\/span><span> <\/span>\t\t\t\t\t<\/div>\n<\/p><\/div>\n<\/p><\/div>\n<div class=\"detail-description__more\"><span> <\/span><span> <\/span><\/div>\n<\/p><\/div>\n<\/p><\/div>\n","protected":false},"excerpt":{"rendered":"<p>Vlastnosti Materi\u00e1l ocel Pr\u016fm\u011br 4,0\u00a0mm D\u00e9lka 35,0\u00a0\u2013 70,0\u00a0mm Ur\u010den\u00ed d\u0159evo Tvar hlavy z\u00e1pustn\u00e1 Typ z\u00e1vitu &#8211; Typ hrotu . Povrchov\u00e1 \u00faprava \u017elut\u00fd pozink Reakce na ohe\u0148 &#8211; Balen\u00ed 1 ks Parametry P\u016fvod Vyrobeno v\u00a0DE Z\u00e1ruka 2 roky Zna\u010dka Covestro Popis: Vruty se zapu\u0161t\u011bnou hlavou pro mont\u00e1\u017e\u00a0trap\u00e9zov\u00fdch i\u00a0kom\u016frkov\u00fdch desek k\u00a0d\u0159ev\u011bn\u00e9 konstrukci.\u00a0K vrutu je vhodn\u00e9 dokoupit upev\u0148ovac\u00ed [&hellip;]<\/p>\n","protected":false},"featured_media":16017,"comment_status":"open","ping_status":"open","template":"","meta":[],"product_brand":[],"product_cat":[90],"product_tag":[],"class_list":{"0":"post-15917","1":"product","2":"type-product","3":"status-publish","4":"has-post-thumbnail","6":"product_cat-stavba","8":"first","9":"instock","10":"sale","11":"shipping-taxable","12":"purchasable","13":"product-type-simple"},"yoast_head":"<!-- This site is optimized with the Yoast SEO plugin v26.8 - https:\/\/yoast.com\/product\/yoast-seo-wordpress\/ -->\n<title>Odesl\u00e1n\u00ed Ihned Vrut do d\u0159eva se zapu\u0161t\u011bnou hlavou Covestro 35,0 mm 4,0 mm -<\/title>\n<meta name=\"robots\" content=\"index, follow, max-snippet:-1, max-image-preview:large, max-video-preview:-1\" \/>\n<link rel=\"canonical\" href=\"https:\/\/www.koupelnapro.com\/index.php\/produkt\/odeslani-ihned-vrut-do-dreva-se-zapustenou-hlavou-covestro-35-0-mm-4-0-mm-15917\/\" \/>\n<meta property=\"og:locale\" content=\"cs_CZ\" \/>\n<meta property=\"og:type\" content=\"article\" \/>\n<meta property=\"og:title\" content=\"Odesl\u00e1n\u00ed Ihned Vrut do d\u0159eva se zapu\u0161t\u011bnou hlavou Covestro 35,0 mm 4,0 mm -\" \/>\n<meta property=\"og:description\" content=\"Vlastnosti Materi\u00e1l ocel Pr\u016fm\u011br 4,0\u00a0mm D\u00e9lka 35,0\u00a0\u2013 70,0\u00a0mm Ur\u010den\u00ed d\u0159evo Tvar hlavy z\u00e1pustn\u00e1 Typ z\u00e1vitu &#8211; Typ hrotu . Povrchov\u00e1 \u00faprava \u017elut\u00fd pozink Reakce na ohe\u0148 &#8211; Balen\u00ed 1 ks Parametry P\u016fvod Vyrobeno v\u00a0DE Z\u00e1ruka 2 roky Zna\u010dka Covestro Popis: Vruty se zapu\u0161t\u011bnou hlavou pro mont\u00e1\u017e\u00a0trap\u00e9zov\u00fdch i\u00a0kom\u016frkov\u00fdch desek k\u00a0d\u0159ev\u011bn\u00e9 konstrukci.\u00a0K vrutu je vhodn\u00e9 dokoupit upev\u0148ovac\u00ed [&hellip;]\" \/>\n<meta property=\"og:url\" content=\"https:\/\/www.koupelnapro.com\/index.php\/produkt\/odeslani-ihned-vrut-do-dreva-se-zapustenou-hlavou-covestro-35-0-mm-4-0-mm-15917\/\" \/>\n<meta property=\"og:image\" content=\"https:\/\/www.koupelnapro.com\/wp-content\/uploads\/2026\/SK0003113-CZ20260425-091936-0-1777079982-vrut-do-dreva-se-zapustenou-hlavou-covestro-w1200-h628-f8-4.webp\" \/>\n\t<meta property=\"og:image:width\" content=\"1000\" \/>\n\t<meta property=\"og:image:height\" content=\"523\" \/>\n\t<meta property=\"og:image:type\" content=\"image\/webp\" \/>\n<meta name=\"twitter:card\" content=\"summary_large_image\" \/>\n<script type=\"application\/ld+json\" class=\"yoast-schema-graph\">{\"@context\":\"https:\/\/schema.org\",\"@graph\":[{\"@type\":\"WebPage\",\"@id\":\"https:\/\/www.koupelnapro.com\/index.php\/produkt\/odeslani-ihned-vrut-do-dreva-se-zapustenou-hlavou-covestro-35-0-mm-4-0-mm-15917\/\",\"url\":\"https:\/\/www.koupelnapro.com\/index.php\/produkt\/odeslani-ihned-vrut-do-dreva-se-zapustenou-hlavou-covestro-35-0-mm-4-0-mm-15917\/\",\"name\":\"Odesl\u00e1n\u00ed Ihned Vrut do d\u0159eva se zapu\u0161t\u011bnou hlavou Covestro 35,0 mm 4,0 mm -\",\"isPartOf\":{\"@id\":\"https:\/\/www.koupelnapro.com\/#website\"},\"primaryImageOfPage\":{\"@id\":\"https:\/\/www.koupelnapro.com\/index.php\/produkt\/odeslani-ihned-vrut-do-dreva-se-zapustenou-hlavou-covestro-35-0-mm-4-0-mm-15917\/#primaryimage\"},\"image\":{\"@id\":\"https:\/\/www.koupelnapro.com\/index.php\/produkt\/odeslani-ihned-vrut-do-dreva-se-zapustenou-hlavou-covestro-35-0-mm-4-0-mm-15917\/#primaryimage\"},\"thumbnailUrl\":\"https:\/\/www.koupelnapro.com\/wp-content\/uploads\/2026\/SK0003113-CZ20260425-091936-0-1777079982-vrut-do-dreva-se-zapustenou-hlavou-covestro-w1200-h628-f8-4.webp\",\"datePublished\":\"2026-04-26T09:13:51+00:00\",\"breadcrumb\":{\"@id\":\"https:\/\/www.koupelnapro.com\/index.php\/produkt\/odeslani-ihned-vrut-do-dreva-se-zapustenou-hlavou-covestro-35-0-mm-4-0-mm-15917\/#breadcrumb\"},\"inLanguage\":\"cs\",\"potentialAction\":[{\"@type\":\"ReadAction\",\"target\":[\"https:\/\/www.koupelnapro.com\/index.php\/produkt\/odeslani-ihned-vrut-do-dreva-se-zapustenou-hlavou-covestro-35-0-mm-4-0-mm-15917\/\"]}]},{\"@type\":\"ImageObject\",\"inLanguage\":\"cs\",\"@id\":\"https:\/\/www.koupelnapro.com\/index.php\/produkt\/odeslani-ihned-vrut-do-dreva-se-zapustenou-hlavou-covestro-35-0-mm-4-0-mm-15917\/#primaryimage\",\"url\":\"https:\/\/www.koupelnapro.com\/wp-content\/uploads\/2026\/SK0003113-CZ20260425-091936-0-1777079982-vrut-do-dreva-se-zapustenou-hlavou-covestro-w1200-h628-f8-4.webp\",\"contentUrl\":\"https:\/\/www.koupelnapro.com\/wp-content\/uploads\/2026\/SK0003113-CZ20260425-091936-0-1777079982-vrut-do-dreva-se-zapustenou-hlavou-covestro-w1200-h628-f8-4.webp\",\"width\":1000,\"height\":523},{\"@type\":\"BreadcrumbList\",\"@id\":\"https:\/\/www.koupelnapro.com\/index.php\/produkt\/odeslani-ihned-vrut-do-dreva-se-zapustenou-hlavou-covestro-35-0-mm-4-0-mm-15917\/#breadcrumb\",\"itemListElement\":[{\"@type\":\"ListItem\",\"position\":1,\"name\":\"Home\",\"item\":\"https:\/\/www.koupelnapro.com\/\"},{\"@type\":\"ListItem\",\"position\":2,\"name\":\"Products\",\"item\":\"https:\/\/www.koupelnapro.com\/index.php\/products\/\"},{\"@type\":\"ListItem\",\"position\":3,\"name\":\"Odesl\u00e1n\u00ed Ihned Vrut do d\u0159eva se zapu\u0161t\u011bnou hlavou Covestro 35,0 mm 4,0 mm\"}]},{\"@type\":\"WebSite\",\"@id\":\"https:\/\/www.koupelnapro.com\/#website\",\"url\":\"https:\/\/www.koupelnapro.com\/\",\"name\":\"\",\"description\":\"\",\"potentialAction\":[{\"@type\":\"SearchAction\",\"target\":{\"@type\":\"EntryPoint\",\"urlTemplate\":\"https:\/\/www.koupelnapro.com\/?s={search_term_string}\"},\"query-input\":{\"@type\":\"PropertyValueSpecification\",\"valueRequired\":true,\"valueName\":\"search_term_string\"}}],\"inLanguage\":\"cs\"}]}<\/script>\n<!-- \/ Yoast SEO plugin. -->","yoast_head_json":{"title":"Odesl\u00e1n\u00ed Ihned Vrut do d\u0159eva se zapu\u0161t\u011bnou hlavou Covestro 35,0 mm 4,0 mm -","robots":{"index":"index","follow":"follow","max-snippet":"max-snippet:-1","max-image-preview":"max-image-preview:large","max-video-preview":"max-video-preview:-1"},"canonical":"https:\/\/www.koupelnapro.com\/index.php\/produkt\/odeslani-ihned-vrut-do-dreva-se-zapustenou-hlavou-covestro-35-0-mm-4-0-mm-15917\/","og_locale":"cs_CZ","og_type":"article","og_title":"Odesl\u00e1n\u00ed Ihned Vrut do d\u0159eva se zapu\u0161t\u011bnou hlavou Covestro 35,0 mm 4,0 mm -","og_description":"Vlastnosti Materi\u00e1l ocel Pr\u016fm\u011br 4,0\u00a0mm D\u00e9lka 35,0\u00a0\u2013 70,0\u00a0mm Ur\u010den\u00ed d\u0159evo Tvar hlavy z\u00e1pustn\u00e1 Typ z\u00e1vitu &#8211; Typ hrotu . Povrchov\u00e1 \u00faprava \u017elut\u00fd pozink Reakce na ohe\u0148 &#8211; Balen\u00ed 1 ks Parametry P\u016fvod Vyrobeno v\u00a0DE Z\u00e1ruka 2 roky Zna\u010dka Covestro Popis: Vruty se zapu\u0161t\u011bnou hlavou pro mont\u00e1\u017e\u00a0trap\u00e9zov\u00fdch i\u00a0kom\u016frkov\u00fdch desek k\u00a0d\u0159ev\u011bn\u00e9 konstrukci.\u00a0K vrutu je vhodn\u00e9 dokoupit upev\u0148ovac\u00ed [&hellip;]","og_url":"https:\/\/www.koupelnapro.com\/index.php\/produkt\/odeslani-ihned-vrut-do-dreva-se-zapustenou-hlavou-covestro-35-0-mm-4-0-mm-15917\/","og_image":[{"width":1000,"height":523,"url":"https:\/\/www.koupelnapro.com\/wp-content\/uploads\/2026\/SK0003113-CZ20260425-091936-0-1777079982-vrut-do-dreva-se-zapustenou-hlavou-covestro-w1200-h628-f8-4.webp","type":"image\/webp"}],"twitter_card":"summary_large_image","schema":{"@context":"https:\/\/schema.org","@graph":[{"@type":"WebPage","@id":"https:\/\/www.koupelnapro.com\/index.php\/produkt\/odeslani-ihned-vrut-do-dreva-se-zapustenou-hlavou-covestro-35-0-mm-4-0-mm-15917\/","url":"https:\/\/www.koupelnapro.com\/index.php\/produkt\/odeslani-ihned-vrut-do-dreva-se-zapustenou-hlavou-covestro-35-0-mm-4-0-mm-15917\/","name":"Odesl\u00e1n\u00ed Ihned Vrut do d\u0159eva se zapu\u0161t\u011bnou hlavou Covestro 35,0 mm 4,0 mm -","isPartOf":{"@id":"https:\/\/www.koupelnapro.com\/#website"},"primaryImageOfPage":{"@id":"https:\/\/www.koupelnapro.com\/index.php\/produkt\/odeslani-ihned-vrut-do-dreva-se-zapustenou-hlavou-covestro-35-0-mm-4-0-mm-15917\/#primaryimage"},"image":{"@id":"https:\/\/www.koupelnapro.com\/index.php\/produkt\/odeslani-ihned-vrut-do-dreva-se-zapustenou-hlavou-covestro-35-0-mm-4-0-mm-15917\/#primaryimage"},"thumbnailUrl":"https:\/\/www.koupelnapro.com\/wp-content\/uploads\/2026\/SK0003113-CZ20260425-091936-0-1777079982-vrut-do-dreva-se-zapustenou-hlavou-covestro-w1200-h628-f8-4.webp","datePublished":"2026-04-26T09:13:51+00:00","breadcrumb":{"@id":"https:\/\/www.koupelnapro.com\/index.php\/produkt\/odeslani-ihned-vrut-do-dreva-se-zapustenou-hlavou-covestro-35-0-mm-4-0-mm-15917\/#breadcrumb"},"inLanguage":"cs","potentialAction":[{"@type":"ReadAction","target":["https:\/\/www.koupelnapro.com\/index.php\/produkt\/odeslani-ihned-vrut-do-dreva-se-zapustenou-hlavou-covestro-35-0-mm-4-0-mm-15917\/"]}]},{"@type":"ImageObject","inLanguage":"cs","@id":"https:\/\/www.koupelnapro.com\/index.php\/produkt\/odeslani-ihned-vrut-do-dreva-se-zapustenou-hlavou-covestro-35-0-mm-4-0-mm-15917\/#primaryimage","url":"https:\/\/www.koupelnapro.com\/wp-content\/uploads\/2026\/SK0003113-CZ20260425-091936-0-1777079982-vrut-do-dreva-se-zapustenou-hlavou-covestro-w1200-h628-f8-4.webp","contentUrl":"https:\/\/www.koupelnapro.com\/wp-content\/uploads\/2026\/SK0003113-CZ20260425-091936-0-1777079982-vrut-do-dreva-se-zapustenou-hlavou-covestro-w1200-h628-f8-4.webp","width":1000,"height":523},{"@type":"BreadcrumbList","@id":"https:\/\/www.koupelnapro.com\/index.php\/produkt\/odeslani-ihned-vrut-do-dreva-se-zapustenou-hlavou-covestro-35-0-mm-4-0-mm-15917\/#breadcrumb","itemListElement":[{"@type":"ListItem","position":1,"name":"Home","item":"https:\/\/www.koupelnapro.com\/"},{"@type":"ListItem","position":2,"name":"Products","item":"https:\/\/www.koupelnapro.com\/index.php\/products\/"},{"@type":"ListItem","position":3,"name":"Odesl\u00e1n\u00ed Ihned Vrut do d\u0159eva se zapu\u0161t\u011bnou hlavou Covestro 35,0 mm 4,0 mm"}]},{"@type":"WebSite","@id":"https:\/\/www.koupelnapro.com\/#website","url":"https:\/\/www.koupelnapro.com\/","name":"","description":"","potentialAction":[{"@type":"SearchAction","target":{"@type":"EntryPoint","urlTemplate":"https:\/\/www.koupelnapro.com\/?s={search_term_string}"},"query-input":{"@type":"PropertyValueSpecification","valueRequired":true,"valueName":"search_term_string"}}],"inLanguage":"cs"}]}},"_links":{"self":[{"href":"https:\/\/www.koupelnapro.com\/index.php\/wp-json\/wp\/v2\/product\/15917","targetHints":{"allow":["GET"]}}],"collection":[{"href":"https:\/\/www.koupelnapro.com\/index.php\/wp-json\/wp\/v2\/product"}],"about":[{"href":"https:\/\/www.koupelnapro.com\/index.php\/wp-json\/wp\/v2\/types\/product"}],"replies":[{"embeddable":true,"href":"https:\/\/www.koupelnapro.com\/index.php\/wp-json\/wp\/v2\/comments?post=15917"}],"wp:featuredmedia":[{"embeddable":true,"href":"https:\/\/www.koupelnapro.com\/index.php\/wp-json\/wp\/v2\/media\/16017"}],"wp:attachment":[{"href":"https:\/\/www.koupelnapro.com\/index.php\/wp-json\/wp\/v2\/media?parent=15917"}],"wp:term":[{"taxonomy":"product_brand","embeddable":true,"href":"https:\/\/www.koupelnapro.com\/index.php\/wp-json\/wp\/v2\/product_brand?post=15917"},{"taxonomy":"product_cat","embeddable":true,"href":"https:\/\/www.koupelnapro.com\/index.php\/wp-json\/wp\/v2\/product_cat?post=15917"},{"taxonomy":"product_tag","embeddable":true,"href":"https:\/\/www.koupelnapro.com\/index.php\/wp-json\/wp\/v2\/product_tag?post=15917"}],"curies":[{"name":"wp","href":"https:\/\/api.w.org\/{rel}","templated":true}]}}