{"id":1546,"date":"2026-04-26T09:13:08","date_gmt":"2026-04-26T09:13:08","guid":{"rendered":""},"modified":"2026-04-26T09:13:08","modified_gmt":"2026-04-26T09:13:08","slug":"znackovy-zavesne-svitidlo-shadows-4w-led-brokis-a-1546","status":"publish","type":"product","link":"https:\/\/www.koupelnapro.com\/index.php\/produkt\/znackovy-zavesne-svitidlo-shadows-4w-led-brokis-a-1546\/","title":{"rendered":"Zna\u010dkov\u00fd Z\u00e1v\u011bsn\u00e9 sv\u00edtidlo SHADOWS 4W LED &#8211; BROKIS A"},"content":{"rendered":"<h3 class=\"product-h3\">Popis produktu<\/h3>\n<p>Z\u00e1v\u011bsn\u00e9 sv\u00edtidlo vyu\u017e\u00edvaj\u00edc\u00ed LED sv\u011bteln\u00fd zdroj SHADOWS je vhodn\u00e9 p\u0159edev\u0161\u00edm pro osv\u011btlen\u00ed stol\u016f. M\u016f\u017eete jej pou\u017e\u00edt pro osv\u011btlen\u00ed stolu v j\u00eddeln\u011b, v kuchyni jej m\u016f\u017eete um\u00edstit nad odkl\u00e1dac\u00ed pult, rovn\u011b\u017e se hod\u00ed nad konferen\u010dn\u00ed stolek. Na studiu jsou vystaveny 3 typy Shadows  + baldach\u00fdn CP7821 \u2013 cena za baldach\u00fdn 3.256 K\u010d). V pozn\u00e1mce v objedn\u00e1vce up\u0159esn\u011bte, jak\u00fd typ skla a d\u0159ev\u011bn\u00fdch \u010d\u00e1st\u00ed chcete objednat. Vyb\u00edrat m\u016f\u017eete \u2013 viz obr\u00e1zek. Za p\u0159\u00edplatek je materi\u00e1l: americk\u00fd o\u0159ech &#8211; voskovan\u00fd.<\/p>\n<\/p><\/div>\n<div class=\"product-left-popis-vyrobce\">\n<div class='col-xs-12'>\n<h1><strong>BROKIS &ndash; \u010desk&eacute; sklo trochu jinak<\/strong><\/h1>\n<p>\u010cesk&eacute; sklo je vyhled&aacute;van&yacute;m artiklem po cel&eacute;m sv\u011bt\u011b. <strong>Sklen\u011bn&aacute; sv&iacute;tidla \u010desk&eacute;ho v&yacute;robce osv\u011btlen&iacute; Brokis<\/strong> pat\u0159&iacute; k designov&yacute;m a z&aacute;rove\u0148 funk\u010dn&iacute;m v&yacute;robk\u016fm, kter&eacute; jsou v&yacute;sledkem pr&aacute;ce v&yacute;znamn&yacute;ch n&aacute;vrh&aacute;\u0159\u016f. Interi&eacute;rov&aacute; sv&iacute;tidla s modern&iacute;m, funk\u010dn&iacute;m a z&aacute;rove\u0148 dekorativn&iacute;m vzhledem skv\u011ble dopln&iacute; ka\u017ed&yacute; interi&eacute;r. Vyniknou zejm&eacute;na v modern&iacute;m vzdu&scaron;n&eacute;m interi&eacute;ru. Sv&iacute;tidla jsou vyrobena ru\u010dn\u011b d&iacute;ky zru\u010dnosti \u010desk&yacute;ch skl&aacute;\u0159sk&yacute;ch mistr\u016f. Tradi\u010dn&iacute; <strong>ru\u010dn\u011b foukan&eacute; sklo<\/strong> je kombinov&aacute;no s&nbsp;dal&scaron;&iacute;mi materi&aacute;ly, zejm&eacute;na se d\u0159evem \u010di ru\u010dn\u011b opracovan&yacute;m kovem. V&yacute;sledkem jsou origin&aacute;ln&iacute; sv&iacute;tidla, kter&aacute; z&iacute;skala mezin&aacute;rodn&iacute; uzn&aacute;n&iacute; a obdr\u017eela celou \u0159adu ocen\u011bn&iacute; v&nbsp;presti\u017en&iacute;ch designov&yacute;ch sout\u011b\u017e&iacute;ch doma i ve sv\u011bt\u011b.<\/p>\n<p>Firma Brokis se zam\u011b\u0159uje p\u0159edev&scaron;&iacute;m na interi&eacute;rov&aacute; sv&iacute;tidla, vyr&aacute;b&iacute; <strong>z&aacute;v\u011bsn&aacute; sv&iacute;tidla<\/strong> s unik&aacute;tn&iacute;mi sklen\u011bn&yacute;mi st&iacute;nidly i designov&eacute; <strong>stoln&iacute; lampy<\/strong>. V&scaron;echna sv&iacute;tidla \u010desk&eacute;ho v&yacute;robce Brokis jsou nejen designov&aacute;, ale tak&eacute; vysoce kvalitn&iacute; a funk\u010dn&iacute;. Pro v&scaron;echny milovn&iacute;ky origin&aacute;ln&iacute;ch v&yacute;robk\u016f je velkou v&yacute;hodou, \u017ee firma Brokis vyr&aacute;b&iacute; tak&eacute; <strong>sv&iacute;tidla ze skla na zak&aacute;zku<\/strong> v libovoln&eacute; velikosti a tvaru.<\/p>\n<p><strong>AULIX &#8211; p\u0159\u00edm\u00fd prodejce sv\u00edtidel BROKIS v \u010cR<\/strong><\/p>\n<\/p><\/div>\n<\/p><\/div>\n<\/p><\/div>\n<p><\/p>\n<div class=\"top-params\">\n<h3 class=\"product-h3 collapse-header \" data-toggle=\"collapse\" data-target=\"#collapseOne\" aria-expanded=\"true\" aria-controls=\"collapseOne\">Parametry<\/h3>\n<div id=\"collapseOne\" class=\"collapse show\" aria-labelledby=\"headingOne\" data-parent=\"#product-info-accordion1\">\n<table class=\"table-striped\">\n<tr>\n<td>                Nap\u00e1jec\u00ed nap\u011bt\u00ed            <\/td>\n<td>                230V            <\/td>\n<\/tr>\n<tr>\n<td>                Teplota barvy sv\u011btla            <\/td>\n<td>                3000K            <\/td>\n<\/tr>\n<tr>\n<td>                V\u00fdrobce            <\/td>\n<td>                BROKIS            <\/td>\n<\/tr>\n<tr>\n<td>                V\u010detn\u011b sv\u011bteln\u00e9ho zdroje            <\/td>\n<td>                ano            <\/td>\n<\/tr>\n<tr>\n<td>                Kolekce            <\/td>\n<td>                SHADOWS            <\/td>\n<\/tr>\n<tr>\n<td>                V\u00fdkon            <\/td>\n<td>                4W            <\/td>\n<\/tr>\n<tr>\n<td>                Typ sv\u011bteln\u00e9ho zdroje            <\/td>\n<td>                LED             <\/td>\n<\/tr>\n<tr>\n<td>                Max. p\u0159\u00edkon sv\u011bteln\u00e9ho zdroje            <\/td>\n<td>                4W            <\/td>\n<\/tr>\n<tr>\n<td>                Po\u010det sv\u011bteln\u00fdch zdroj\u016f            <\/td>\n<td>                1            <\/td>\n<\/tr>\n<tr>\n<td>                Materi\u00e1l            <\/td>\n<td>                sklo \/ d\u0159evo            <\/td>\n<\/tr>\n<tr>\n<td>                Barva skla            <\/td>\n<td>                pr\u016fhledn\u00e1            <\/td>\n<\/tr>\n<tr>\n<td>                Pr\u016fm\u011br st\u00ednidla v mm            <\/td>\n<td>                250            <\/td>\n<\/tr>\n<tr>\n<td>                V\u00fd\u0161ka v mm            <\/td>\n<td>                195            <\/td>\n<\/tr>\n<tr>\n<td>                V\u00fdroba na zak\u00e1zku            <\/td>\n<td>                ano            <\/td>\n<\/tr>\n<tr>\n<td>                Patice            <\/td>\n<td>                GZ10            <\/td>\n<\/tr>\n<\/table>\n<\/div><\/div>\n<\/div>\n<div class=\"accordion\" id=\"product-info-accordion2\">\n","protected":false},"excerpt":{"rendered":"<p>Popis produktu Z\u00e1v\u011bsn\u00e9 sv\u00edtidlo vyu\u017e\u00edvaj\u00edc\u00ed LED sv\u011bteln\u00fd zdroj SHADOWS je vhodn\u00e9 p\u0159edev\u0161\u00edm pro osv\u011btlen\u00ed stol\u016f. M\u016f\u017eete jej pou\u017e\u00edt pro osv\u011btlen\u00ed stolu v j\u00eddeln\u011b, v kuchyni jej m\u016f\u017eete um\u00edstit nad odkl\u00e1dac\u00ed pult, rovn\u011b\u017e se hod\u00ed nad konferen\u010dn\u00ed stolek. Na studiu jsou vystaveny 3 typy Shadows + baldach\u00fdn CP7821 \u2013 cena za baldach\u00fdn 3.256 K\u010d). V pozn\u00e1mce [&hellip;]<\/p>\n","protected":false},"featured_media":1646,"comment_status":"open","ping_status":"open","template":"","meta":[],"product_brand":[],"product_cat":[31],"product_tag":[],"class_list":{"0":"post-1546","1":"product","2":"type-product","3":"status-publish","4":"has-post-thumbnail","6":"product_cat-interierova-svitidla","8":"first","9":"instock","10":"sale","11":"shipping-taxable","12":"purchasable","13":"product-type-simple"},"yoast_head":"<!-- This site is optimized with the Yoast SEO plugin v26.8 - https:\/\/yoast.com\/product\/yoast-seo-wordpress\/ -->\n<title>Zna\u010dkov\u00fd Z\u00e1v\u011bsn\u00e9 sv\u00edtidlo SHADOWS 4W LED - BROKIS A -<\/title>\n<meta name=\"robots\" content=\"index, follow, max-snippet:-1, max-image-preview:large, max-video-preview:-1\" \/>\n<link rel=\"canonical\" href=\"https:\/\/www.koupelnapro.com\/index.php\/produkt\/znackovy-zavesne-svitidlo-shadows-4w-led-brokis-a-1546\/\" \/>\n<meta property=\"og:locale\" content=\"cs_CZ\" \/>\n<meta property=\"og:type\" content=\"article\" \/>\n<meta property=\"og:title\" content=\"Zna\u010dkov\u00fd Z\u00e1v\u011bsn\u00e9 sv\u00edtidlo SHADOWS 4W LED - BROKIS A -\" \/>\n<meta property=\"og:description\" content=\"Popis produktu Z\u00e1v\u011bsn\u00e9 sv\u00edtidlo vyu\u017e\u00edvaj\u00edc\u00ed LED sv\u011bteln\u00fd zdroj SHADOWS je vhodn\u00e9 p\u0159edev\u0161\u00edm pro osv\u011btlen\u00ed stol\u016f. M\u016f\u017eete jej pou\u017e\u00edt pro osv\u011btlen\u00ed stolu v j\u00eddeln\u011b, v kuchyni jej m\u016f\u017eete um\u00edstit nad odkl\u00e1dac\u00ed pult, rovn\u011b\u017e se hod\u00ed nad konferen\u010dn\u00ed stolek. Na studiu jsou vystaveny 3 typy Shadows + baldach\u00fdn CP7821 \u2013 cena za baldach\u00fdn 3.256 K\u010d). V pozn\u00e1mce [&hellip;]\" \/>\n<meta property=\"og:url\" content=\"https:\/\/www.koupelnapro.com\/index.php\/produkt\/znackovy-zavesne-svitidlo-shadows-4w-led-brokis-a-1546\/\" \/>\n<meta property=\"og:image\" content=\"https:\/\/www.koupelnapro.com\/wp-content\/uploads\/2026\/SK0005066-CZ20260425-091535-0-1777079743-BRO-PC00894-BIANCO.webp\" \/>\n\t<meta property=\"og:image:width\" content=\"522\" \/>\n\t<meta property=\"og:image:height\" content=\"800\" \/>\n\t<meta property=\"og:image:type\" content=\"image\/webp\" \/>\n<meta name=\"twitter:card\" content=\"summary_large_image\" \/>\n<meta name=\"twitter:label1\" content=\"Odhadovan\u00e1 doba \u010dten\u00ed\" \/>\n\t<meta name=\"twitter:data1\" content=\"3 minuty\" \/>\n<script type=\"application\/ld+json\" class=\"yoast-schema-graph\">{\"@context\":\"https:\/\/schema.org\",\"@graph\":[{\"@type\":\"WebPage\",\"@id\":\"https:\/\/www.koupelnapro.com\/index.php\/produkt\/znackovy-zavesne-svitidlo-shadows-4w-led-brokis-a-1546\/\",\"url\":\"https:\/\/www.koupelnapro.com\/index.php\/produkt\/znackovy-zavesne-svitidlo-shadows-4w-led-brokis-a-1546\/\",\"name\":\"Zna\u010dkov\u00fd Z\u00e1v\u011bsn\u00e9 sv\u00edtidlo SHADOWS 4W LED - BROKIS A -\",\"isPartOf\":{\"@id\":\"https:\/\/www.koupelnapro.com\/#website\"},\"primaryImageOfPage\":{\"@id\":\"https:\/\/www.koupelnapro.com\/index.php\/produkt\/znackovy-zavesne-svitidlo-shadows-4w-led-brokis-a-1546\/#primaryimage\"},\"image\":{\"@id\":\"https:\/\/www.koupelnapro.com\/index.php\/produkt\/znackovy-zavesne-svitidlo-shadows-4w-led-brokis-a-1546\/#primaryimage\"},\"thumbnailUrl\":\"https:\/\/www.koupelnapro.com\/wp-content\/uploads\/2026\/SK0005066-CZ20260425-091535-0-1777079743-BRO-PC00894-BIANCO.webp\",\"datePublished\":\"2026-04-26T09:13:08+00:00\",\"breadcrumb\":{\"@id\":\"https:\/\/www.koupelnapro.com\/index.php\/produkt\/znackovy-zavesne-svitidlo-shadows-4w-led-brokis-a-1546\/#breadcrumb\"},\"inLanguage\":\"cs\",\"potentialAction\":[{\"@type\":\"ReadAction\",\"target\":[\"https:\/\/www.koupelnapro.com\/index.php\/produkt\/znackovy-zavesne-svitidlo-shadows-4w-led-brokis-a-1546\/\"]}]},{\"@type\":\"ImageObject\",\"inLanguage\":\"cs\",\"@id\":\"https:\/\/www.koupelnapro.com\/index.php\/produkt\/znackovy-zavesne-svitidlo-shadows-4w-led-brokis-a-1546\/#primaryimage\",\"url\":\"https:\/\/www.koupelnapro.com\/wp-content\/uploads\/2026\/SK0005066-CZ20260425-091535-0-1777079743-BRO-PC00894-BIANCO.webp\",\"contentUrl\":\"https:\/\/www.koupelnapro.com\/wp-content\/uploads\/2026\/SK0005066-CZ20260425-091535-0-1777079743-BRO-PC00894-BIANCO.webp\",\"width\":522,\"height\":800},{\"@type\":\"BreadcrumbList\",\"@id\":\"https:\/\/www.koupelnapro.com\/index.php\/produkt\/znackovy-zavesne-svitidlo-shadows-4w-led-brokis-a-1546\/#breadcrumb\",\"itemListElement\":[{\"@type\":\"ListItem\",\"position\":1,\"name\":\"Home\",\"item\":\"https:\/\/www.koupelnapro.com\/\"},{\"@type\":\"ListItem\",\"position\":2,\"name\":\"Products\",\"item\":\"https:\/\/www.koupelnapro.com\/index.php\/products\/\"},{\"@type\":\"ListItem\",\"position\":3,\"name\":\"Zna\u010dkov\u00fd Z\u00e1v\u011bsn\u00e9 sv\u00edtidlo SHADOWS 4W LED &#8211; BROKIS A\"}]},{\"@type\":\"WebSite\",\"@id\":\"https:\/\/www.koupelnapro.com\/#website\",\"url\":\"https:\/\/www.koupelnapro.com\/\",\"name\":\"\",\"description\":\"\",\"potentialAction\":[{\"@type\":\"SearchAction\",\"target\":{\"@type\":\"EntryPoint\",\"urlTemplate\":\"https:\/\/www.koupelnapro.com\/?s={search_term_string}\"},\"query-input\":{\"@type\":\"PropertyValueSpecification\",\"valueRequired\":true,\"valueName\":\"search_term_string\"}}],\"inLanguage\":\"cs\"}]}<\/script>\n<!-- \/ Yoast SEO plugin. -->","yoast_head_json":{"title":"Zna\u010dkov\u00fd Z\u00e1v\u011bsn\u00e9 sv\u00edtidlo SHADOWS 4W LED - BROKIS A -","robots":{"index":"index","follow":"follow","max-snippet":"max-snippet:-1","max-image-preview":"max-image-preview:large","max-video-preview":"max-video-preview:-1"},"canonical":"https:\/\/www.koupelnapro.com\/index.php\/produkt\/znackovy-zavesne-svitidlo-shadows-4w-led-brokis-a-1546\/","og_locale":"cs_CZ","og_type":"article","og_title":"Zna\u010dkov\u00fd Z\u00e1v\u011bsn\u00e9 sv\u00edtidlo SHADOWS 4W LED - BROKIS A -","og_description":"Popis produktu Z\u00e1v\u011bsn\u00e9 sv\u00edtidlo vyu\u017e\u00edvaj\u00edc\u00ed LED sv\u011bteln\u00fd zdroj SHADOWS je vhodn\u00e9 p\u0159edev\u0161\u00edm pro osv\u011btlen\u00ed stol\u016f. M\u016f\u017eete jej pou\u017e\u00edt pro osv\u011btlen\u00ed stolu v j\u00eddeln\u011b, v kuchyni jej m\u016f\u017eete um\u00edstit nad odkl\u00e1dac\u00ed pult, rovn\u011b\u017e se hod\u00ed nad konferen\u010dn\u00ed stolek. Na studiu jsou vystaveny 3 typy Shadows + baldach\u00fdn CP7821 \u2013 cena za baldach\u00fdn 3.256 K\u010d). V pozn\u00e1mce [&hellip;]","og_url":"https:\/\/www.koupelnapro.com\/index.php\/produkt\/znackovy-zavesne-svitidlo-shadows-4w-led-brokis-a-1546\/","og_image":[{"width":522,"height":800,"url":"https:\/\/www.koupelnapro.com\/wp-content\/uploads\/2026\/SK0005066-CZ20260425-091535-0-1777079743-BRO-PC00894-BIANCO.webp","type":"image\/webp"}],"twitter_card":"summary_large_image","twitter_misc":{"Odhadovan\u00e1 doba \u010dten\u00ed":"3 minuty"},"schema":{"@context":"https:\/\/schema.org","@graph":[{"@type":"WebPage","@id":"https:\/\/www.koupelnapro.com\/index.php\/produkt\/znackovy-zavesne-svitidlo-shadows-4w-led-brokis-a-1546\/","url":"https:\/\/www.koupelnapro.com\/index.php\/produkt\/znackovy-zavesne-svitidlo-shadows-4w-led-brokis-a-1546\/","name":"Zna\u010dkov\u00fd Z\u00e1v\u011bsn\u00e9 sv\u00edtidlo SHADOWS 4W LED - BROKIS A -","isPartOf":{"@id":"https:\/\/www.koupelnapro.com\/#website"},"primaryImageOfPage":{"@id":"https:\/\/www.koupelnapro.com\/index.php\/produkt\/znackovy-zavesne-svitidlo-shadows-4w-led-brokis-a-1546\/#primaryimage"},"image":{"@id":"https:\/\/www.koupelnapro.com\/index.php\/produkt\/znackovy-zavesne-svitidlo-shadows-4w-led-brokis-a-1546\/#primaryimage"},"thumbnailUrl":"https:\/\/www.koupelnapro.com\/wp-content\/uploads\/2026\/SK0005066-CZ20260425-091535-0-1777079743-BRO-PC00894-BIANCO.webp","datePublished":"2026-04-26T09:13:08+00:00","breadcrumb":{"@id":"https:\/\/www.koupelnapro.com\/index.php\/produkt\/znackovy-zavesne-svitidlo-shadows-4w-led-brokis-a-1546\/#breadcrumb"},"inLanguage":"cs","potentialAction":[{"@type":"ReadAction","target":["https:\/\/www.koupelnapro.com\/index.php\/produkt\/znackovy-zavesne-svitidlo-shadows-4w-led-brokis-a-1546\/"]}]},{"@type":"ImageObject","inLanguage":"cs","@id":"https:\/\/www.koupelnapro.com\/index.php\/produkt\/znackovy-zavesne-svitidlo-shadows-4w-led-brokis-a-1546\/#primaryimage","url":"https:\/\/www.koupelnapro.com\/wp-content\/uploads\/2026\/SK0005066-CZ20260425-091535-0-1777079743-BRO-PC00894-BIANCO.webp","contentUrl":"https:\/\/www.koupelnapro.com\/wp-content\/uploads\/2026\/SK0005066-CZ20260425-091535-0-1777079743-BRO-PC00894-BIANCO.webp","width":522,"height":800},{"@type":"BreadcrumbList","@id":"https:\/\/www.koupelnapro.com\/index.php\/produkt\/znackovy-zavesne-svitidlo-shadows-4w-led-brokis-a-1546\/#breadcrumb","itemListElement":[{"@type":"ListItem","position":1,"name":"Home","item":"https:\/\/www.koupelnapro.com\/"},{"@type":"ListItem","position":2,"name":"Products","item":"https:\/\/www.koupelnapro.com\/index.php\/products\/"},{"@type":"ListItem","position":3,"name":"Zna\u010dkov\u00fd Z\u00e1v\u011bsn\u00e9 sv\u00edtidlo SHADOWS 4W LED &#8211; BROKIS A"}]},{"@type":"WebSite","@id":"https:\/\/www.koupelnapro.com\/#website","url":"https:\/\/www.koupelnapro.com\/","name":"","description":"","potentialAction":[{"@type":"SearchAction","target":{"@type":"EntryPoint","urlTemplate":"https:\/\/www.koupelnapro.com\/?s={search_term_string}"},"query-input":{"@type":"PropertyValueSpecification","valueRequired":true,"valueName":"search_term_string"}}],"inLanguage":"cs"}]}},"_links":{"self":[{"href":"https:\/\/www.koupelnapro.com\/index.php\/wp-json\/wp\/v2\/product\/1546","targetHints":{"allow":["GET"]}}],"collection":[{"href":"https:\/\/www.koupelnapro.com\/index.php\/wp-json\/wp\/v2\/product"}],"about":[{"href":"https:\/\/www.koupelnapro.com\/index.php\/wp-json\/wp\/v2\/types\/product"}],"replies":[{"embeddable":true,"href":"https:\/\/www.koupelnapro.com\/index.php\/wp-json\/wp\/v2\/comments?post=1546"}],"wp:featuredmedia":[{"embeddable":true,"href":"https:\/\/www.koupelnapro.com\/index.php\/wp-json\/wp\/v2\/media\/1646"}],"wp:attachment":[{"href":"https:\/\/www.koupelnapro.com\/index.php\/wp-json\/wp\/v2\/media?parent=1546"}],"wp:term":[{"taxonomy":"product_brand","embeddable":true,"href":"https:\/\/www.koupelnapro.com\/index.php\/wp-json\/wp\/v2\/product_brand?post=1546"},{"taxonomy":"product_cat","embeddable":true,"href":"https:\/\/www.koupelnapro.com\/index.php\/wp-json\/wp\/v2\/product_cat?post=1546"},{"taxonomy":"product_tag","embeddable":true,"href":"https:\/\/www.koupelnapro.com\/index.php\/wp-json\/wp\/v2\/product_tag?post=1546"}],"curies":[{"name":"wp","href":"https:\/\/api.w.org\/{rel}","templated":true}]}}