{"id":14557,"date":"2026-04-26T09:13:45","date_gmt":"2026-04-26T09:13:45","guid":{"rendered":""},"modified":"2026-04-26T09:13:45","modified_gmt":"2026-04-26T09:13:45","slug":"cenove-vyhodny-rockwool-rockmin-plus-037-100mm-bal-6-1m2-14557","status":"publish","type":"product","link":"https:\/\/www.koupelnapro.com\/index.php\/produkt\/cenove-vyhodny-rockwool-rockmin-plus-037-100mm-bal-6-1m2-14557\/","title":{"rendered":"Cenov\u011b V\u00fdhodn\u00fd Rockwool Rockmin Plus 037 100mm bal. 6,1m2"},"content":{"rendered":"<h2>Rockwool Rockmin Plus 037 100mm miner\u00e1ln\u00ed vata<\/h2>\n<p><strong>Univerz\u00e1ln\u00ed desky z kamenn\u00e9 vlny<\/strong> poskytuj\u00ed vynikaj\u00edc\u00ed tepeln\u011bizola\u010dn\u00ed vlastnosti a \u0161irok\u00e9 vyu\u017eit\u00ed. Jsou ide\u00e1ln\u00ed <strong>pro izolaci \u0161ikm\u00fdch st\u0159ech, podkrov\u00ed, podlah a strop\u016f<\/strong>, kde se pou\u017e\u00edvaj\u00ed jako v\u00fdpl\u0148 konstrukc\u00ed bez mechanick\u00e9ho zat\u00ed\u017een\u00ed. Desky jsou trvanliv\u00e9, <strong>odoln\u00e9 a zaji\u0161\u0165uj\u00ed dlouhodobou st\u00e1lost<\/strong>, co\u017e p\u0159isp\u00edv\u00e1 k tepeln\u00e9mu komfortu v dom\u011b po cel\u00fd rok.<\/p>\n<\/p>\n<p>\u00a0<\/p>\n<p>\u00a0<\/p>\n<h2>V\u00fdhody miner\u00e1ln\u00ed vaty \u0161ikm\u00fdch st\u0159ech Rockwool Rockmin 037 s tlou\u0161\u0165kou 100mm<\/h2>\n<ul>\n<li>Izolace \u0161ikm\u00fdch st\u0159ech mezi a pod krokvemi<\/li>\n<li>Syst\u00e9m TOPROCK pro zateplen\u00ed nad krokvemi<\/li>\n<li>V\u00fdpln\u011b tr\u00e1mov\u00fdch strop\u016f a podlah na pol\u0161t\u00e1\u0159\u00edch<\/li>\n<li>Nepochoz\u00ed podlahy na p\u016fd\u011b<\/li>\n<li>Zav\u011b\u0161en\u00e9 podhledy<\/li>\n<li>V\u00fdpln\u011b dutin dvoupl\u00e1\u0161\u0165ov\u00fdch ploch\u00fdch st\u0159ech<\/li>\n<\/ul>\n<p>\u00a0<\/p>\n<h2>K \u010demu se pou\u017e\u00edv\u00e1 kamenn\u00e1 izolace Rockmin Plus 037 v desk\u00e1ch 1000 x 610 mm<\/h2>\n<p>Desky ROCKMIN PLUS jsou neho\u0159lav\u00e9 s nejvy\u0161\u0161\u00ed t\u0159\u00eddou reakce na ohe\u0148 A1, co\u017e v\u00fdznamn\u011b zvy\u0161uje po\u017e\u00e1rn\u00ed bezpe\u010dnost objektu. Maj\u00ed v\u00fdborn\u00fd sou\u010dinitel tepeln\u00e9 vodivosti \u03bbD = 0,037 W\/m\u00b7K, zaji\u0161\u0165uj\u00edc\u00ed \u00fa\u010dinnou tepelnou izolaci. D\u00edky vy\u0161\u0161\u00ed objemov\u00e9 hmotnosti desky nesesedaj\u00ed, neprov\u011b\u0161uj\u00ed se a v\u00fdborn\u011b dr\u017e\u00ed tvar, co\u017e zabra\u0148uje vzniku sp\u00e1r a tepeln\u00fdch most\u016f. Desky jsou v cel\u00e9m objemu hydrofobizovan\u00e9, co\u017e chr\u00e1n\u00ed izolaci p\u0159ed vzdu\u0161nou vlhkost\u00ed a umo\u017e\u0148uje st\u00e9k\u00e1n\u00ed vody po jejich povrchu.<\/p>\n<p>\u00a0<\/p>\n<h3>Kl\u00ed\u010dov\u00e9 vlastnosti a parametry produktu Rockmin Plus 037 vata o tlou\u0161\u0165ce 10cm<\/h3>\n<div id=\"PDTable3\" class=\"ProductDetailTableView v3a v3 bs-view dcon dc177 PDTable3\" >\n<table>\n<thead><\/thead>\n<tbody>\n<tr class=\"attribute attr_A0019\">\n<td class=\"caption\">\u0161\u00ed\u0159ka<\/td>\n<td class=\"value\">610 mm<\/td>\n<\/tr>\n<tr class=\"attribute attr_A0027\">\n<td class=\"caption\">d\u00e9lka<\/td>\n<td class=\"value\">1000 mm<\/td>\n<\/tr>\n<tr class=\"attribute attr_A008\">\n<td class=\"caption\">obsah (m2)<\/td>\n<td class=\"value\">6,1<\/td>\n<\/tr>\n<tr class=\"attribute attr_A005\">\n<td class=\"caption\">po\u010det balen\u00ed na palet\u011b (bal)<\/td>\n<td class=\"value\">30<\/td>\n<\/tr>\n<tr class=\"attribute attr_A007\">\n<td class=\"caption\">po\u010det kus\u016f v balen\u00ed<\/td>\n<td class=\"value\">10<\/td>\n<\/tr>\n<tr class=\"attribute attr_A002\">\n<td class=\"caption\">tlou\u0161\u0165ka <\/td>\n<td class=\"value\">100 mm<\/td>\n<\/tr>\n<tr class=\"attribute attr_bsshop_maker\">\n<td class=\"caption\">V\u00fdrobce<\/td>\n<td class=\"value\">Rockwool<\/td>\n<\/tr>\n<tr class=\"attribute attr_A012\">\n<td class=\"caption\">lambda<\/td>\n<td class=\"value\">0,037<\/td>\n<\/tr>\n<\/tbody>\n<\/table>\n<\/div>\n<\/div><\/div>\n<\/div>\n<div id=\"e3279908\" class=\"tabs\">\n","protected":false},"excerpt":{"rendered":"<p>Rockwool Rockmin Plus 037 100mm miner\u00e1ln\u00ed vata Univerz\u00e1ln\u00ed desky z kamenn\u00e9 vlny poskytuj\u00ed vynikaj\u00edc\u00ed tepeln\u011bizola\u010dn\u00ed vlastnosti a \u0161irok\u00e9 vyu\u017eit\u00ed. Jsou ide\u00e1ln\u00ed pro izolaci \u0161ikm\u00fdch st\u0159ech, podkrov\u00ed, podlah a strop\u016f, kde se pou\u017e\u00edvaj\u00ed jako v\u00fdpl\u0148 konstrukc\u00ed bez mechanick\u00e9ho zat\u00ed\u017een\u00ed. Desky jsou trvanliv\u00e9, odoln\u00e9 a zaji\u0161\u0165uj\u00ed dlouhodobou st\u00e1lost, co\u017e p\u0159isp\u00edv\u00e1 k tepeln\u00e9mu komfortu v dom\u011b po cel\u00fd [&hellip;]<\/p>\n","protected":false},"featured_media":14657,"comment_status":"open","ping_status":"open","template":"","meta":[],"product_brand":[],"product_cat":[85],"product_tag":[],"class_list":{"0":"post-14557","1":"product","2":"type-product","3":"status-publish","4":"has-post-thumbnail","6":"product_cat-tepeln-201-izolace","8":"first","9":"instock","10":"sale","11":"shipping-taxable","12":"purchasable","13":"product-type-simple"},"yoast_head":"<!-- This site is optimized with the Yoast SEO plugin v26.8 - https:\/\/yoast.com\/product\/yoast-seo-wordpress\/ -->\n<title>Cenov\u011b V\u00fdhodn\u00fd Rockwool Rockmin Plus 037 100mm bal. 6,1m2 -<\/title>\n<meta name=\"robots\" content=\"index, follow, max-snippet:-1, max-image-preview:large, max-video-preview:-1\" \/>\n<link rel=\"canonical\" href=\"https:\/\/www.koupelnapro.com\/index.php\/produkt\/cenove-vyhodny-rockwool-rockmin-plus-037-100mm-bal-6-1m2-14557\/\" \/>\n<meta property=\"og:locale\" content=\"cs_CZ\" \/>\n<meta property=\"og:type\" content=\"article\" \/>\n<meta property=\"og:title\" content=\"Cenov\u011b V\u00fdhodn\u00fd Rockwool Rockmin Plus 037 100mm bal. 6,1m2 -\" \/>\n<meta property=\"og:description\" content=\"Rockwool Rockmin Plus 037 100mm miner\u00e1ln\u00ed vata Univerz\u00e1ln\u00ed desky z kamenn\u00e9 vlny poskytuj\u00ed vynikaj\u00edc\u00ed tepeln\u011bizola\u010dn\u00ed vlastnosti a \u0161irok\u00e9 vyu\u017eit\u00ed. Jsou ide\u00e1ln\u00ed pro izolaci \u0161ikm\u00fdch st\u0159ech, podkrov\u00ed, podlah a strop\u016f, kde se pou\u017e\u00edvaj\u00ed jako v\u00fdpl\u0148 konstrukc\u00ed bez mechanick\u00e9ho zat\u00ed\u017een\u00ed. Desky jsou trvanliv\u00e9, odoln\u00e9 a zaji\u0161\u0165uj\u00ed dlouhodobou st\u00e1lost, co\u017e p\u0159isp\u00edv\u00e1 k tepeln\u00e9mu komfortu v dom\u011b po cel\u00fd [&hellip;]\" \/>\n<meta property=\"og:url\" content=\"https:\/\/www.koupelnapro.com\/index.php\/produkt\/cenove-vyhodny-rockwool-rockmin-plus-037-100mm-bal-6-1m2-14557\/\" \/>\n<meta property=\"og:image\" content=\"https:\/\/www.koupelnapro.com\/wp-content\/uploads\/2026\/SK0003302-CZ20260425-091908-0-1777079948-rockwool-rockmin-plus-037-100mm-bal-6-1m2.webp\" \/>\n\t<meta property=\"og:image:width\" content=\"1000\" \/>\n\t<meta property=\"og:image:height\" content=\"525\" \/>\n\t<meta property=\"og:image:type\" content=\"image\/webp\" \/>\n<meta name=\"twitter:card\" content=\"summary_large_image\" \/>\n<meta name=\"twitter:label1\" content=\"Odhadovan\u00e1 doba \u010dten\u00ed\" \/>\n\t<meta name=\"twitter:data1\" content=\"1 minuta\" \/>\n<script type=\"application\/ld+json\" class=\"yoast-schema-graph\">{\"@context\":\"https:\/\/schema.org\",\"@graph\":[{\"@type\":\"WebPage\",\"@id\":\"https:\/\/www.koupelnapro.com\/index.php\/produkt\/cenove-vyhodny-rockwool-rockmin-plus-037-100mm-bal-6-1m2-14557\/\",\"url\":\"https:\/\/www.koupelnapro.com\/index.php\/produkt\/cenove-vyhodny-rockwool-rockmin-plus-037-100mm-bal-6-1m2-14557\/\",\"name\":\"Cenov\u011b V\u00fdhodn\u00fd Rockwool Rockmin Plus 037 100mm bal. 6,1m2 -\",\"isPartOf\":{\"@id\":\"https:\/\/www.koupelnapro.com\/#website\"},\"primaryImageOfPage\":{\"@id\":\"https:\/\/www.koupelnapro.com\/index.php\/produkt\/cenove-vyhodny-rockwool-rockmin-plus-037-100mm-bal-6-1m2-14557\/#primaryimage\"},\"image\":{\"@id\":\"https:\/\/www.koupelnapro.com\/index.php\/produkt\/cenove-vyhodny-rockwool-rockmin-plus-037-100mm-bal-6-1m2-14557\/#primaryimage\"},\"thumbnailUrl\":\"https:\/\/www.koupelnapro.com\/wp-content\/uploads\/2026\/SK0003302-CZ20260425-091908-0-1777079948-rockwool-rockmin-plus-037-100mm-bal-6-1m2.webp\",\"datePublished\":\"2026-04-26T09:13:45+00:00\",\"breadcrumb\":{\"@id\":\"https:\/\/www.koupelnapro.com\/index.php\/produkt\/cenove-vyhodny-rockwool-rockmin-plus-037-100mm-bal-6-1m2-14557\/#breadcrumb\"},\"inLanguage\":\"cs\",\"potentialAction\":[{\"@type\":\"ReadAction\",\"target\":[\"https:\/\/www.koupelnapro.com\/index.php\/produkt\/cenove-vyhodny-rockwool-rockmin-plus-037-100mm-bal-6-1m2-14557\/\"]}]},{\"@type\":\"ImageObject\",\"inLanguage\":\"cs\",\"@id\":\"https:\/\/www.koupelnapro.com\/index.php\/produkt\/cenove-vyhodny-rockwool-rockmin-plus-037-100mm-bal-6-1m2-14557\/#primaryimage\",\"url\":\"https:\/\/www.koupelnapro.com\/wp-content\/uploads\/2026\/SK0003302-CZ20260425-091908-0-1777079948-rockwool-rockmin-plus-037-100mm-bal-6-1m2.webp\",\"contentUrl\":\"https:\/\/www.koupelnapro.com\/wp-content\/uploads\/2026\/SK0003302-CZ20260425-091908-0-1777079948-rockwool-rockmin-plus-037-100mm-bal-6-1m2.webp\",\"width\":1000,\"height\":525},{\"@type\":\"BreadcrumbList\",\"@id\":\"https:\/\/www.koupelnapro.com\/index.php\/produkt\/cenove-vyhodny-rockwool-rockmin-plus-037-100mm-bal-6-1m2-14557\/#breadcrumb\",\"itemListElement\":[{\"@type\":\"ListItem\",\"position\":1,\"name\":\"Home\",\"item\":\"https:\/\/www.koupelnapro.com\/\"},{\"@type\":\"ListItem\",\"position\":2,\"name\":\"Products\",\"item\":\"https:\/\/www.koupelnapro.com\/index.php\/products\/\"},{\"@type\":\"ListItem\",\"position\":3,\"name\":\"Cenov\u011b V\u00fdhodn\u00fd Rockwool Rockmin Plus 037 100mm bal. 6,1m2\"}]},{\"@type\":\"WebSite\",\"@id\":\"https:\/\/www.koupelnapro.com\/#website\",\"url\":\"https:\/\/www.koupelnapro.com\/\",\"name\":\"\",\"description\":\"\",\"potentialAction\":[{\"@type\":\"SearchAction\",\"target\":{\"@type\":\"EntryPoint\",\"urlTemplate\":\"https:\/\/www.koupelnapro.com\/?s={search_term_string}\"},\"query-input\":{\"@type\":\"PropertyValueSpecification\",\"valueRequired\":true,\"valueName\":\"search_term_string\"}}],\"inLanguage\":\"cs\"}]}<\/script>\n<!-- \/ Yoast SEO plugin. -->","yoast_head_json":{"title":"Cenov\u011b V\u00fdhodn\u00fd Rockwool Rockmin Plus 037 100mm bal. 6,1m2 -","robots":{"index":"index","follow":"follow","max-snippet":"max-snippet:-1","max-image-preview":"max-image-preview:large","max-video-preview":"max-video-preview:-1"},"canonical":"https:\/\/www.koupelnapro.com\/index.php\/produkt\/cenove-vyhodny-rockwool-rockmin-plus-037-100mm-bal-6-1m2-14557\/","og_locale":"cs_CZ","og_type":"article","og_title":"Cenov\u011b V\u00fdhodn\u00fd Rockwool Rockmin Plus 037 100mm bal. 6,1m2 -","og_description":"Rockwool Rockmin Plus 037 100mm miner\u00e1ln\u00ed vata Univerz\u00e1ln\u00ed desky z kamenn\u00e9 vlny poskytuj\u00ed vynikaj\u00edc\u00ed tepeln\u011bizola\u010dn\u00ed vlastnosti a \u0161irok\u00e9 vyu\u017eit\u00ed. Jsou ide\u00e1ln\u00ed pro izolaci \u0161ikm\u00fdch st\u0159ech, podkrov\u00ed, podlah a strop\u016f, kde se pou\u017e\u00edvaj\u00ed jako v\u00fdpl\u0148 konstrukc\u00ed bez mechanick\u00e9ho zat\u00ed\u017een\u00ed. Desky jsou trvanliv\u00e9, odoln\u00e9 a zaji\u0161\u0165uj\u00ed dlouhodobou st\u00e1lost, co\u017e p\u0159isp\u00edv\u00e1 k tepeln\u00e9mu komfortu v dom\u011b po cel\u00fd [&hellip;]","og_url":"https:\/\/www.koupelnapro.com\/index.php\/produkt\/cenove-vyhodny-rockwool-rockmin-plus-037-100mm-bal-6-1m2-14557\/","og_image":[{"width":1000,"height":525,"url":"https:\/\/www.koupelnapro.com\/wp-content\/uploads\/2026\/SK0003302-CZ20260425-091908-0-1777079948-rockwool-rockmin-plus-037-100mm-bal-6-1m2.webp","type":"image\/webp"}],"twitter_card":"summary_large_image","twitter_misc":{"Odhadovan\u00e1 doba \u010dten\u00ed":"1 minuta"},"schema":{"@context":"https:\/\/schema.org","@graph":[{"@type":"WebPage","@id":"https:\/\/www.koupelnapro.com\/index.php\/produkt\/cenove-vyhodny-rockwool-rockmin-plus-037-100mm-bal-6-1m2-14557\/","url":"https:\/\/www.koupelnapro.com\/index.php\/produkt\/cenove-vyhodny-rockwool-rockmin-plus-037-100mm-bal-6-1m2-14557\/","name":"Cenov\u011b V\u00fdhodn\u00fd Rockwool Rockmin Plus 037 100mm bal. 6,1m2 -","isPartOf":{"@id":"https:\/\/www.koupelnapro.com\/#website"},"primaryImageOfPage":{"@id":"https:\/\/www.koupelnapro.com\/index.php\/produkt\/cenove-vyhodny-rockwool-rockmin-plus-037-100mm-bal-6-1m2-14557\/#primaryimage"},"image":{"@id":"https:\/\/www.koupelnapro.com\/index.php\/produkt\/cenove-vyhodny-rockwool-rockmin-plus-037-100mm-bal-6-1m2-14557\/#primaryimage"},"thumbnailUrl":"https:\/\/www.koupelnapro.com\/wp-content\/uploads\/2026\/SK0003302-CZ20260425-091908-0-1777079948-rockwool-rockmin-plus-037-100mm-bal-6-1m2.webp","datePublished":"2026-04-26T09:13:45+00:00","breadcrumb":{"@id":"https:\/\/www.koupelnapro.com\/index.php\/produkt\/cenove-vyhodny-rockwool-rockmin-plus-037-100mm-bal-6-1m2-14557\/#breadcrumb"},"inLanguage":"cs","potentialAction":[{"@type":"ReadAction","target":["https:\/\/www.koupelnapro.com\/index.php\/produkt\/cenove-vyhodny-rockwool-rockmin-plus-037-100mm-bal-6-1m2-14557\/"]}]},{"@type":"ImageObject","inLanguage":"cs","@id":"https:\/\/www.koupelnapro.com\/index.php\/produkt\/cenove-vyhodny-rockwool-rockmin-plus-037-100mm-bal-6-1m2-14557\/#primaryimage","url":"https:\/\/www.koupelnapro.com\/wp-content\/uploads\/2026\/SK0003302-CZ20260425-091908-0-1777079948-rockwool-rockmin-plus-037-100mm-bal-6-1m2.webp","contentUrl":"https:\/\/www.koupelnapro.com\/wp-content\/uploads\/2026\/SK0003302-CZ20260425-091908-0-1777079948-rockwool-rockmin-plus-037-100mm-bal-6-1m2.webp","width":1000,"height":525},{"@type":"BreadcrumbList","@id":"https:\/\/www.koupelnapro.com\/index.php\/produkt\/cenove-vyhodny-rockwool-rockmin-plus-037-100mm-bal-6-1m2-14557\/#breadcrumb","itemListElement":[{"@type":"ListItem","position":1,"name":"Home","item":"https:\/\/www.koupelnapro.com\/"},{"@type":"ListItem","position":2,"name":"Products","item":"https:\/\/www.koupelnapro.com\/index.php\/products\/"},{"@type":"ListItem","position":3,"name":"Cenov\u011b V\u00fdhodn\u00fd Rockwool Rockmin Plus 037 100mm bal. 6,1m2"}]},{"@type":"WebSite","@id":"https:\/\/www.koupelnapro.com\/#website","url":"https:\/\/www.koupelnapro.com\/","name":"","description":"","potentialAction":[{"@type":"SearchAction","target":{"@type":"EntryPoint","urlTemplate":"https:\/\/www.koupelnapro.com\/?s={search_term_string}"},"query-input":{"@type":"PropertyValueSpecification","valueRequired":true,"valueName":"search_term_string"}}],"inLanguage":"cs"}]}},"_links":{"self":[{"href":"https:\/\/www.koupelnapro.com\/index.php\/wp-json\/wp\/v2\/product\/14557","targetHints":{"allow":["GET"]}}],"collection":[{"href":"https:\/\/www.koupelnapro.com\/index.php\/wp-json\/wp\/v2\/product"}],"about":[{"href":"https:\/\/www.koupelnapro.com\/index.php\/wp-json\/wp\/v2\/types\/product"}],"replies":[{"embeddable":true,"href":"https:\/\/www.koupelnapro.com\/index.php\/wp-json\/wp\/v2\/comments?post=14557"}],"wp:featuredmedia":[{"embeddable":true,"href":"https:\/\/www.koupelnapro.com\/index.php\/wp-json\/wp\/v2\/media\/14657"}],"wp:attachment":[{"href":"https:\/\/www.koupelnapro.com\/index.php\/wp-json\/wp\/v2\/media?parent=14557"}],"wp:term":[{"taxonomy":"product_brand","embeddable":true,"href":"https:\/\/www.koupelnapro.com\/index.php\/wp-json\/wp\/v2\/product_brand?post=14557"},{"taxonomy":"product_cat","embeddable":true,"href":"https:\/\/www.koupelnapro.com\/index.php\/wp-json\/wp\/v2\/product_cat?post=14557"},{"taxonomy":"product_tag","embeddable":true,"href":"https:\/\/www.koupelnapro.com\/index.php\/wp-json\/wp\/v2\/product_tag?post=14557"}],"curies":[{"name":"wp","href":"https:\/\/api.w.org\/{rel}","templated":true}]}}