{"id":13491,"date":"2026-04-26T09:13:41","date_gmt":"2026-04-26T09:13:41","guid":{"rendered":""},"modified":"2026-04-26T09:13:41","modified_gmt":"2026-04-26T09:13:41","slug":"overeny-pouzdro-stavebni-jap-aktive-standard-do-sdk-125-mm-700x1970-mm-13491","status":"publish","type":"product","link":"https:\/\/www.koupelnapro.com\/index.php\/produkt\/overeny-pouzdro-stavebni-jap-aktive-standard-do-sdk-125-mm-700x1970-mm-13491\/","title":{"rendered":"Ov\u011b\u0159en\u00fd Pouzdro stavebn\u00ed JAP Aktive standard do\u00a0sdk\/125\u00a0mm 700&#215;1970 mm"},"content":{"rendered":"<div class=\"content-actual\">\n<p>Designov\u00fd model, kter\u00fd je ide\u00e1ln\u00ed pro minimalisticky \u0159e\u0161en\u00e9 interi\u00e9ry. Pouzdro je prizp\u016fsobeno tak, aby jeho skryt\u00e1 konstrukce vytvo\u0159ila\u00a0hranu pr\u016fchoz\u00edho otvoru\u00a0a\u00a0v\u00a0p\u0159\u00edpad\u011b po\u017eadavku investora mohla b\u00fdt\u00a0skryta\u00a0pod\u00a0povrchovou dokon\u010dovac\u00ed \u00fapravu p\u0159\u00ed\u010dky. U\u00a0zd\u011bn\u00e9 p\u0159\u00ed\u010dky je\u00a0nutn\u00e9 stavebn\u00ed otvor opat\u0159it p\u0159ekladem\u00a0\u2013 stavebn\u00ed pouzdro nen\u00ed schopn\u00e9 n\u00e9st zat\u00ed\u017een\u00ed.<\/p>\n<\/p><\/div>\n<\/p><\/div>\n","protected":false},"excerpt":{"rendered":"<p>Designov\u00fd model, kter\u00fd je ide\u00e1ln\u00ed pro minimalisticky \u0159e\u0161en\u00e9 interi\u00e9ry. Pouzdro je prizp\u016fsobeno tak, aby jeho skryt\u00e1 konstrukce vytvo\u0159ila\u00a0hranu pr\u016fchoz\u00edho otvoru\u00a0a\u00a0v\u00a0p\u0159\u00edpad\u011b po\u017eadavku investora mohla b\u00fdt\u00a0skryta\u00a0pod\u00a0povrchovou dokon\u010dovac\u00ed \u00fapravu p\u0159\u00ed\u010dky. U\u00a0zd\u011bn\u00e9 p\u0159\u00ed\u010dky je\u00a0nutn\u00e9 stavebn\u00ed otvor opat\u0159it p\u0159ekladem\u00a0\u2013 stavebn\u00ed pouzdro nen\u00ed schopn\u00e9 n\u00e9st zat\u00ed\u017een\u00ed.<\/p>\n","protected":false},"featured_media":13591,"comment_status":"open","ping_status":"open","template":"","meta":[],"product_brand":[],"product_cat":[80],"product_tag":[],"class_list":{"0":"post-13491","1":"product","2":"type-product","3":"status-publish","4":"has-post-thumbnail","6":"product_cat-okna-dvere-zarubne","8":"first","9":"instock","10":"sale","11":"shipping-taxable","12":"purchasable","13":"product-type-simple"},"yoast_head":"<!-- This site is optimized with the Yoast SEO plugin v26.8 - https:\/\/yoast.com\/product\/yoast-seo-wordpress\/ -->\n<title>Ov\u011b\u0159en\u00fd Pouzdro stavebn\u00ed JAP Aktive standard do\u00a0sdk\/125\u00a0mm 700x1970 mm -<\/title>\n<meta name=\"robots\" content=\"index, follow, max-snippet:-1, max-image-preview:large, max-video-preview:-1\" \/>\n<link rel=\"canonical\" href=\"https:\/\/www.koupelnapro.com\/index.php\/produkt\/overeny-pouzdro-stavebni-jap-aktive-standard-do-sdk-125-mm-700x1970-mm-13491\/\" \/>\n<meta property=\"og:locale\" content=\"cs_CZ\" \/>\n<meta property=\"og:type\" content=\"article\" \/>\n<meta property=\"og:title\" content=\"Ov\u011b\u0159en\u00fd Pouzdro stavebn\u00ed JAP Aktive standard do\u00a0sdk\/125\u00a0mm 700x1970 mm -\" \/>\n<meta property=\"og:description\" content=\"Designov\u00fd model, kter\u00fd je ide\u00e1ln\u00ed pro minimalisticky \u0159e\u0161en\u00e9 interi\u00e9ry. Pouzdro je prizp\u016fsobeno tak, aby jeho skryt\u00e1 konstrukce vytvo\u0159ila\u00a0hranu pr\u016fchoz\u00edho otvoru\u00a0a\u00a0v\u00a0p\u0159\u00edpad\u011b po\u017eadavku investora mohla b\u00fdt\u00a0skryta\u00a0pod\u00a0povrchovou dokon\u010dovac\u00ed \u00fapravu p\u0159\u00ed\u010dky. U\u00a0zd\u011bn\u00e9 p\u0159\u00ed\u010dky je\u00a0nutn\u00e9 stavebn\u00ed otvor opat\u0159it p\u0159ekladem\u00a0\u2013 stavebn\u00ed pouzdro nen\u00ed schopn\u00e9 n\u00e9st zat\u00ed\u017een\u00ed.\" \/>\n<meta property=\"og:url\" content=\"https:\/\/www.koupelnapro.com\/index.php\/produkt\/overeny-pouzdro-stavebni-jap-aktive-standard-do-sdk-125-mm-700x1970-mm-13491\/\" \/>\n<meta property=\"og:image\" content=\"https:\/\/www.koupelnapro.com\/wp-content\/uploads\/2026\/SK0003555-CZ20260425-091842-0-1777079922-tablet-img.webp\" \/>\n\t<meta property=\"og:image:width\" content=\"800\" \/>\n\t<meta property=\"og:image:height\" content=\"800\" \/>\n\t<meta property=\"og:image:type\" content=\"image\/webp\" \/>\n<meta name=\"twitter:card\" content=\"summary_large_image\" \/>\n<script type=\"application\/ld+json\" class=\"yoast-schema-graph\">{\"@context\":\"https:\/\/schema.org\",\"@graph\":[{\"@type\":\"WebPage\",\"@id\":\"https:\/\/www.koupelnapro.com\/index.php\/produkt\/overeny-pouzdro-stavebni-jap-aktive-standard-do-sdk-125-mm-700x1970-mm-13491\/\",\"url\":\"https:\/\/www.koupelnapro.com\/index.php\/produkt\/overeny-pouzdro-stavebni-jap-aktive-standard-do-sdk-125-mm-700x1970-mm-13491\/\",\"name\":\"Ov\u011b\u0159en\u00fd Pouzdro stavebn\u00ed JAP Aktive standard do\u00a0sdk\/125\u00a0mm 700x1970 mm -\",\"isPartOf\":{\"@id\":\"https:\/\/www.koupelnapro.com\/#website\"},\"primaryImageOfPage\":{\"@id\":\"https:\/\/www.koupelnapro.com\/index.php\/produkt\/overeny-pouzdro-stavebni-jap-aktive-standard-do-sdk-125-mm-700x1970-mm-13491\/#primaryimage\"},\"image\":{\"@id\":\"https:\/\/www.koupelnapro.com\/index.php\/produkt\/overeny-pouzdro-stavebni-jap-aktive-standard-do-sdk-125-mm-700x1970-mm-13491\/#primaryimage\"},\"thumbnailUrl\":\"https:\/\/www.koupelnapro.com\/wp-content\/uploads\/2026\/SK0003555-CZ20260425-091842-0-1777079922-tablet-img.webp\",\"datePublished\":\"2026-04-26T09:13:41+00:00\",\"breadcrumb\":{\"@id\":\"https:\/\/www.koupelnapro.com\/index.php\/produkt\/overeny-pouzdro-stavebni-jap-aktive-standard-do-sdk-125-mm-700x1970-mm-13491\/#breadcrumb\"},\"inLanguage\":\"cs\",\"potentialAction\":[{\"@type\":\"ReadAction\",\"target\":[\"https:\/\/www.koupelnapro.com\/index.php\/produkt\/overeny-pouzdro-stavebni-jap-aktive-standard-do-sdk-125-mm-700x1970-mm-13491\/\"]}]},{\"@type\":\"ImageObject\",\"inLanguage\":\"cs\",\"@id\":\"https:\/\/www.koupelnapro.com\/index.php\/produkt\/overeny-pouzdro-stavebni-jap-aktive-standard-do-sdk-125-mm-700x1970-mm-13491\/#primaryimage\",\"url\":\"https:\/\/www.koupelnapro.com\/wp-content\/uploads\/2026\/SK0003555-CZ20260425-091842-0-1777079922-tablet-img.webp\",\"contentUrl\":\"https:\/\/www.koupelnapro.com\/wp-content\/uploads\/2026\/SK0003555-CZ20260425-091842-0-1777079922-tablet-img.webp\",\"width\":800,\"height\":800},{\"@type\":\"BreadcrumbList\",\"@id\":\"https:\/\/www.koupelnapro.com\/index.php\/produkt\/overeny-pouzdro-stavebni-jap-aktive-standard-do-sdk-125-mm-700x1970-mm-13491\/#breadcrumb\",\"itemListElement\":[{\"@type\":\"ListItem\",\"position\":1,\"name\":\"Home\",\"item\":\"https:\/\/www.koupelnapro.com\/\"},{\"@type\":\"ListItem\",\"position\":2,\"name\":\"Products\",\"item\":\"https:\/\/www.koupelnapro.com\/index.php\/products\/\"},{\"@type\":\"ListItem\",\"position\":3,\"name\":\"Ov\u011b\u0159en\u00fd Pouzdro stavebn\u00ed JAP Aktive standard do\u00a0sdk\/125\u00a0mm 700&#215;1970 mm\"}]},{\"@type\":\"WebSite\",\"@id\":\"https:\/\/www.koupelnapro.com\/#website\",\"url\":\"https:\/\/www.koupelnapro.com\/\",\"name\":\"\",\"description\":\"\",\"potentialAction\":[{\"@type\":\"SearchAction\",\"target\":{\"@type\":\"EntryPoint\",\"urlTemplate\":\"https:\/\/www.koupelnapro.com\/?s={search_term_string}\"},\"query-input\":{\"@type\":\"PropertyValueSpecification\",\"valueRequired\":true,\"valueName\":\"search_term_string\"}}],\"inLanguage\":\"cs\"}]}<\/script>\n<!-- \/ Yoast SEO plugin. -->","yoast_head_json":{"title":"Ov\u011b\u0159en\u00fd Pouzdro stavebn\u00ed JAP Aktive standard do\u00a0sdk\/125\u00a0mm 700x1970 mm -","robots":{"index":"index","follow":"follow","max-snippet":"max-snippet:-1","max-image-preview":"max-image-preview:large","max-video-preview":"max-video-preview:-1"},"canonical":"https:\/\/www.koupelnapro.com\/index.php\/produkt\/overeny-pouzdro-stavebni-jap-aktive-standard-do-sdk-125-mm-700x1970-mm-13491\/","og_locale":"cs_CZ","og_type":"article","og_title":"Ov\u011b\u0159en\u00fd Pouzdro stavebn\u00ed JAP Aktive standard do\u00a0sdk\/125\u00a0mm 700x1970 mm -","og_description":"Designov\u00fd model, kter\u00fd je ide\u00e1ln\u00ed pro minimalisticky \u0159e\u0161en\u00e9 interi\u00e9ry. Pouzdro je prizp\u016fsobeno tak, aby jeho skryt\u00e1 konstrukce vytvo\u0159ila\u00a0hranu pr\u016fchoz\u00edho otvoru\u00a0a\u00a0v\u00a0p\u0159\u00edpad\u011b po\u017eadavku investora mohla b\u00fdt\u00a0skryta\u00a0pod\u00a0povrchovou dokon\u010dovac\u00ed \u00fapravu p\u0159\u00ed\u010dky. U\u00a0zd\u011bn\u00e9 p\u0159\u00ed\u010dky je\u00a0nutn\u00e9 stavebn\u00ed otvor opat\u0159it p\u0159ekladem\u00a0\u2013 stavebn\u00ed pouzdro nen\u00ed schopn\u00e9 n\u00e9st zat\u00ed\u017een\u00ed.","og_url":"https:\/\/www.koupelnapro.com\/index.php\/produkt\/overeny-pouzdro-stavebni-jap-aktive-standard-do-sdk-125-mm-700x1970-mm-13491\/","og_image":[{"width":800,"height":800,"url":"https:\/\/www.koupelnapro.com\/wp-content\/uploads\/2026\/SK0003555-CZ20260425-091842-0-1777079922-tablet-img.webp","type":"image\/webp"}],"twitter_card":"summary_large_image","schema":{"@context":"https:\/\/schema.org","@graph":[{"@type":"WebPage","@id":"https:\/\/www.koupelnapro.com\/index.php\/produkt\/overeny-pouzdro-stavebni-jap-aktive-standard-do-sdk-125-mm-700x1970-mm-13491\/","url":"https:\/\/www.koupelnapro.com\/index.php\/produkt\/overeny-pouzdro-stavebni-jap-aktive-standard-do-sdk-125-mm-700x1970-mm-13491\/","name":"Ov\u011b\u0159en\u00fd Pouzdro stavebn\u00ed JAP Aktive standard do\u00a0sdk\/125\u00a0mm 700x1970 mm -","isPartOf":{"@id":"https:\/\/www.koupelnapro.com\/#website"},"primaryImageOfPage":{"@id":"https:\/\/www.koupelnapro.com\/index.php\/produkt\/overeny-pouzdro-stavebni-jap-aktive-standard-do-sdk-125-mm-700x1970-mm-13491\/#primaryimage"},"image":{"@id":"https:\/\/www.koupelnapro.com\/index.php\/produkt\/overeny-pouzdro-stavebni-jap-aktive-standard-do-sdk-125-mm-700x1970-mm-13491\/#primaryimage"},"thumbnailUrl":"https:\/\/www.koupelnapro.com\/wp-content\/uploads\/2026\/SK0003555-CZ20260425-091842-0-1777079922-tablet-img.webp","datePublished":"2026-04-26T09:13:41+00:00","breadcrumb":{"@id":"https:\/\/www.koupelnapro.com\/index.php\/produkt\/overeny-pouzdro-stavebni-jap-aktive-standard-do-sdk-125-mm-700x1970-mm-13491\/#breadcrumb"},"inLanguage":"cs","potentialAction":[{"@type":"ReadAction","target":["https:\/\/www.koupelnapro.com\/index.php\/produkt\/overeny-pouzdro-stavebni-jap-aktive-standard-do-sdk-125-mm-700x1970-mm-13491\/"]}]},{"@type":"ImageObject","inLanguage":"cs","@id":"https:\/\/www.koupelnapro.com\/index.php\/produkt\/overeny-pouzdro-stavebni-jap-aktive-standard-do-sdk-125-mm-700x1970-mm-13491\/#primaryimage","url":"https:\/\/www.koupelnapro.com\/wp-content\/uploads\/2026\/SK0003555-CZ20260425-091842-0-1777079922-tablet-img.webp","contentUrl":"https:\/\/www.koupelnapro.com\/wp-content\/uploads\/2026\/SK0003555-CZ20260425-091842-0-1777079922-tablet-img.webp","width":800,"height":800},{"@type":"BreadcrumbList","@id":"https:\/\/www.koupelnapro.com\/index.php\/produkt\/overeny-pouzdro-stavebni-jap-aktive-standard-do-sdk-125-mm-700x1970-mm-13491\/#breadcrumb","itemListElement":[{"@type":"ListItem","position":1,"name":"Home","item":"https:\/\/www.koupelnapro.com\/"},{"@type":"ListItem","position":2,"name":"Products","item":"https:\/\/www.koupelnapro.com\/index.php\/products\/"},{"@type":"ListItem","position":3,"name":"Ov\u011b\u0159en\u00fd Pouzdro stavebn\u00ed JAP Aktive standard do\u00a0sdk\/125\u00a0mm 700&#215;1970 mm"}]},{"@type":"WebSite","@id":"https:\/\/www.koupelnapro.com\/#website","url":"https:\/\/www.koupelnapro.com\/","name":"","description":"","potentialAction":[{"@type":"SearchAction","target":{"@type":"EntryPoint","urlTemplate":"https:\/\/www.koupelnapro.com\/?s={search_term_string}"},"query-input":{"@type":"PropertyValueSpecification","valueRequired":true,"valueName":"search_term_string"}}],"inLanguage":"cs"}]}},"_links":{"self":[{"href":"https:\/\/www.koupelnapro.com\/index.php\/wp-json\/wp\/v2\/product\/13491","targetHints":{"allow":["GET"]}}],"collection":[{"href":"https:\/\/www.koupelnapro.com\/index.php\/wp-json\/wp\/v2\/product"}],"about":[{"href":"https:\/\/www.koupelnapro.com\/index.php\/wp-json\/wp\/v2\/types\/product"}],"replies":[{"embeddable":true,"href":"https:\/\/www.koupelnapro.com\/index.php\/wp-json\/wp\/v2\/comments?post=13491"}],"wp:featuredmedia":[{"embeddable":true,"href":"https:\/\/www.koupelnapro.com\/index.php\/wp-json\/wp\/v2\/media\/13591"}],"wp:attachment":[{"href":"https:\/\/www.koupelnapro.com\/index.php\/wp-json\/wp\/v2\/media?parent=13491"}],"wp:term":[{"taxonomy":"product_brand","embeddable":true,"href":"https:\/\/www.koupelnapro.com\/index.php\/wp-json\/wp\/v2\/product_brand?post=13491"},{"taxonomy":"product_cat","embeddable":true,"href":"https:\/\/www.koupelnapro.com\/index.php\/wp-json\/wp\/v2\/product_cat?post=13491"},{"taxonomy":"product_tag","embeddable":true,"href":"https:\/\/www.koupelnapro.com\/index.php\/wp-json\/wp\/v2\/product_tag?post=13491"}],"curies":[{"name":"wp","href":"https:\/\/api.w.org\/{rel}","templated":true}]}}