{"id":12766,"date":"2026-04-26T09:13:38","date_gmt":"2026-04-26T09:13:38","guid":{"rendered":""},"modified":"2026-04-26T09:13:38","modified_gmt":"2026-04-26T09:13:38","slug":"mazivo-keramicke-tectane-400-ml-specialni-cena-12766","status":"publish","type":"product","link":"https:\/\/www.koupelnapro.com\/index.php\/produkt\/mazivo-keramicke-tectane-400-ml-specialni-cena-12766\/","title":{"rendered":"Mazivo keramick\u00e9 Tectane\u00a0400\u00a0ml Speci\u00e1ln\u00ed Cena"},"content":{"rendered":"<div class=\"content-actual\">\n<p>Pro maz\u00e1n\u00ed vysoce teplotn\u011b zat\u00ed\u017een\u00fdch kluzn\u00fdch ploch \u010di spoj\u016f. Ide\u00e1ln\u00ed pro z\u00e1vitov\u00e9 spoje spalovac\u00edch motor\u016f a turb\u00edn ve stroj\u00edrenstv\u00ed. Chr\u00e1n\u00ed t\u0159ec\u00ed plochy p\u0159ed koroz\u00ed, odol\u00e1v\u00e1 hork\u00e9 a studen\u00e9 vod\u011b, v\u011bt\u0161in\u011b kyselin a louh\u016fm. Tepeln\u00e1 odolnost -40 \u00b0C a\u017e +1400 \u00b0C.<\/p>\n<\/p><\/div>\n<\/p><\/div>\n","protected":false},"excerpt":{"rendered":"<p>Pro maz\u00e1n\u00ed vysoce teplotn\u011b zat\u00ed\u017een\u00fdch kluzn\u00fdch ploch \u010di spoj\u016f. Ide\u00e1ln\u00ed pro z\u00e1vitov\u00e9 spoje spalovac\u00edch motor\u016f a turb\u00edn ve stroj\u00edrenstv\u00ed. Chr\u00e1n\u00ed t\u0159ec\u00ed plochy p\u0159ed koroz\u00ed, odol\u00e1v\u00e1 hork\u00e9 a studen\u00e9 vod\u011b, v\u011bt\u0161in\u011b kyselin a louh\u016fm. Tepeln\u00e1 odolnost -40 \u00b0C a\u017e +1400 \u00b0C.<\/p>\n","protected":false},"featured_media":12866,"comment_status":"open","ping_status":"open","template":"","meta":[],"product_brand":[],"product_cat":[78],"product_tag":[],"class_list":{"0":"post-12766","1":"product","2":"type-product","3":"status-publish","4":"has-post-thumbnail","6":"product_cat-interier-a-domacnost","8":"first","9":"instock","10":"sale","11":"shipping-taxable","12":"purchasable","13":"product-type-simple"},"yoast_head":"<!-- This site is optimized with the Yoast SEO plugin v26.8 - https:\/\/yoast.com\/product\/yoast-seo-wordpress\/ -->\n<title>Mazivo keramick\u00e9 Tectane\u00a0400\u00a0ml Speci\u00e1ln\u00ed Cena -<\/title>\n<meta name=\"robots\" content=\"index, follow, max-snippet:-1, max-image-preview:large, max-video-preview:-1\" \/>\n<link rel=\"canonical\" href=\"https:\/\/www.koupelnapro.com\/index.php\/produkt\/mazivo-keramicke-tectane-400-ml-specialni-cena-12766\/\" \/>\n<meta property=\"og:locale\" content=\"cs_CZ\" \/>\n<meta property=\"og:type\" content=\"article\" \/>\n<meta property=\"og:title\" content=\"Mazivo keramick\u00e9 Tectane\u00a0400\u00a0ml Speci\u00e1ln\u00ed Cena -\" \/>\n<meta property=\"og:description\" content=\"Pro maz\u00e1n\u00ed vysoce teplotn\u011b zat\u00ed\u017een\u00fdch kluzn\u00fdch ploch \u010di spoj\u016f. Ide\u00e1ln\u00ed pro z\u00e1vitov\u00e9 spoje spalovac\u00edch motor\u016f a turb\u00edn ve stroj\u00edrenstv\u00ed. Chr\u00e1n\u00ed t\u0159ec\u00ed plochy p\u0159ed koroz\u00ed, odol\u00e1v\u00e1 hork\u00e9 a studen\u00e9 vod\u011b, v\u011bt\u0161in\u011b kyselin a louh\u016fm. Tepeln\u00e1 odolnost -40 \u00b0C a\u017e +1400 \u00b0C.\" \/>\n<meta property=\"og:url\" content=\"https:\/\/www.koupelnapro.com\/index.php\/produkt\/mazivo-keramicke-tectane-400-ml-specialni-cena-12766\/\" \/>\n<meta property=\"og:image\" content=\"https:\/\/www.koupelnapro.com\/wp-content\/uploads\/2026\/SK0003229-CZ20260425-091842-0-1777079922-tablet-keramicke_mazivo_web.webp\" \/>\n\t<meta property=\"og:image:width\" content=\"600\" \/>\n\t<meta property=\"og:image:height\" content=\"600\" \/>\n\t<meta property=\"og:image:type\" content=\"image\/webp\" \/>\n<meta name=\"twitter:card\" content=\"summary_large_image\" \/>\n<script type=\"application\/ld+json\" class=\"yoast-schema-graph\">{\"@context\":\"https:\/\/schema.org\",\"@graph\":[{\"@type\":\"WebPage\",\"@id\":\"https:\/\/www.koupelnapro.com\/index.php\/produkt\/mazivo-keramicke-tectane-400-ml-specialni-cena-12766\/\",\"url\":\"https:\/\/www.koupelnapro.com\/index.php\/produkt\/mazivo-keramicke-tectane-400-ml-specialni-cena-12766\/\",\"name\":\"Mazivo keramick\u00e9 Tectane\u00a0400\u00a0ml Speci\u00e1ln\u00ed Cena -\",\"isPartOf\":{\"@id\":\"https:\/\/www.koupelnapro.com\/#website\"},\"primaryImageOfPage\":{\"@id\":\"https:\/\/www.koupelnapro.com\/index.php\/produkt\/mazivo-keramicke-tectane-400-ml-specialni-cena-12766\/#primaryimage\"},\"image\":{\"@id\":\"https:\/\/www.koupelnapro.com\/index.php\/produkt\/mazivo-keramicke-tectane-400-ml-specialni-cena-12766\/#primaryimage\"},\"thumbnailUrl\":\"https:\/\/www.koupelnapro.com\/wp-content\/uploads\/2026\/SK0003229-CZ20260425-091842-0-1777079922-tablet-keramicke_mazivo_web.webp\",\"datePublished\":\"2026-04-26T09:13:38+00:00\",\"breadcrumb\":{\"@id\":\"https:\/\/www.koupelnapro.com\/index.php\/produkt\/mazivo-keramicke-tectane-400-ml-specialni-cena-12766\/#breadcrumb\"},\"inLanguage\":\"cs\",\"potentialAction\":[{\"@type\":\"ReadAction\",\"target\":[\"https:\/\/www.koupelnapro.com\/index.php\/produkt\/mazivo-keramicke-tectane-400-ml-specialni-cena-12766\/\"]}]},{\"@type\":\"ImageObject\",\"inLanguage\":\"cs\",\"@id\":\"https:\/\/www.koupelnapro.com\/index.php\/produkt\/mazivo-keramicke-tectane-400-ml-specialni-cena-12766\/#primaryimage\",\"url\":\"https:\/\/www.koupelnapro.com\/wp-content\/uploads\/2026\/SK0003229-CZ20260425-091842-0-1777079922-tablet-keramicke_mazivo_web.webp\",\"contentUrl\":\"https:\/\/www.koupelnapro.com\/wp-content\/uploads\/2026\/SK0003229-CZ20260425-091842-0-1777079922-tablet-keramicke_mazivo_web.webp\",\"width\":600,\"height\":600},{\"@type\":\"BreadcrumbList\",\"@id\":\"https:\/\/www.koupelnapro.com\/index.php\/produkt\/mazivo-keramicke-tectane-400-ml-specialni-cena-12766\/#breadcrumb\",\"itemListElement\":[{\"@type\":\"ListItem\",\"position\":1,\"name\":\"Home\",\"item\":\"https:\/\/www.koupelnapro.com\/\"},{\"@type\":\"ListItem\",\"position\":2,\"name\":\"Products\",\"item\":\"https:\/\/www.koupelnapro.com\/index.php\/products\/\"},{\"@type\":\"ListItem\",\"position\":3,\"name\":\"Mazivo keramick\u00e9 Tectane\u00a0400\u00a0ml Speci\u00e1ln\u00ed Cena\"}]},{\"@type\":\"WebSite\",\"@id\":\"https:\/\/www.koupelnapro.com\/#website\",\"url\":\"https:\/\/www.koupelnapro.com\/\",\"name\":\"\",\"description\":\"\",\"potentialAction\":[{\"@type\":\"SearchAction\",\"target\":{\"@type\":\"EntryPoint\",\"urlTemplate\":\"https:\/\/www.koupelnapro.com\/?s={search_term_string}\"},\"query-input\":{\"@type\":\"PropertyValueSpecification\",\"valueRequired\":true,\"valueName\":\"search_term_string\"}}],\"inLanguage\":\"cs\"}]}<\/script>\n<!-- \/ Yoast SEO plugin. -->","yoast_head_json":{"title":"Mazivo keramick\u00e9 Tectane\u00a0400\u00a0ml Speci\u00e1ln\u00ed Cena -","robots":{"index":"index","follow":"follow","max-snippet":"max-snippet:-1","max-image-preview":"max-image-preview:large","max-video-preview":"max-video-preview:-1"},"canonical":"https:\/\/www.koupelnapro.com\/index.php\/produkt\/mazivo-keramicke-tectane-400-ml-specialni-cena-12766\/","og_locale":"cs_CZ","og_type":"article","og_title":"Mazivo keramick\u00e9 Tectane\u00a0400\u00a0ml Speci\u00e1ln\u00ed Cena -","og_description":"Pro maz\u00e1n\u00ed vysoce teplotn\u011b zat\u00ed\u017een\u00fdch kluzn\u00fdch ploch \u010di spoj\u016f. Ide\u00e1ln\u00ed pro z\u00e1vitov\u00e9 spoje spalovac\u00edch motor\u016f a turb\u00edn ve stroj\u00edrenstv\u00ed. Chr\u00e1n\u00ed t\u0159ec\u00ed plochy p\u0159ed koroz\u00ed, odol\u00e1v\u00e1 hork\u00e9 a studen\u00e9 vod\u011b, v\u011bt\u0161in\u011b kyselin a louh\u016fm. Tepeln\u00e1 odolnost -40 \u00b0C a\u017e +1400 \u00b0C.","og_url":"https:\/\/www.koupelnapro.com\/index.php\/produkt\/mazivo-keramicke-tectane-400-ml-specialni-cena-12766\/","og_image":[{"width":600,"height":600,"url":"https:\/\/www.koupelnapro.com\/wp-content\/uploads\/2026\/SK0003229-CZ20260425-091842-0-1777079922-tablet-keramicke_mazivo_web.webp","type":"image\/webp"}],"twitter_card":"summary_large_image","schema":{"@context":"https:\/\/schema.org","@graph":[{"@type":"WebPage","@id":"https:\/\/www.koupelnapro.com\/index.php\/produkt\/mazivo-keramicke-tectane-400-ml-specialni-cena-12766\/","url":"https:\/\/www.koupelnapro.com\/index.php\/produkt\/mazivo-keramicke-tectane-400-ml-specialni-cena-12766\/","name":"Mazivo keramick\u00e9 Tectane\u00a0400\u00a0ml Speci\u00e1ln\u00ed Cena -","isPartOf":{"@id":"https:\/\/www.koupelnapro.com\/#website"},"primaryImageOfPage":{"@id":"https:\/\/www.koupelnapro.com\/index.php\/produkt\/mazivo-keramicke-tectane-400-ml-specialni-cena-12766\/#primaryimage"},"image":{"@id":"https:\/\/www.koupelnapro.com\/index.php\/produkt\/mazivo-keramicke-tectane-400-ml-specialni-cena-12766\/#primaryimage"},"thumbnailUrl":"https:\/\/www.koupelnapro.com\/wp-content\/uploads\/2026\/SK0003229-CZ20260425-091842-0-1777079922-tablet-keramicke_mazivo_web.webp","datePublished":"2026-04-26T09:13:38+00:00","breadcrumb":{"@id":"https:\/\/www.koupelnapro.com\/index.php\/produkt\/mazivo-keramicke-tectane-400-ml-specialni-cena-12766\/#breadcrumb"},"inLanguage":"cs","potentialAction":[{"@type":"ReadAction","target":["https:\/\/www.koupelnapro.com\/index.php\/produkt\/mazivo-keramicke-tectane-400-ml-specialni-cena-12766\/"]}]},{"@type":"ImageObject","inLanguage":"cs","@id":"https:\/\/www.koupelnapro.com\/index.php\/produkt\/mazivo-keramicke-tectane-400-ml-specialni-cena-12766\/#primaryimage","url":"https:\/\/www.koupelnapro.com\/wp-content\/uploads\/2026\/SK0003229-CZ20260425-091842-0-1777079922-tablet-keramicke_mazivo_web.webp","contentUrl":"https:\/\/www.koupelnapro.com\/wp-content\/uploads\/2026\/SK0003229-CZ20260425-091842-0-1777079922-tablet-keramicke_mazivo_web.webp","width":600,"height":600},{"@type":"BreadcrumbList","@id":"https:\/\/www.koupelnapro.com\/index.php\/produkt\/mazivo-keramicke-tectane-400-ml-specialni-cena-12766\/#breadcrumb","itemListElement":[{"@type":"ListItem","position":1,"name":"Home","item":"https:\/\/www.koupelnapro.com\/"},{"@type":"ListItem","position":2,"name":"Products","item":"https:\/\/www.koupelnapro.com\/index.php\/products\/"},{"@type":"ListItem","position":3,"name":"Mazivo keramick\u00e9 Tectane\u00a0400\u00a0ml Speci\u00e1ln\u00ed Cena"}]},{"@type":"WebSite","@id":"https:\/\/www.koupelnapro.com\/#website","url":"https:\/\/www.koupelnapro.com\/","name":"","description":"","potentialAction":[{"@type":"SearchAction","target":{"@type":"EntryPoint","urlTemplate":"https:\/\/www.koupelnapro.com\/?s={search_term_string}"},"query-input":{"@type":"PropertyValueSpecification","valueRequired":true,"valueName":"search_term_string"}}],"inLanguage":"cs"}]}},"_links":{"self":[{"href":"https:\/\/www.koupelnapro.com\/index.php\/wp-json\/wp\/v2\/product\/12766","targetHints":{"allow":["GET"]}}],"collection":[{"href":"https:\/\/www.koupelnapro.com\/index.php\/wp-json\/wp\/v2\/product"}],"about":[{"href":"https:\/\/www.koupelnapro.com\/index.php\/wp-json\/wp\/v2\/types\/product"}],"replies":[{"embeddable":true,"href":"https:\/\/www.koupelnapro.com\/index.php\/wp-json\/wp\/v2\/comments?post=12766"}],"wp:featuredmedia":[{"embeddable":true,"href":"https:\/\/www.koupelnapro.com\/index.php\/wp-json\/wp\/v2\/media\/12866"}],"wp:attachment":[{"href":"https:\/\/www.koupelnapro.com\/index.php\/wp-json\/wp\/v2\/media?parent=12766"}],"wp:term":[{"taxonomy":"product_brand","embeddable":true,"href":"https:\/\/www.koupelnapro.com\/index.php\/wp-json\/wp\/v2\/product_brand?post=12766"},{"taxonomy":"product_cat","embeddable":true,"href":"https:\/\/www.koupelnapro.com\/index.php\/wp-json\/wp\/v2\/product_cat?post=12766"},{"taxonomy":"product_tag","embeddable":true,"href":"https:\/\/www.koupelnapro.com\/index.php\/wp-json\/wp\/v2\/product_tag?post=12766"}],"curies":[{"name":"wp","href":"https:\/\/api.w.org\/{rel}","templated":true}]}}