{"id":12761,"date":"2026-04-26T09:13:38","date_gmt":"2026-04-26T09:13:38","guid":{"rendered":""},"modified":"2026-04-26T09:13:38","modified_gmt":"2026-04-26T09:13:38","slug":"nejprodavanejsi-sprej-znackovaci-den-braven-500-ml-zeleny-12761","status":"publish","type":"product","link":"https:\/\/www.koupelnapro.com\/index.php\/produkt\/nejprodavanejsi-sprej-znackovaci-den-braven-500-ml-zeleny-12761\/","title":{"rendered":"Nejprod\u00e1van\u011bj\u0161\u00ed Sprej zna\u010dkovac\u00ed Den\u00a0Braven 500\u00a0ml\u00a0zelen\u00fd"},"content":{"rendered":"<div class=\"content-actual\">\n<p>Speci\u00e1ln\u00ed n\u00e1st\u0159ikov\u00e1 barva pro zna\u010den\u00ed v\u0161eho druhu &#8211; veden\u00ed in\u017een\u00fdrsk\u00fdch s\u00edt\u00ed, vyty\u010dov\u00e1n\u00ed pro zemn\u00ed pr\u00e1ce, zna\u010den\u00ed napaden\u00fdch strom\u016f a mnoho dal\u0161\u00edch. Syt\u00e1 a velmi jasn\u00e1 nepr\u016fsvitn\u00e1 barva vhodn\u00e1 na d\u0159evo, kov, beton, asfalt, k\u00e1men, zeminu aj. Odoln\u00fd proti od\u011bru, vod\u011b, b\u011b\u017en\u00e9 stavebn\u00ed chemii a pov\u011btrnostn\u00edm vliv\u016fm.<\/p>\n<\/p><\/div>\n<\/p><\/div>\n","protected":false},"excerpt":{"rendered":"<p>Speci\u00e1ln\u00ed n\u00e1st\u0159ikov\u00e1 barva pro zna\u010den\u00ed v\u0161eho druhu &#8211; veden\u00ed in\u017een\u00fdrsk\u00fdch s\u00edt\u00ed, vyty\u010dov\u00e1n\u00ed pro zemn\u00ed pr\u00e1ce, zna\u010den\u00ed napaden\u00fdch strom\u016f a mnoho dal\u0161\u00edch. Syt\u00e1 a velmi jasn\u00e1 nepr\u016fsvitn\u00e1 barva vhodn\u00e1 na d\u0159evo, kov, beton, asfalt, k\u00e1men, zeminu aj. Odoln\u00fd proti od\u011bru, vod\u011b, b\u011b\u017en\u00e9 stavebn\u00ed chemii a pov\u011btrnostn\u00edm vliv\u016fm.<\/p>\n","protected":false},"featured_media":12861,"comment_status":"open","ping_status":"open","template":"","meta":[],"product_brand":[],"product_cat":[74],"product_tag":[],"class_list":{"0":"post-12761","1":"product","2":"type-product","3":"status-publish","4":"has-post-thumbnail","6":"product_cat-stavebni-chemie-a-barvy","8":"first","9":"instock","10":"sale","11":"shipping-taxable","12":"purchasable","13":"product-type-simple"},"yoast_head":"<!-- This site is optimized with the Yoast SEO plugin v26.8 - https:\/\/yoast.com\/product\/yoast-seo-wordpress\/ -->\n<title>Nejprod\u00e1van\u011bj\u0161\u00ed Sprej zna\u010dkovac\u00ed Den\u00a0Braven 500\u00a0ml\u00a0zelen\u00fd -<\/title>\n<meta name=\"robots\" content=\"index, follow, max-snippet:-1, max-image-preview:large, max-video-preview:-1\" \/>\n<link rel=\"canonical\" href=\"https:\/\/www.koupelnapro.com\/index.php\/produkt\/nejprodavanejsi-sprej-znackovaci-den-braven-500-ml-zeleny-12761\/\" \/>\n<meta property=\"og:locale\" content=\"cs_CZ\" \/>\n<meta property=\"og:type\" content=\"article\" \/>\n<meta property=\"og:title\" content=\"Nejprod\u00e1van\u011bj\u0161\u00ed Sprej zna\u010dkovac\u00ed Den\u00a0Braven 500\u00a0ml\u00a0zelen\u00fd -\" \/>\n<meta property=\"og:description\" content=\"Speci\u00e1ln\u00ed n\u00e1st\u0159ikov\u00e1 barva pro zna\u010den\u00ed v\u0161eho druhu &#8211; veden\u00ed in\u017een\u00fdrsk\u00fdch s\u00edt\u00ed, vyty\u010dov\u00e1n\u00ed pro zemn\u00ed pr\u00e1ce, zna\u010den\u00ed napaden\u00fdch strom\u016f a mnoho dal\u0161\u00edch. Syt\u00e1 a velmi jasn\u00e1 nepr\u016fsvitn\u00e1 barva vhodn\u00e1 na d\u0159evo, kov, beton, asfalt, k\u00e1men, zeminu aj. Odoln\u00fd proti od\u011bru, vod\u011b, b\u011b\u017en\u00e9 stavebn\u00ed chemii a pov\u011btrnostn\u00edm vliv\u016fm.\" \/>\n<meta property=\"og:url\" content=\"https:\/\/www.koupelnapro.com\/index.php\/produkt\/nejprodavanejsi-sprej-znackovaci-den-braven-500-ml-zeleny-12761\/\" \/>\n<meta property=\"og:image\" content=\"https:\/\/www.koupelnapro.com\/wp-content\/uploads\/2026\/SK0003224-CZ20260425-091842-0-1777079922-tablet-znackovaci_sprej_web.webp\" \/>\n\t<meta property=\"og:image:width\" content=\"600\" \/>\n\t<meta property=\"og:image:height\" content=\"600\" \/>\n\t<meta property=\"og:image:type\" content=\"image\/webp\" \/>\n<meta name=\"twitter:card\" content=\"summary_large_image\" \/>\n<script type=\"application\/ld+json\" class=\"yoast-schema-graph\">{\"@context\":\"https:\/\/schema.org\",\"@graph\":[{\"@type\":\"WebPage\",\"@id\":\"https:\/\/www.koupelnapro.com\/index.php\/produkt\/nejprodavanejsi-sprej-znackovaci-den-braven-500-ml-zeleny-12761\/\",\"url\":\"https:\/\/www.koupelnapro.com\/index.php\/produkt\/nejprodavanejsi-sprej-znackovaci-den-braven-500-ml-zeleny-12761\/\",\"name\":\"Nejprod\u00e1van\u011bj\u0161\u00ed Sprej zna\u010dkovac\u00ed Den\u00a0Braven 500\u00a0ml\u00a0zelen\u00fd -\",\"isPartOf\":{\"@id\":\"https:\/\/www.koupelnapro.com\/#website\"},\"primaryImageOfPage\":{\"@id\":\"https:\/\/www.koupelnapro.com\/index.php\/produkt\/nejprodavanejsi-sprej-znackovaci-den-braven-500-ml-zeleny-12761\/#primaryimage\"},\"image\":{\"@id\":\"https:\/\/www.koupelnapro.com\/index.php\/produkt\/nejprodavanejsi-sprej-znackovaci-den-braven-500-ml-zeleny-12761\/#primaryimage\"},\"thumbnailUrl\":\"https:\/\/www.koupelnapro.com\/wp-content\/uploads\/2026\/SK0003224-CZ20260425-091842-0-1777079922-tablet-znackovaci_sprej_web.webp\",\"datePublished\":\"2026-04-26T09:13:38+00:00\",\"breadcrumb\":{\"@id\":\"https:\/\/www.koupelnapro.com\/index.php\/produkt\/nejprodavanejsi-sprej-znackovaci-den-braven-500-ml-zeleny-12761\/#breadcrumb\"},\"inLanguage\":\"cs\",\"potentialAction\":[{\"@type\":\"ReadAction\",\"target\":[\"https:\/\/www.koupelnapro.com\/index.php\/produkt\/nejprodavanejsi-sprej-znackovaci-den-braven-500-ml-zeleny-12761\/\"]}]},{\"@type\":\"ImageObject\",\"inLanguage\":\"cs\",\"@id\":\"https:\/\/www.koupelnapro.com\/index.php\/produkt\/nejprodavanejsi-sprej-znackovaci-den-braven-500-ml-zeleny-12761\/#primaryimage\",\"url\":\"https:\/\/www.koupelnapro.com\/wp-content\/uploads\/2026\/SK0003224-CZ20260425-091842-0-1777079922-tablet-znackovaci_sprej_web.webp\",\"contentUrl\":\"https:\/\/www.koupelnapro.com\/wp-content\/uploads\/2026\/SK0003224-CZ20260425-091842-0-1777079922-tablet-znackovaci_sprej_web.webp\",\"width\":600,\"height\":600},{\"@type\":\"BreadcrumbList\",\"@id\":\"https:\/\/www.koupelnapro.com\/index.php\/produkt\/nejprodavanejsi-sprej-znackovaci-den-braven-500-ml-zeleny-12761\/#breadcrumb\",\"itemListElement\":[{\"@type\":\"ListItem\",\"position\":1,\"name\":\"Home\",\"item\":\"https:\/\/www.koupelnapro.com\/\"},{\"@type\":\"ListItem\",\"position\":2,\"name\":\"Products\",\"item\":\"https:\/\/www.koupelnapro.com\/index.php\/products\/\"},{\"@type\":\"ListItem\",\"position\":3,\"name\":\"Nejprod\u00e1van\u011bj\u0161\u00ed Sprej zna\u010dkovac\u00ed Den\u00a0Braven 500\u00a0ml\u00a0zelen\u00fd\"}]},{\"@type\":\"WebSite\",\"@id\":\"https:\/\/www.koupelnapro.com\/#website\",\"url\":\"https:\/\/www.koupelnapro.com\/\",\"name\":\"\",\"description\":\"\",\"potentialAction\":[{\"@type\":\"SearchAction\",\"target\":{\"@type\":\"EntryPoint\",\"urlTemplate\":\"https:\/\/www.koupelnapro.com\/?s={search_term_string}\"},\"query-input\":{\"@type\":\"PropertyValueSpecification\",\"valueRequired\":true,\"valueName\":\"search_term_string\"}}],\"inLanguage\":\"cs\"}]}<\/script>\n<!-- \/ Yoast SEO plugin. -->","yoast_head_json":{"title":"Nejprod\u00e1van\u011bj\u0161\u00ed Sprej zna\u010dkovac\u00ed Den\u00a0Braven 500\u00a0ml\u00a0zelen\u00fd -","robots":{"index":"index","follow":"follow","max-snippet":"max-snippet:-1","max-image-preview":"max-image-preview:large","max-video-preview":"max-video-preview:-1"},"canonical":"https:\/\/www.koupelnapro.com\/index.php\/produkt\/nejprodavanejsi-sprej-znackovaci-den-braven-500-ml-zeleny-12761\/","og_locale":"cs_CZ","og_type":"article","og_title":"Nejprod\u00e1van\u011bj\u0161\u00ed Sprej zna\u010dkovac\u00ed Den\u00a0Braven 500\u00a0ml\u00a0zelen\u00fd -","og_description":"Speci\u00e1ln\u00ed n\u00e1st\u0159ikov\u00e1 barva pro zna\u010den\u00ed v\u0161eho druhu &#8211; veden\u00ed in\u017een\u00fdrsk\u00fdch s\u00edt\u00ed, vyty\u010dov\u00e1n\u00ed pro zemn\u00ed pr\u00e1ce, zna\u010den\u00ed napaden\u00fdch strom\u016f a mnoho dal\u0161\u00edch. Syt\u00e1 a velmi jasn\u00e1 nepr\u016fsvitn\u00e1 barva vhodn\u00e1 na d\u0159evo, kov, beton, asfalt, k\u00e1men, zeminu aj. Odoln\u00fd proti od\u011bru, vod\u011b, b\u011b\u017en\u00e9 stavebn\u00ed chemii a pov\u011btrnostn\u00edm vliv\u016fm.","og_url":"https:\/\/www.koupelnapro.com\/index.php\/produkt\/nejprodavanejsi-sprej-znackovaci-den-braven-500-ml-zeleny-12761\/","og_image":[{"width":600,"height":600,"url":"https:\/\/www.koupelnapro.com\/wp-content\/uploads\/2026\/SK0003224-CZ20260425-091842-0-1777079922-tablet-znackovaci_sprej_web.webp","type":"image\/webp"}],"twitter_card":"summary_large_image","schema":{"@context":"https:\/\/schema.org","@graph":[{"@type":"WebPage","@id":"https:\/\/www.koupelnapro.com\/index.php\/produkt\/nejprodavanejsi-sprej-znackovaci-den-braven-500-ml-zeleny-12761\/","url":"https:\/\/www.koupelnapro.com\/index.php\/produkt\/nejprodavanejsi-sprej-znackovaci-den-braven-500-ml-zeleny-12761\/","name":"Nejprod\u00e1van\u011bj\u0161\u00ed Sprej zna\u010dkovac\u00ed Den\u00a0Braven 500\u00a0ml\u00a0zelen\u00fd -","isPartOf":{"@id":"https:\/\/www.koupelnapro.com\/#website"},"primaryImageOfPage":{"@id":"https:\/\/www.koupelnapro.com\/index.php\/produkt\/nejprodavanejsi-sprej-znackovaci-den-braven-500-ml-zeleny-12761\/#primaryimage"},"image":{"@id":"https:\/\/www.koupelnapro.com\/index.php\/produkt\/nejprodavanejsi-sprej-znackovaci-den-braven-500-ml-zeleny-12761\/#primaryimage"},"thumbnailUrl":"https:\/\/www.koupelnapro.com\/wp-content\/uploads\/2026\/SK0003224-CZ20260425-091842-0-1777079922-tablet-znackovaci_sprej_web.webp","datePublished":"2026-04-26T09:13:38+00:00","breadcrumb":{"@id":"https:\/\/www.koupelnapro.com\/index.php\/produkt\/nejprodavanejsi-sprej-znackovaci-den-braven-500-ml-zeleny-12761\/#breadcrumb"},"inLanguage":"cs","potentialAction":[{"@type":"ReadAction","target":["https:\/\/www.koupelnapro.com\/index.php\/produkt\/nejprodavanejsi-sprej-znackovaci-den-braven-500-ml-zeleny-12761\/"]}]},{"@type":"ImageObject","inLanguage":"cs","@id":"https:\/\/www.koupelnapro.com\/index.php\/produkt\/nejprodavanejsi-sprej-znackovaci-den-braven-500-ml-zeleny-12761\/#primaryimage","url":"https:\/\/www.koupelnapro.com\/wp-content\/uploads\/2026\/SK0003224-CZ20260425-091842-0-1777079922-tablet-znackovaci_sprej_web.webp","contentUrl":"https:\/\/www.koupelnapro.com\/wp-content\/uploads\/2026\/SK0003224-CZ20260425-091842-0-1777079922-tablet-znackovaci_sprej_web.webp","width":600,"height":600},{"@type":"BreadcrumbList","@id":"https:\/\/www.koupelnapro.com\/index.php\/produkt\/nejprodavanejsi-sprej-znackovaci-den-braven-500-ml-zeleny-12761\/#breadcrumb","itemListElement":[{"@type":"ListItem","position":1,"name":"Home","item":"https:\/\/www.koupelnapro.com\/"},{"@type":"ListItem","position":2,"name":"Products","item":"https:\/\/www.koupelnapro.com\/index.php\/products\/"},{"@type":"ListItem","position":3,"name":"Nejprod\u00e1van\u011bj\u0161\u00ed Sprej zna\u010dkovac\u00ed Den\u00a0Braven 500\u00a0ml\u00a0zelen\u00fd"}]},{"@type":"WebSite","@id":"https:\/\/www.koupelnapro.com\/#website","url":"https:\/\/www.koupelnapro.com\/","name":"","description":"","potentialAction":[{"@type":"SearchAction","target":{"@type":"EntryPoint","urlTemplate":"https:\/\/www.koupelnapro.com\/?s={search_term_string}"},"query-input":{"@type":"PropertyValueSpecification","valueRequired":true,"valueName":"search_term_string"}}],"inLanguage":"cs"}]}},"_links":{"self":[{"href":"https:\/\/www.koupelnapro.com\/index.php\/wp-json\/wp\/v2\/product\/12761","targetHints":{"allow":["GET"]}}],"collection":[{"href":"https:\/\/www.koupelnapro.com\/index.php\/wp-json\/wp\/v2\/product"}],"about":[{"href":"https:\/\/www.koupelnapro.com\/index.php\/wp-json\/wp\/v2\/types\/product"}],"replies":[{"embeddable":true,"href":"https:\/\/www.koupelnapro.com\/index.php\/wp-json\/wp\/v2\/comments?post=12761"}],"wp:featuredmedia":[{"embeddable":true,"href":"https:\/\/www.koupelnapro.com\/index.php\/wp-json\/wp\/v2\/media\/12861"}],"wp:attachment":[{"href":"https:\/\/www.koupelnapro.com\/index.php\/wp-json\/wp\/v2\/media?parent=12761"}],"wp:term":[{"taxonomy":"product_brand","embeddable":true,"href":"https:\/\/www.koupelnapro.com\/index.php\/wp-json\/wp\/v2\/product_brand?post=12761"},{"taxonomy":"product_cat","embeddable":true,"href":"https:\/\/www.koupelnapro.com\/index.php\/wp-json\/wp\/v2\/product_cat?post=12761"},{"taxonomy":"product_tag","embeddable":true,"href":"https:\/\/www.koupelnapro.com\/index.php\/wp-json\/wp\/v2\/product_tag?post=12761"}],"curies":[{"name":"wp","href":"https:\/\/api.w.org\/{rel}","templated":true}]}}

Nejprodávanější Sprej značkovací Den Braven 500 ml zelený

<div class="content-actual">
<p>Speciální nástřiková barva pro značení všeho druhu &#8211; vedení inženýrských sítí, vytyčování pro zemní práce, značení napadených stromů a mnoho dalších. Sytá a velmi jasná neprůsvitná barva vhodná na dřevo, kov, beton, asfalt, kámen, zeminu aj. Odolný proti oděru, vodě, běžné stavební chemii a povětrnostním vlivům.</p>
</p></div>
</p></div>

<p>Speciální nástřiková barva pro značení všeho druhu &#8211; vedení inženýrských sítí, vytyčování pro zemní práce, značení napadených stromů a mnoho dalších. Sytá a velmi jasná neprůsvitná barva vhodná na dřevo, kov, beton, asfalt, kámen, zeminu aj. Odolný proti oděru, vodě, běžné stavební chemii a povětrnostním vlivům.</p>

<!-- This site is optimized with the Yoast SEO plugin v26.8 - https://yoast.com/product/yoast-seo-wordpress/ -->
<title>Nejprodávanější Sprej značkovací Den Braven 500 ml zelený -</title>
<meta name="robots" content="index, follow, max-snippet:-1, max-image-preview:large, max-video-preview:-1" />
<link rel="canonical" href="https://www.koupelnapro.com/index.php/produkt/nejprodavanejsi-sprej-znackovaci-den-braven-500-ml-zeleny-12761/" />
<meta property="og:locale" content="cs_CZ" />
<meta property="og:type" content="article" />
<meta property="og:title" content="Nejprodávanější Sprej značkovací Den Braven 500 ml zelený -" />
<meta property="og:description" content="Speciální nástřiková barva pro značení všeho druhu &#8211; vedení inženýrských sítí, vytyčování pro zemní práce, značení napadených stromů a mnoho dalších. Sytá a velmi jasná neprůsvitná barva vhodná na dřevo, kov, beton, asfalt, kámen, zeminu aj. Odolný proti oděru, vodě, běžné stavební chemii a povětrnostním vlivům." />
<meta property="og:url" content="https://www.koupelnapro.com/index.php/produkt/nejprodavanejsi-sprej-znackovaci-den-braven-500-ml-zeleny-12761/" />
<meta property="og:image" content="https://www.koupelnapro.com/wp-content/uploads/2026/SK0003224-CZ20260425-091842-0-1777079922-tablet-znackovaci_sprej_web.webp" />
	<meta property="og:image:width" content="600" />
	<meta property="og:image:height" content="600" />
	<meta property="og:image:type" content="image/webp" />
<meta name="twitter:card" content="summary_large_image" />
<script type="application/ld+json" class="yoast-schema-graph">{"@context":"https://schema.org","@graph":[{"@type":"WebPage","@id":"https://www.koupelnapro.com/index.php/produkt/nejprodavanejsi-sprej-znackovaci-den-braven-500-ml-zeleny-12761/","url":"https://www.koupelnapro.com/index.php/produkt/nejprodavanejsi-sprej-znackovaci-den-braven-500-ml-zeleny-12761/","name":"Nejprodávanější Sprej značkovací Den Braven 500 ml zelený -","isPartOf":{"@id":"https://www.koupelnapro.com/#website"},"primaryImageOfPage":{"@id":"https://www.koupelnapro.com/index.php/produkt/nejprodavanejsi-sprej-znackovaci-den-braven-500-ml-zeleny-12761/#primaryimage"},"image":{"@id":"https://www.koupelnapro.com/index.php/produkt/nejprodavanejsi-sprej-znackovaci-den-braven-500-ml-zeleny-12761/#primaryimage"},"thumbnailUrl":"https://www.koupelnapro.com/wp-content/uploads/2026/SK0003224-CZ20260425-091842-0-1777079922-tablet-znackovaci_sprej_web.webp","datePublished":"2026-04-26T09:13:38+00:00","breadcrumb":{"@id":"https://www.koupelnapro.com/index.php/produkt/nejprodavanejsi-sprej-znackovaci-den-braven-500-ml-zeleny-12761/#breadcrumb"},"inLanguage":"cs","potentialAction":[{"@type":"ReadAction","target":["https://www.koupelnapro.com/index.php/produkt/nejprodavanejsi-sprej-znackovaci-den-braven-500-ml-zeleny-12761/"]}]},{"@type":"ImageObject","inLanguage":"cs","@id":"https://www.koupelnapro.com/index.php/produkt/nejprodavanejsi-sprej-znackovaci-den-braven-500-ml-zeleny-12761/#primaryimage","url":"https://www.koupelnapro.com/wp-content/uploads/2026/SK0003224-CZ20260425-091842-0-1777079922-tablet-znackovaci_sprej_web.webp","contentUrl":"https://www.koupelnapro.com/wp-content/uploads/2026/SK0003224-CZ20260425-091842-0-1777079922-tablet-znackovaci_sprej_web.webp","width":600,"height":600},{"@type":"BreadcrumbList","@id":"https://www.koupelnapro.com/index.php/produkt/nejprodavanejsi-sprej-znackovaci-den-braven-500-ml-zeleny-12761/#breadcrumb","itemListElement":[{"@type":"ListItem","position":1,"name":"Home","item":"https://www.koupelnapro.com/"},{"@type":"ListItem","position":2,"name":"Products","item":"https://www.koupelnapro.com/index.php/products/"},{"@type":"ListItem","position":3,"name":"Nejprodávanější Sprej značkovací Den Braven 500 ml zelený"}]},{"@type":"WebSite","@id":"https://www.koupelnapro.com/#website","url":"https://www.koupelnapro.com/","name":"","description":"","potentialAction":[{"@type":"SearchAction","target":{"@type":"EntryPoint","urlTemplate":"https://www.koupelnapro.com/?s={search_term_string}"},"query-input":{"@type":"PropertyValueSpecification","valueRequired":true,"valueName":"search_term_string"}}],"inLanguage":"cs"}]}</script>
<!-- / Yoast SEO plugin. -->

Nejprodávanější Sprej značkovací Den Braven 500 ml zelený -

Speciální nástřiková barva pro značení všeho druhu &#8211; vedení inženýrských sítí, vytyčování pro zemní práce, značení napadených stromů a mnoho dalších. Sytá a velmi jasná neprůsvitná barva vhodná na dřevo, kov, beton, asfalt, kámen, zeminu aj. Odolný proti oděru, vodě, běžné stavební chemii a povětrnostním vlivům.
