{"id":11951,"date":"2026-04-26T09:13:35","date_gmt":"2026-04-26T09:13:35","guid":{"rendered":""},"modified":"2026-04-26T09:13:35","modified_gmt":"2026-04-26T09:13:35","slug":"plyn-propan-butan-33-kg-autenticky-11951","status":"publish","type":"product","link":"https:\/\/www.koupelnapro.com\/index.php\/produkt\/plyn-propan-butan-33-kg-autenticky-11951\/","title":{"rendered":"Plyn propan butan\u00a033\u00a0kg Autentick\u00fd"},"content":{"rendered":"<div class=\"content-actual\">\n<p>Nejv\u011bt\u0161\u00ed lahev pro pr\u016fmyslov\u00e9 nebo topn\u00e9 \u00fa\u010dely, kter\u00e1 dod\u00e1 velk\u00e9 mno\u017estv\u00ed energie (cca 425 kWh). Vhodn\u00e1 ve stavebnictv\u00ed na izola\u010dn\u00ed pr\u00e1ce, temperov\u00e1n\u00ed a vyt\u00e1p\u011bn\u00ed staveb a soci\u00e1ln\u00edch za\u0159\u00edzen\u00ed, na taven\u00ed asfalt\u016f p\u0159i \u00fadr\u017eb\u011b silnic, pro \u0159ez\u00e1n\u00ed a sva\u0159ov\u00e1n\u00ed kov\u016f. D\u00e1le k va\u0159en\u00ed, oh\u0159\u00edv\u00e1n\u00ed vody a topen\u00ed do provozu a restaurac\u00ed. L\u00e1hve se lehce spojuj\u00ed do bateri\u00ed od 2 do 8 ks p\u0159es speci\u00e1ln\u00ed automatick\u00fd ventil, kter\u00fd zabezpe\u010d\u00ed nep\u0159etr\u017eit\u00fd odb\u011br energie.\u00a0<\/p>\n<\/p><\/div>\n<\/p><\/div>\n","protected":false},"excerpt":{"rendered":"<p>Nejv\u011bt\u0161\u00ed lahev pro pr\u016fmyslov\u00e9 nebo topn\u00e9 \u00fa\u010dely, kter\u00e1 dod\u00e1 velk\u00e9 mno\u017estv\u00ed energie (cca 425 kWh). Vhodn\u00e1 ve stavebnictv\u00ed na izola\u010dn\u00ed pr\u00e1ce, temperov\u00e1n\u00ed a vyt\u00e1p\u011bn\u00ed staveb a soci\u00e1ln\u00edch za\u0159\u00edzen\u00ed, na taven\u00ed asfalt\u016f p\u0159i \u00fadr\u017eb\u011b silnic, pro \u0159ez\u00e1n\u00ed a sva\u0159ov\u00e1n\u00ed kov\u016f. D\u00e1le k va\u0159en\u00ed, oh\u0159\u00edv\u00e1n\u00ed vody a topen\u00ed do provozu a restaurac\u00ed. L\u00e1hve se lehce spojuj\u00ed do [&hellip;]<\/p>\n","protected":false},"featured_media":12051,"comment_status":"open","ping_status":"open","template":"","meta":[],"product_brand":[],"product_cat":[75],"product_tag":[],"class_list":{"0":"post-11951","1":"product","2":"type-product","3":"status-publish","4":"has-post-thumbnail","6":"product_cat-naradi-a-pomucky","8":"first","9":"instock","10":"sale","11":"shipping-taxable","12":"purchasable","13":"product-type-simple"},"yoast_head":"<!-- This site is optimized with the Yoast SEO plugin v26.8 - https:\/\/yoast.com\/product\/yoast-seo-wordpress\/ -->\n<title>Plyn propan butan\u00a033\u00a0kg Autentick\u00fd -<\/title>\n<meta name=\"robots\" content=\"index, follow, max-snippet:-1, max-image-preview:large, max-video-preview:-1\" \/>\n<link rel=\"canonical\" href=\"https:\/\/www.koupelnapro.com\/index.php\/produkt\/plyn-propan-butan-33-kg-autenticky-11951\/\" \/>\n<meta property=\"og:locale\" content=\"cs_CZ\" \/>\n<meta property=\"og:type\" content=\"article\" \/>\n<meta property=\"og:title\" content=\"Plyn propan butan\u00a033\u00a0kg Autentick\u00fd -\" \/>\n<meta property=\"og:description\" content=\"Nejv\u011bt\u0161\u00ed lahev pro pr\u016fmyslov\u00e9 nebo topn\u00e9 \u00fa\u010dely, kter\u00e1 dod\u00e1 velk\u00e9 mno\u017estv\u00ed energie (cca 425 kWh). Vhodn\u00e1 ve stavebnictv\u00ed na izola\u010dn\u00ed pr\u00e1ce, temperov\u00e1n\u00ed a vyt\u00e1p\u011bn\u00ed staveb a soci\u00e1ln\u00edch za\u0159\u00edzen\u00ed, na taven\u00ed asfalt\u016f p\u0159i \u00fadr\u017eb\u011b silnic, pro \u0159ez\u00e1n\u00ed a sva\u0159ov\u00e1n\u00ed kov\u016f. D\u00e1le k va\u0159en\u00ed, oh\u0159\u00edv\u00e1n\u00ed vody a topen\u00ed do provozu a restaurac\u00ed. L\u00e1hve se lehce spojuj\u00ed do [&hellip;]\" \/>\n<meta property=\"og:url\" content=\"https:\/\/www.koupelnapro.com\/index.php\/produkt\/plyn-propan-butan-33-kg-autenticky-11951\/\" \/>\n<meta property=\"og:image\" content=\"https:\/\/www.koupelnapro.com\/wp-content\/uploads\/2026\/SK0002814-CZ20260425-091842-0-1777079922-tablet-pb-33.webp\" \/>\n\t<meta property=\"og:image:width\" content=\"246\" \/>\n\t<meta property=\"og:image:height\" content=\"800\" \/>\n\t<meta property=\"og:image:type\" content=\"image\/webp\" \/>\n<meta name=\"twitter:card\" content=\"summary_large_image\" \/>\n<script type=\"application\/ld+json\" class=\"yoast-schema-graph\">{\"@context\":\"https:\/\/schema.org\",\"@graph\":[{\"@type\":\"WebPage\",\"@id\":\"https:\/\/www.koupelnapro.com\/index.php\/produkt\/plyn-propan-butan-33-kg-autenticky-11951\/\",\"url\":\"https:\/\/www.koupelnapro.com\/index.php\/produkt\/plyn-propan-butan-33-kg-autenticky-11951\/\",\"name\":\"Plyn propan butan\u00a033\u00a0kg Autentick\u00fd -\",\"isPartOf\":{\"@id\":\"https:\/\/www.koupelnapro.com\/#website\"},\"primaryImageOfPage\":{\"@id\":\"https:\/\/www.koupelnapro.com\/index.php\/produkt\/plyn-propan-butan-33-kg-autenticky-11951\/#primaryimage\"},\"image\":{\"@id\":\"https:\/\/www.koupelnapro.com\/index.php\/produkt\/plyn-propan-butan-33-kg-autenticky-11951\/#primaryimage\"},\"thumbnailUrl\":\"https:\/\/www.koupelnapro.com\/wp-content\/uploads\/2026\/SK0002814-CZ20260425-091842-0-1777079922-tablet-pb-33.webp\",\"datePublished\":\"2026-04-26T09:13:35+00:00\",\"breadcrumb\":{\"@id\":\"https:\/\/www.koupelnapro.com\/index.php\/produkt\/plyn-propan-butan-33-kg-autenticky-11951\/#breadcrumb\"},\"inLanguage\":\"cs\",\"potentialAction\":[{\"@type\":\"ReadAction\",\"target\":[\"https:\/\/www.koupelnapro.com\/index.php\/produkt\/plyn-propan-butan-33-kg-autenticky-11951\/\"]}]},{\"@type\":\"ImageObject\",\"inLanguage\":\"cs\",\"@id\":\"https:\/\/www.koupelnapro.com\/index.php\/produkt\/plyn-propan-butan-33-kg-autenticky-11951\/#primaryimage\",\"url\":\"https:\/\/www.koupelnapro.com\/wp-content\/uploads\/2026\/SK0002814-CZ20260425-091842-0-1777079922-tablet-pb-33.webp\",\"contentUrl\":\"https:\/\/www.koupelnapro.com\/wp-content\/uploads\/2026\/SK0002814-CZ20260425-091842-0-1777079922-tablet-pb-33.webp\",\"width\":246,\"height\":800},{\"@type\":\"BreadcrumbList\",\"@id\":\"https:\/\/www.koupelnapro.com\/index.php\/produkt\/plyn-propan-butan-33-kg-autenticky-11951\/#breadcrumb\",\"itemListElement\":[{\"@type\":\"ListItem\",\"position\":1,\"name\":\"Home\",\"item\":\"https:\/\/www.koupelnapro.com\/\"},{\"@type\":\"ListItem\",\"position\":2,\"name\":\"Products\",\"item\":\"https:\/\/www.koupelnapro.com\/index.php\/products\/\"},{\"@type\":\"ListItem\",\"position\":3,\"name\":\"Plyn propan butan\u00a033\u00a0kg Autentick\u00fd\"}]},{\"@type\":\"WebSite\",\"@id\":\"https:\/\/www.koupelnapro.com\/#website\",\"url\":\"https:\/\/www.koupelnapro.com\/\",\"name\":\"\",\"description\":\"\",\"potentialAction\":[{\"@type\":\"SearchAction\",\"target\":{\"@type\":\"EntryPoint\",\"urlTemplate\":\"https:\/\/www.koupelnapro.com\/?s={search_term_string}\"},\"query-input\":{\"@type\":\"PropertyValueSpecification\",\"valueRequired\":true,\"valueName\":\"search_term_string\"}}],\"inLanguage\":\"cs\"}]}<\/script>\n<!-- \/ Yoast SEO plugin. -->","yoast_head_json":{"title":"Plyn propan butan\u00a033\u00a0kg Autentick\u00fd -","robots":{"index":"index","follow":"follow","max-snippet":"max-snippet:-1","max-image-preview":"max-image-preview:large","max-video-preview":"max-video-preview:-1"},"canonical":"https:\/\/www.koupelnapro.com\/index.php\/produkt\/plyn-propan-butan-33-kg-autenticky-11951\/","og_locale":"cs_CZ","og_type":"article","og_title":"Plyn propan butan\u00a033\u00a0kg Autentick\u00fd -","og_description":"Nejv\u011bt\u0161\u00ed lahev pro pr\u016fmyslov\u00e9 nebo topn\u00e9 \u00fa\u010dely, kter\u00e1 dod\u00e1 velk\u00e9 mno\u017estv\u00ed energie (cca 425 kWh). Vhodn\u00e1 ve stavebnictv\u00ed na izola\u010dn\u00ed pr\u00e1ce, temperov\u00e1n\u00ed a vyt\u00e1p\u011bn\u00ed staveb a soci\u00e1ln\u00edch za\u0159\u00edzen\u00ed, na taven\u00ed asfalt\u016f p\u0159i \u00fadr\u017eb\u011b silnic, pro \u0159ez\u00e1n\u00ed a sva\u0159ov\u00e1n\u00ed kov\u016f. D\u00e1le k va\u0159en\u00ed, oh\u0159\u00edv\u00e1n\u00ed vody a topen\u00ed do provozu a restaurac\u00ed. L\u00e1hve se lehce spojuj\u00ed do [&hellip;]","og_url":"https:\/\/www.koupelnapro.com\/index.php\/produkt\/plyn-propan-butan-33-kg-autenticky-11951\/","og_image":[{"width":246,"height":800,"url":"https:\/\/www.koupelnapro.com\/wp-content\/uploads\/2026\/SK0002814-CZ20260425-091842-0-1777079922-tablet-pb-33.webp","type":"image\/webp"}],"twitter_card":"summary_large_image","schema":{"@context":"https:\/\/schema.org","@graph":[{"@type":"WebPage","@id":"https:\/\/www.koupelnapro.com\/index.php\/produkt\/plyn-propan-butan-33-kg-autenticky-11951\/","url":"https:\/\/www.koupelnapro.com\/index.php\/produkt\/plyn-propan-butan-33-kg-autenticky-11951\/","name":"Plyn propan butan\u00a033\u00a0kg Autentick\u00fd -","isPartOf":{"@id":"https:\/\/www.koupelnapro.com\/#website"},"primaryImageOfPage":{"@id":"https:\/\/www.koupelnapro.com\/index.php\/produkt\/plyn-propan-butan-33-kg-autenticky-11951\/#primaryimage"},"image":{"@id":"https:\/\/www.koupelnapro.com\/index.php\/produkt\/plyn-propan-butan-33-kg-autenticky-11951\/#primaryimage"},"thumbnailUrl":"https:\/\/www.koupelnapro.com\/wp-content\/uploads\/2026\/SK0002814-CZ20260425-091842-0-1777079922-tablet-pb-33.webp","datePublished":"2026-04-26T09:13:35+00:00","breadcrumb":{"@id":"https:\/\/www.koupelnapro.com\/index.php\/produkt\/plyn-propan-butan-33-kg-autenticky-11951\/#breadcrumb"},"inLanguage":"cs","potentialAction":[{"@type":"ReadAction","target":["https:\/\/www.koupelnapro.com\/index.php\/produkt\/plyn-propan-butan-33-kg-autenticky-11951\/"]}]},{"@type":"ImageObject","inLanguage":"cs","@id":"https:\/\/www.koupelnapro.com\/index.php\/produkt\/plyn-propan-butan-33-kg-autenticky-11951\/#primaryimage","url":"https:\/\/www.koupelnapro.com\/wp-content\/uploads\/2026\/SK0002814-CZ20260425-091842-0-1777079922-tablet-pb-33.webp","contentUrl":"https:\/\/www.koupelnapro.com\/wp-content\/uploads\/2026\/SK0002814-CZ20260425-091842-0-1777079922-tablet-pb-33.webp","width":246,"height":800},{"@type":"BreadcrumbList","@id":"https:\/\/www.koupelnapro.com\/index.php\/produkt\/plyn-propan-butan-33-kg-autenticky-11951\/#breadcrumb","itemListElement":[{"@type":"ListItem","position":1,"name":"Home","item":"https:\/\/www.koupelnapro.com\/"},{"@type":"ListItem","position":2,"name":"Products","item":"https:\/\/www.koupelnapro.com\/index.php\/products\/"},{"@type":"ListItem","position":3,"name":"Plyn propan butan\u00a033\u00a0kg Autentick\u00fd"}]},{"@type":"WebSite","@id":"https:\/\/www.koupelnapro.com\/#website","url":"https:\/\/www.koupelnapro.com\/","name":"","description":"","potentialAction":[{"@type":"SearchAction","target":{"@type":"EntryPoint","urlTemplate":"https:\/\/www.koupelnapro.com\/?s={search_term_string}"},"query-input":{"@type":"PropertyValueSpecification","valueRequired":true,"valueName":"search_term_string"}}],"inLanguage":"cs"}]}},"_links":{"self":[{"href":"https:\/\/www.koupelnapro.com\/index.php\/wp-json\/wp\/v2\/product\/11951","targetHints":{"allow":["GET"]}}],"collection":[{"href":"https:\/\/www.koupelnapro.com\/index.php\/wp-json\/wp\/v2\/product"}],"about":[{"href":"https:\/\/www.koupelnapro.com\/index.php\/wp-json\/wp\/v2\/types\/product"}],"replies":[{"embeddable":true,"href":"https:\/\/www.koupelnapro.com\/index.php\/wp-json\/wp\/v2\/comments?post=11951"}],"wp:featuredmedia":[{"embeddable":true,"href":"https:\/\/www.koupelnapro.com\/index.php\/wp-json\/wp\/v2\/media\/12051"}],"wp:attachment":[{"href":"https:\/\/www.koupelnapro.com\/index.php\/wp-json\/wp\/v2\/media?parent=11951"}],"wp:term":[{"taxonomy":"product_brand","embeddable":true,"href":"https:\/\/www.koupelnapro.com\/index.php\/wp-json\/wp\/v2\/product_brand?post=11951"},{"taxonomy":"product_cat","embeddable":true,"href":"https:\/\/www.koupelnapro.com\/index.php\/wp-json\/wp\/v2\/product_cat?post=11951"},{"taxonomy":"product_tag","embeddable":true,"href":"https:\/\/www.koupelnapro.com\/index.php\/wp-json\/wp\/v2\/product_tag?post=11951"}],"curies":[{"name":"wp","href":"https:\/\/api.w.org\/{rel}","templated":true}]}}