{"id":11496,"date":"2026-04-26T09:13:33","date_gmt":"2026-04-26T09:13:33","guid":{"rendered":""},"modified":"2026-04-26T09:13:33","modified_gmt":"2026-04-26T09:13:33","slug":"znackovy-sada-navijec-rychlonavijeci-festa-alu-30-m-pudr-150-g-11496","status":"publish","type":"product","link":"https:\/\/www.koupelnapro.com\/index.php\/produkt\/znackovy-sada-navijec-rychlonavijeci-festa-alu-30-m-pudr-150-g-11496\/","title":{"rendered":"Zna\u010dkov\u00fd Sada nav\u00edje\u010d rychlonav\u00edjec\u00ed FESTA ALU 30 M, pudr 150 g"},"content":{"rendered":"<div class=\"tmc_edt\">\n<p><strong>Pou\u017eit\u00ed:<\/strong> ozna\u010den\u00ed p\u0159echod\u016f &#8211; lini\u00ed ve stavebnistv\u00ed ,mal\u00ed\u0159stv\u00ed, SDK,&#8230;<\/p>\n<p><strong>Postup:<\/strong> p\u0159ilo\u017een\u00fdm pudrem napln\u00edme nav\u00edje\u010d, prot\u0159ep\u00e1n\u00edm a opakovan\u00fdm vysunut\u00edm a op\u011btovn\u00fdm navinut\u00edm provazku jej probarv\u00edme, po-t\u00e9 ve dvou napneme prov\u00e1zek v pot\u0159ebn\u00e9m m\u00edst\u011b vyzna\u010den\u00ed linie a lehce brnkneme &#8211; t\u00edm se pudr zachycen\u00fd na prov\u00e1zku nanese v tenk\u00e9 vrtstv\u011b na zna\u010den\u00fd materi\u00e1l, pak prov\u00e1zek navineme, pop\u0159. op\u011bt dopln\u00edme pudrem<\/p>\n<\/p><\/div>\n<\/p><\/div>\n","protected":false},"excerpt":{"rendered":"<p>Pou\u017eit\u00ed: ozna\u010den\u00ed p\u0159echod\u016f &#8211; lini\u00ed ve stavebnistv\u00ed ,mal\u00ed\u0159stv\u00ed, SDK,&#8230; Postup: p\u0159ilo\u017een\u00fdm pudrem napln\u00edme nav\u00edje\u010d, prot\u0159ep\u00e1n\u00edm a opakovan\u00fdm vysunut\u00edm a op\u011btovn\u00fdm navinut\u00edm provazku jej probarv\u00edme, po-t\u00e9 ve dvou napneme prov\u00e1zek v pot\u0159ebn\u00e9m m\u00edst\u011b vyzna\u010den\u00ed linie a lehce brnkneme &#8211; t\u00edm se pudr zachycen\u00fd na prov\u00e1zku nanese v tenk\u00e9 vrtstv\u011b na zna\u010den\u00fd materi\u00e1l, pak prov\u00e1zek navineme, pop\u0159. [&hellip;]<\/p>\n","protected":false},"featured_media":11596,"comment_status":"open","ping_status":"open","template":"","meta":[],"product_brand":[],"product_cat":[60],"product_tag":[],"class_list":{"0":"post-11496","1":"product","2":"type-product","3":"status-publish","4":"has-post-thumbnail","6":"product_cat-naradi","8":"first","9":"instock","10":"sale","11":"shipping-taxable","12":"purchasable","13":"product-type-simple"},"yoast_head":"<!-- This site is optimized with the Yoast SEO plugin v26.8 - https:\/\/yoast.com\/product\/yoast-seo-wordpress\/ -->\n<title>Zna\u010dkov\u00fd Sada nav\u00edje\u010d rychlonav\u00edjec\u00ed FESTA ALU 30 M, pudr 150 g -<\/title>\n<meta name=\"robots\" content=\"index, follow, max-snippet:-1, max-image-preview:large, max-video-preview:-1\" \/>\n<link rel=\"canonical\" href=\"https:\/\/www.koupelnapro.com\/index.php\/produkt\/znackovy-sada-navijec-rychlonavijeci-festa-alu-30-m-pudr-150-g-11496\/\" \/>\n<meta property=\"og:locale\" content=\"cs_CZ\" \/>\n<meta property=\"og:type\" content=\"article\" \/>\n<meta property=\"og:title\" content=\"Zna\u010dkov\u00fd Sada nav\u00edje\u010d rychlonav\u00edjec\u00ed FESTA ALU 30 M, pudr 150 g -\" \/>\n<meta property=\"og:description\" content=\"Pou\u017eit\u00ed: ozna\u010den\u00ed p\u0159echod\u016f &#8211; lini\u00ed ve stavebnistv\u00ed ,mal\u00ed\u0159stv\u00ed, SDK,&#8230; Postup: p\u0159ilo\u017een\u00fdm pudrem napln\u00edme nav\u00edje\u010d, prot\u0159ep\u00e1n\u00edm a opakovan\u00fdm vysunut\u00edm a op\u011btovn\u00fdm navinut\u00edm provazku jej probarv\u00edme, po-t\u00e9 ve dvou napneme prov\u00e1zek v pot\u0159ebn\u00e9m m\u00edst\u011b vyzna\u010den\u00ed linie a lehce brnkneme &#8211; t\u00edm se pudr zachycen\u00fd na prov\u00e1zku nanese v tenk\u00e9 vrtstv\u011b na zna\u010den\u00fd materi\u00e1l, pak prov\u00e1zek navineme, pop\u0159. [&hellip;]\" \/>\n<meta property=\"og:url\" content=\"https:\/\/www.koupelnapro.com\/index.php\/produkt\/znackovy-sada-navijec-rychlonavijeci-festa-alu-30-m-pudr-150-g-11496\/\" \/>\n<meta property=\"og:image\" content=\"https:\/\/www.koupelnapro.com\/wp-content\/uploads\/2026\/SK0004156-CZ20260425-091813-0-1777079894-gall_c70097ce-628f-4a27-b846-934a9742c515109557-37065.webp\" \/>\n\t<meta property=\"og:image:width\" content=\"300\" \/>\n\t<meta property=\"og:image:height\" content=\"200\" \/>\n\t<meta property=\"og:image:type\" content=\"image\/webp\" \/>\n<meta name=\"twitter:card\" content=\"summary_large_image\" \/>\n<script type=\"application\/ld+json\" class=\"yoast-schema-graph\">{\"@context\":\"https:\/\/schema.org\",\"@graph\":[{\"@type\":\"WebPage\",\"@id\":\"https:\/\/www.koupelnapro.com\/index.php\/produkt\/znackovy-sada-navijec-rychlonavijeci-festa-alu-30-m-pudr-150-g-11496\/\",\"url\":\"https:\/\/www.koupelnapro.com\/index.php\/produkt\/znackovy-sada-navijec-rychlonavijeci-festa-alu-30-m-pudr-150-g-11496\/\",\"name\":\"Zna\u010dkov\u00fd Sada nav\u00edje\u010d rychlonav\u00edjec\u00ed FESTA ALU 30 M, pudr 150 g -\",\"isPartOf\":{\"@id\":\"https:\/\/www.koupelnapro.com\/#website\"},\"primaryImageOfPage\":{\"@id\":\"https:\/\/www.koupelnapro.com\/index.php\/produkt\/znackovy-sada-navijec-rychlonavijeci-festa-alu-30-m-pudr-150-g-11496\/#primaryimage\"},\"image\":{\"@id\":\"https:\/\/www.koupelnapro.com\/index.php\/produkt\/znackovy-sada-navijec-rychlonavijeci-festa-alu-30-m-pudr-150-g-11496\/#primaryimage\"},\"thumbnailUrl\":\"https:\/\/www.koupelnapro.com\/wp-content\/uploads\/2026\/SK0004156-CZ20260425-091813-0-1777079894-gall_c70097ce-628f-4a27-b846-934a9742c515109557-37065.webp\",\"datePublished\":\"2026-04-26T09:13:33+00:00\",\"breadcrumb\":{\"@id\":\"https:\/\/www.koupelnapro.com\/index.php\/produkt\/znackovy-sada-navijec-rychlonavijeci-festa-alu-30-m-pudr-150-g-11496\/#breadcrumb\"},\"inLanguage\":\"cs\",\"potentialAction\":[{\"@type\":\"ReadAction\",\"target\":[\"https:\/\/www.koupelnapro.com\/index.php\/produkt\/znackovy-sada-navijec-rychlonavijeci-festa-alu-30-m-pudr-150-g-11496\/\"]}]},{\"@type\":\"ImageObject\",\"inLanguage\":\"cs\",\"@id\":\"https:\/\/www.koupelnapro.com\/index.php\/produkt\/znackovy-sada-navijec-rychlonavijeci-festa-alu-30-m-pudr-150-g-11496\/#primaryimage\",\"url\":\"https:\/\/www.koupelnapro.com\/wp-content\/uploads\/2026\/SK0004156-CZ20260425-091813-0-1777079894-gall_c70097ce-628f-4a27-b846-934a9742c515109557-37065.webp\",\"contentUrl\":\"https:\/\/www.koupelnapro.com\/wp-content\/uploads\/2026\/SK0004156-CZ20260425-091813-0-1777079894-gall_c70097ce-628f-4a27-b846-934a9742c515109557-37065.webp\",\"width\":300,\"height\":200},{\"@type\":\"BreadcrumbList\",\"@id\":\"https:\/\/www.koupelnapro.com\/index.php\/produkt\/znackovy-sada-navijec-rychlonavijeci-festa-alu-30-m-pudr-150-g-11496\/#breadcrumb\",\"itemListElement\":[{\"@type\":\"ListItem\",\"position\":1,\"name\":\"Home\",\"item\":\"https:\/\/www.koupelnapro.com\/\"},{\"@type\":\"ListItem\",\"position\":2,\"name\":\"Products\",\"item\":\"https:\/\/www.koupelnapro.com\/index.php\/products\/\"},{\"@type\":\"ListItem\",\"position\":3,\"name\":\"Zna\u010dkov\u00fd Sada nav\u00edje\u010d rychlonav\u00edjec\u00ed FESTA ALU 30 M, pudr 150 g\"}]},{\"@type\":\"WebSite\",\"@id\":\"https:\/\/www.koupelnapro.com\/#website\",\"url\":\"https:\/\/www.koupelnapro.com\/\",\"name\":\"\",\"description\":\"\",\"potentialAction\":[{\"@type\":\"SearchAction\",\"target\":{\"@type\":\"EntryPoint\",\"urlTemplate\":\"https:\/\/www.koupelnapro.com\/?s={search_term_string}\"},\"query-input\":{\"@type\":\"PropertyValueSpecification\",\"valueRequired\":true,\"valueName\":\"search_term_string\"}}],\"inLanguage\":\"cs\"}]}<\/script>\n<!-- \/ Yoast SEO plugin. -->","yoast_head_json":{"title":"Zna\u010dkov\u00fd Sada nav\u00edje\u010d rychlonav\u00edjec\u00ed FESTA ALU 30 M, pudr 150 g -","robots":{"index":"index","follow":"follow","max-snippet":"max-snippet:-1","max-image-preview":"max-image-preview:large","max-video-preview":"max-video-preview:-1"},"canonical":"https:\/\/www.koupelnapro.com\/index.php\/produkt\/znackovy-sada-navijec-rychlonavijeci-festa-alu-30-m-pudr-150-g-11496\/","og_locale":"cs_CZ","og_type":"article","og_title":"Zna\u010dkov\u00fd Sada nav\u00edje\u010d rychlonav\u00edjec\u00ed FESTA ALU 30 M, pudr 150 g -","og_description":"Pou\u017eit\u00ed: ozna\u010den\u00ed p\u0159echod\u016f &#8211; lini\u00ed ve stavebnistv\u00ed ,mal\u00ed\u0159stv\u00ed, SDK,&#8230; Postup: p\u0159ilo\u017een\u00fdm pudrem napln\u00edme nav\u00edje\u010d, prot\u0159ep\u00e1n\u00edm a opakovan\u00fdm vysunut\u00edm a op\u011btovn\u00fdm navinut\u00edm provazku jej probarv\u00edme, po-t\u00e9 ve dvou napneme prov\u00e1zek v pot\u0159ebn\u00e9m m\u00edst\u011b vyzna\u010den\u00ed linie a lehce brnkneme &#8211; t\u00edm se pudr zachycen\u00fd na prov\u00e1zku nanese v tenk\u00e9 vrtstv\u011b na zna\u010den\u00fd materi\u00e1l, pak prov\u00e1zek navineme, pop\u0159. [&hellip;]","og_url":"https:\/\/www.koupelnapro.com\/index.php\/produkt\/znackovy-sada-navijec-rychlonavijeci-festa-alu-30-m-pudr-150-g-11496\/","og_image":[{"width":300,"height":200,"url":"https:\/\/www.koupelnapro.com\/wp-content\/uploads\/2026\/SK0004156-CZ20260425-091813-0-1777079894-gall_c70097ce-628f-4a27-b846-934a9742c515109557-37065.webp","type":"image\/webp"}],"twitter_card":"summary_large_image","schema":{"@context":"https:\/\/schema.org","@graph":[{"@type":"WebPage","@id":"https:\/\/www.koupelnapro.com\/index.php\/produkt\/znackovy-sada-navijec-rychlonavijeci-festa-alu-30-m-pudr-150-g-11496\/","url":"https:\/\/www.koupelnapro.com\/index.php\/produkt\/znackovy-sada-navijec-rychlonavijeci-festa-alu-30-m-pudr-150-g-11496\/","name":"Zna\u010dkov\u00fd Sada nav\u00edje\u010d rychlonav\u00edjec\u00ed FESTA ALU 30 M, pudr 150 g -","isPartOf":{"@id":"https:\/\/www.koupelnapro.com\/#website"},"primaryImageOfPage":{"@id":"https:\/\/www.koupelnapro.com\/index.php\/produkt\/znackovy-sada-navijec-rychlonavijeci-festa-alu-30-m-pudr-150-g-11496\/#primaryimage"},"image":{"@id":"https:\/\/www.koupelnapro.com\/index.php\/produkt\/znackovy-sada-navijec-rychlonavijeci-festa-alu-30-m-pudr-150-g-11496\/#primaryimage"},"thumbnailUrl":"https:\/\/www.koupelnapro.com\/wp-content\/uploads\/2026\/SK0004156-CZ20260425-091813-0-1777079894-gall_c70097ce-628f-4a27-b846-934a9742c515109557-37065.webp","datePublished":"2026-04-26T09:13:33+00:00","breadcrumb":{"@id":"https:\/\/www.koupelnapro.com\/index.php\/produkt\/znackovy-sada-navijec-rychlonavijeci-festa-alu-30-m-pudr-150-g-11496\/#breadcrumb"},"inLanguage":"cs","potentialAction":[{"@type":"ReadAction","target":["https:\/\/www.koupelnapro.com\/index.php\/produkt\/znackovy-sada-navijec-rychlonavijeci-festa-alu-30-m-pudr-150-g-11496\/"]}]},{"@type":"ImageObject","inLanguage":"cs","@id":"https:\/\/www.koupelnapro.com\/index.php\/produkt\/znackovy-sada-navijec-rychlonavijeci-festa-alu-30-m-pudr-150-g-11496\/#primaryimage","url":"https:\/\/www.koupelnapro.com\/wp-content\/uploads\/2026\/SK0004156-CZ20260425-091813-0-1777079894-gall_c70097ce-628f-4a27-b846-934a9742c515109557-37065.webp","contentUrl":"https:\/\/www.koupelnapro.com\/wp-content\/uploads\/2026\/SK0004156-CZ20260425-091813-0-1777079894-gall_c70097ce-628f-4a27-b846-934a9742c515109557-37065.webp","width":300,"height":200},{"@type":"BreadcrumbList","@id":"https:\/\/www.koupelnapro.com\/index.php\/produkt\/znackovy-sada-navijec-rychlonavijeci-festa-alu-30-m-pudr-150-g-11496\/#breadcrumb","itemListElement":[{"@type":"ListItem","position":1,"name":"Home","item":"https:\/\/www.koupelnapro.com\/"},{"@type":"ListItem","position":2,"name":"Products","item":"https:\/\/www.koupelnapro.com\/index.php\/products\/"},{"@type":"ListItem","position":3,"name":"Zna\u010dkov\u00fd Sada nav\u00edje\u010d rychlonav\u00edjec\u00ed FESTA ALU 30 M, pudr 150 g"}]},{"@type":"WebSite","@id":"https:\/\/www.koupelnapro.com\/#website","url":"https:\/\/www.koupelnapro.com\/","name":"","description":"","potentialAction":[{"@type":"SearchAction","target":{"@type":"EntryPoint","urlTemplate":"https:\/\/www.koupelnapro.com\/?s={search_term_string}"},"query-input":{"@type":"PropertyValueSpecification","valueRequired":true,"valueName":"search_term_string"}}],"inLanguage":"cs"}]}},"_links":{"self":[{"href":"https:\/\/www.koupelnapro.com\/index.php\/wp-json\/wp\/v2\/product\/11496","targetHints":{"allow":["GET"]}}],"collection":[{"href":"https:\/\/www.koupelnapro.com\/index.php\/wp-json\/wp\/v2\/product"}],"about":[{"href":"https:\/\/www.koupelnapro.com\/index.php\/wp-json\/wp\/v2\/types\/product"}],"replies":[{"embeddable":true,"href":"https:\/\/www.koupelnapro.com\/index.php\/wp-json\/wp\/v2\/comments?post=11496"}],"wp:featuredmedia":[{"embeddable":true,"href":"https:\/\/www.koupelnapro.com\/index.php\/wp-json\/wp\/v2\/media\/11596"}],"wp:attachment":[{"href":"https:\/\/www.koupelnapro.com\/index.php\/wp-json\/wp\/v2\/media?parent=11496"}],"wp:term":[{"taxonomy":"product_brand","embeddable":true,"href":"https:\/\/www.koupelnapro.com\/index.php\/wp-json\/wp\/v2\/product_brand?post=11496"},{"taxonomy":"product_cat","embeddable":true,"href":"https:\/\/www.koupelnapro.com\/index.php\/wp-json\/wp\/v2\/product_cat?post=11496"},{"taxonomy":"product_tag","embeddable":true,"href":"https:\/\/www.koupelnapro.com\/index.php\/wp-json\/wp\/v2\/product_tag?post=11496"}],"curies":[{"name":"wp","href":"https:\/\/api.w.org\/{rel}","templated":true}]}}

Značkový Sada navíječ rychlonavíjecí FESTA ALU 30 M, pudr 150 g

<div class="tmc_edt">
<p><strong>Použití:</strong> označení přechodů &#8211; linií ve stavebniství ,malířství, SDK,&#8230;</p>
<p><strong>Postup:</strong> přiloženým pudrem naplníme navíječ, protřepáním a opakovaným vysunutím a opětovným navinutím provazku jej probarvíme, po-té ve dvou napneme provázek v potřebném místě vyznačení linie a lehce brnkneme &#8211; tím se pudr zachycený na provázku nanese v tenké vrtstvě na značený materiál, pak provázek navineme, popř. opět doplníme pudrem</p>
</p></div>
</p></div>

<p>Použití: označení přechodů &#8211; linií ve stavebniství ,malířství, SDK,&#8230; Postup: přiloženým pudrem naplníme navíječ, protřepáním a opakovaným vysunutím a opětovným navinutím provazku jej probarvíme, po-té ve dvou napneme provázek v potřebném místě vyznačení linie a lehce brnkneme &#8211; tím se pudr zachycený na provázku nanese v tenké vrtstvě na značený materiál, pak provázek navineme, popř. [&hellip;]</p>

<!-- This site is optimized with the Yoast SEO plugin v26.8 - https://yoast.com/product/yoast-seo-wordpress/ -->
<title>Značkový Sada navíječ rychlonavíjecí FESTA ALU 30 M, pudr 150 g -</title>
<meta name="robots" content="index, follow, max-snippet:-1, max-image-preview:large, max-video-preview:-1" />
<link rel="canonical" href="https://www.koupelnapro.com/index.php/produkt/znackovy-sada-navijec-rychlonavijeci-festa-alu-30-m-pudr-150-g-11496/" />
<meta property="og:locale" content="cs_CZ" />
<meta property="og:type" content="article" />
<meta property="og:title" content="Značkový Sada navíječ rychlonavíjecí FESTA ALU 30 M, pudr 150 g -" />
<meta property="og:description" content="Použití: označení přechodů &#8211; linií ve stavebniství ,malířství, SDK,&#8230; Postup: přiloženým pudrem naplníme navíječ, protřepáním a opakovaným vysunutím a opětovným navinutím provazku jej probarvíme, po-té ve dvou napneme provázek v potřebném místě vyznačení linie a lehce brnkneme &#8211; tím se pudr zachycený na provázku nanese v tenké vrtstvě na značený materiál, pak provázek navineme, popř. [&hellip;]" />
<meta property="og:url" content="https://www.koupelnapro.com/index.php/produkt/znackovy-sada-navijec-rychlonavijeci-festa-alu-30-m-pudr-150-g-11496/" />
<meta property="og:image" content="https://www.koupelnapro.com/wp-content/uploads/2026/SK0004156-CZ20260425-091813-0-1777079894-gall_c70097ce-628f-4a27-b846-934a9742c515109557-37065.webp" />
	<meta property="og:image:width" content="300" />
	<meta property="og:image:height" content="200" />
	<meta property="og:image:type" content="image/webp" />
<meta name="twitter:card" content="summary_large_image" />
<script type="application/ld+json" class="yoast-schema-graph">{"@context":"https://schema.org","@graph":[{"@type":"WebPage","@id":"https://www.koupelnapro.com/index.php/produkt/znackovy-sada-navijec-rychlonavijeci-festa-alu-30-m-pudr-150-g-11496/","url":"https://www.koupelnapro.com/index.php/produkt/znackovy-sada-navijec-rychlonavijeci-festa-alu-30-m-pudr-150-g-11496/","name":"Značkový Sada navíječ rychlonavíjecí FESTA ALU 30 M, pudr 150 g -","isPartOf":{"@id":"https://www.koupelnapro.com/#website"},"primaryImageOfPage":{"@id":"https://www.koupelnapro.com/index.php/produkt/znackovy-sada-navijec-rychlonavijeci-festa-alu-30-m-pudr-150-g-11496/#primaryimage"},"image":{"@id":"https://www.koupelnapro.com/index.php/produkt/znackovy-sada-navijec-rychlonavijeci-festa-alu-30-m-pudr-150-g-11496/#primaryimage"},"thumbnailUrl":"https://www.koupelnapro.com/wp-content/uploads/2026/SK0004156-CZ20260425-091813-0-1777079894-gall_c70097ce-628f-4a27-b846-934a9742c515109557-37065.webp","datePublished":"2026-04-26T09:13:33+00:00","breadcrumb":{"@id":"https://www.koupelnapro.com/index.php/produkt/znackovy-sada-navijec-rychlonavijeci-festa-alu-30-m-pudr-150-g-11496/#breadcrumb"},"inLanguage":"cs","potentialAction":[{"@type":"ReadAction","target":["https://www.koupelnapro.com/index.php/produkt/znackovy-sada-navijec-rychlonavijeci-festa-alu-30-m-pudr-150-g-11496/"]}]},{"@type":"ImageObject","inLanguage":"cs","@id":"https://www.koupelnapro.com/index.php/produkt/znackovy-sada-navijec-rychlonavijeci-festa-alu-30-m-pudr-150-g-11496/#primaryimage","url":"https://www.koupelnapro.com/wp-content/uploads/2026/SK0004156-CZ20260425-091813-0-1777079894-gall_c70097ce-628f-4a27-b846-934a9742c515109557-37065.webp","contentUrl":"https://www.koupelnapro.com/wp-content/uploads/2026/SK0004156-CZ20260425-091813-0-1777079894-gall_c70097ce-628f-4a27-b846-934a9742c515109557-37065.webp","width":300,"height":200},{"@type":"BreadcrumbList","@id":"https://www.koupelnapro.com/index.php/produkt/znackovy-sada-navijec-rychlonavijeci-festa-alu-30-m-pudr-150-g-11496/#breadcrumb","itemListElement":[{"@type":"ListItem","position":1,"name":"Home","item":"https://www.koupelnapro.com/"},{"@type":"ListItem","position":2,"name":"Products","item":"https://www.koupelnapro.com/index.php/products/"},{"@type":"ListItem","position":3,"name":"Značkový Sada navíječ rychlonavíjecí FESTA ALU 30 M, pudr 150 g"}]},{"@type":"WebSite","@id":"https://www.koupelnapro.com/#website","url":"https://www.koupelnapro.com/","name":"","description":"","potentialAction":[{"@type":"SearchAction","target":{"@type":"EntryPoint","urlTemplate":"https://www.koupelnapro.com/?s={search_term_string}"},"query-input":{"@type":"PropertyValueSpecification","valueRequired":true,"valueName":"search_term_string"}}],"inLanguage":"cs"}]}</script>
<!-- / Yoast SEO plugin. -->

Značkový Sada navíječ rychlonavíjecí FESTA ALU 30 M, pudr 150 g -

Použití: označení přechodů &#8211; linií ve stavebniství ,malířství, SDK,&#8230; Postup: přiloženým pudrem naplníme navíječ, protřepáním a opakovaným vysunutím a opětovným navinutím provazku jej probarvíme, po-té ve dvou napneme provázek v potřebném místě vyznačení linie a lehce brnkneme &#8211; tím se pudr zachycený na provázku nanese v tenké vrtstvě na značený materiál, pak provázek navineme, popř. [&hellip;]
