{"id":10513,"date":"2026-04-26T09:13:30","date_gmt":"2026-04-26T09:13:30","guid":{"rendered":""},"modified":"2026-04-26T09:13:30","modified_gmt":"2026-04-26T09:13:30","slug":"dokud-zasoby-vydrzi-vrut-do-sadrokartonu-fsn-tpb-3-5-x-45-fg-bs-ph-bal-1000-ks-10513","status":"publish","type":"product","link":"https:\/\/www.koupelnapro.com\/index.php\/produkt\/dokud-zasoby-vydrzi-vrut-do-sadrokartonu-fsn-tpb-3-5-x-45-fg-bs-ph-bal-1000-ks-10513\/","title":{"rendered":"Dokud Z\u00e1soby Vydr\u017e\u00ed Vrut do s\u00e1drokartonu FSN-TPB 3,5 \u00d7 45 FG BS PH (bal. 1000 ks)"},"content":{"rendered":"<div class=\"tmc_edt\">                        <span lang=\"EN\"><\/span><\/p>\n<ul>\n<li>Vrut do s\u00e1drokartonu fischer FSN-TPB m\u00e1 parabolickou z\u00e1pustnou hlavu, jemn\u00fd z\u00e1vit s vrt\u00e1\u010dkem na za\u010d\u00e1tku a k\u0159\u00ed\u017eovou dr\u00e1\u017eku PH. <\/li>\n<li>Ide\u00e1ln\u00ed k upev\u0148ov\u00e1n\u00ed s\u00e1drokartonov\u00fdch desek na kovov\u00e9 profily z plechu o tlou\u0161\u0165ce max. 2 mm. <\/li>\n<li>Dr\u00e1\u017eka PH&nbsp;vhodn\u00e1 pro \u0161roubvac\u00ed n\u00e1stavce optimalizovan\u00e9 pro s\u00e1drokarton\u00e1\u0159e. <\/li>\n<li>Parabolick\u00e1 hlava se snadno zapust\u00ed do s\u00e1drokartonu, ani\u017e by ho po\u0161kodila, a vrt\u00e1\u010dek na konci z\u00e1vitu rychle pronik\u00e1 do profilu, tak\u017ee \u0161et\u0159\u00ed \u010das mont\u00e1\u017ee a energii mont\u00e9ra i aku n\u00e1\u0159ad\u00ed.&nbsp;<\/li>\n<\/ul>\n<p>&nbsp;&nbsp;&nbsp;&nbsp;&nbsp;&nbsp;&nbsp; <font face=\"Segoe UI\"><strong>V\u00fdhody:<\/strong><\/font><\/p>\n<ul>\n<li><font face=\"Segoe UI\">rychl\u00e9 a jednoduch\u00e9 za\u0161roubov\u00e1n\u00ed<\/font><\/li>\n<li><font face=\"Segoe UI\">bez p\u0159edvrt\u00e1n\u00ed do plechu o max. tlou\u0161\u0165ce 0,7 mm<\/font><\/li>\n<li><font face=\"Segoe UI\">pro suchou v\u00fdstavbu<\/font><\/li>\n<li><font face=\"Segoe UI\">tvrzen\u00e9 a fosf\u00e1tovan\u00e9<\/font><\/li>\n<\/ul>\n<p><font face=\"Segoe UI\">&nbsp;&nbsp;&nbsp;&nbsp;&nbsp;&nbsp;&nbsp;&nbsp;&nbsp;&nbsp; <strong>Stavebn\u00ed materi\u00e1ly:<\/strong><\/font><\/p>\n<ul>\n<li><font face=\"Segoe UI\">S\u00e1drokartonov\u00e9 desky na kovov\u00e9 profily a d\u0159ev\u011bn\u00e9 sloupky<\/font><\/li>\n<li><font face=\"Segoe UI\">S\u00e1drovl\u00e1knit\u00e9 desky na kovov\u00e9 profily a d\u0159ev\u011bn\u00e9 sloupky<\/font><\/li>\n<li><font face=\"Segoe UI\">Kovov\u00e9 profily na kovov\u00e9 profily<\/font><\/li>\n<\/ul>\n<p><font face=\"Segoe UI\">&nbsp;&nbsp;&nbsp;&nbsp;&nbsp;&nbsp;&nbsp;&nbsp;&nbsp;<strong>&nbsp; Aplikace:<\/strong><\/font><\/p>\n<ul>\n<li><font face=\"Segoe UI\">Upevn\u011bn\u00ed s\u00e1drokartonov\u00fdch desek na d\u0159ev\u011bn\u00e9 sloupky a kovov\u00e9 profily do tlou\u0161\u0165ky 2 mm<\/font><\/li>\n<li><font face=\"Segoe UI\">Spojen\u00ed kovov\u00fdch profil\u016f<\/font><\/li>\n<\/ul><\/div>\n<\/p><\/div>\n","protected":false},"excerpt":{"rendered":"<p>Vrut do s\u00e1drokartonu fischer FSN-TPB m\u00e1 parabolickou z\u00e1pustnou hlavu, jemn\u00fd z\u00e1vit s vrt\u00e1\u010dkem na za\u010d\u00e1tku a k\u0159\u00ed\u017eovou dr\u00e1\u017eku PH. Ide\u00e1ln\u00ed k upev\u0148ov\u00e1n\u00ed s\u00e1drokartonov\u00fdch desek na kovov\u00e9 profily z plechu o tlou\u0161\u0165ce max. 2 mm. Dr\u00e1\u017eka PH&nbsp;vhodn\u00e1 pro \u0161roubvac\u00ed n\u00e1stavce optimalizovan\u00e9 pro s\u00e1drokarton\u00e1\u0159e. Parabolick\u00e1 hlava se snadno zapust\u00ed do s\u00e1drokartonu, ani\u017e by ho po\u0161kodila, a vrt\u00e1\u010dek [&hellip;]<\/p>\n","protected":false},"featured_media":10613,"comment_status":"open","ping_status":"open","template":"","meta":[],"product_brand":[],"product_cat":[67],"product_tag":[],"class_list":{"0":"post-10513","1":"product","2":"type-product","3":"status-publish","4":"has-post-thumbnail","6":"product_cat-sucha-vystavba","8":"first","9":"instock","10":"sale","11":"shipping-taxable","12":"purchasable","13":"product-type-simple"},"yoast_head":"<!-- This site is optimized with the Yoast SEO plugin v26.8 - https:\/\/yoast.com\/product\/yoast-seo-wordpress\/ -->\n<title>Dokud Z\u00e1soby Vydr\u017e\u00ed Vrut do s\u00e1drokartonu FSN-TPB 3,5 \u00d7 45 FG BS PH (bal. 1000 ks) -<\/title>\n<meta name=\"robots\" content=\"index, follow, max-snippet:-1, max-image-preview:large, max-video-preview:-1\" \/>\n<link rel=\"canonical\" href=\"https:\/\/www.koupelnapro.com\/index.php\/produkt\/dokud-zasoby-vydrzi-vrut-do-sadrokartonu-fsn-tpb-3-5-x-45-fg-bs-ph-bal-1000-ks-10513\/\" \/>\n<meta property=\"og:locale\" content=\"cs_CZ\" \/>\n<meta property=\"og:type\" content=\"article\" \/>\n<meta property=\"og:title\" content=\"Dokud Z\u00e1soby Vydr\u017e\u00ed Vrut do s\u00e1drokartonu FSN-TPB 3,5 \u00d7 45 FG BS PH (bal. 1000 ks) -\" \/>\n<meta property=\"og:description\" content=\"Vrut do s\u00e1drokartonu fischer FSN-TPB m\u00e1 parabolickou z\u00e1pustnou hlavu, jemn\u00fd z\u00e1vit s vrt\u00e1\u010dkem na za\u010d\u00e1tku a k\u0159\u00ed\u017eovou dr\u00e1\u017eku PH. Ide\u00e1ln\u00ed k upev\u0148ov\u00e1n\u00ed s\u00e1drokartonov\u00fdch desek na kovov\u00e9 profily z plechu o tlou\u0161\u0165ce max. 2 mm. Dr\u00e1\u017eka PH&nbsp;vhodn\u00e1 pro \u0161roubvac\u00ed n\u00e1stavce optimalizovan\u00e9 pro s\u00e1drokarton\u00e1\u0159e. Parabolick\u00e1 hlava se snadno zapust\u00ed do s\u00e1drokartonu, ani\u017e by ho po\u0161kodila, a vrt\u00e1\u010dek [&hellip;]\" \/>\n<meta property=\"og:url\" content=\"https:\/\/www.koupelnapro.com\/index.php\/produkt\/dokud-zasoby-vydrzi-vrut-do-sadrokartonu-fsn-tpb-3-5-x-45-fg-bs-ph-bal-1000-ks-10513\/\" \/>\n<meta property=\"og:image\" content=\"https:\/\/www.koupelnapro.com\/wp-content\/uploads\/2026\/SK0003613-CZ20260425-091813-0-1777079894-gall_e46674ba-69bb-4c3c-afd5-e094aff8d5cc63198-fischer-fsn-.webp\" \/>\n\t<meta property=\"og:image:width\" content=\"420\" \/>\n\t<meta property=\"og:image:height\" content=\"407\" \/>\n\t<meta property=\"og:image:type\" content=\"image\/webp\" \/>\n<meta name=\"twitter:card\" content=\"summary_large_image\" \/>\n<meta name=\"twitter:label1\" content=\"Odhadovan\u00e1 doba \u010dten\u00ed\" \/>\n\t<meta name=\"twitter:data1\" content=\"1 minuta\" \/>\n<script type=\"application\/ld+json\" class=\"yoast-schema-graph\">{\"@context\":\"https:\/\/schema.org\",\"@graph\":[{\"@type\":\"WebPage\",\"@id\":\"https:\/\/www.koupelnapro.com\/index.php\/produkt\/dokud-zasoby-vydrzi-vrut-do-sadrokartonu-fsn-tpb-3-5-x-45-fg-bs-ph-bal-1000-ks-10513\/\",\"url\":\"https:\/\/www.koupelnapro.com\/index.php\/produkt\/dokud-zasoby-vydrzi-vrut-do-sadrokartonu-fsn-tpb-3-5-x-45-fg-bs-ph-bal-1000-ks-10513\/\",\"name\":\"Dokud Z\u00e1soby Vydr\u017e\u00ed Vrut do s\u00e1drokartonu FSN-TPB 3,5 \u00d7 45 FG BS PH (bal. 1000 ks) -\",\"isPartOf\":{\"@id\":\"https:\/\/www.koupelnapro.com\/#website\"},\"primaryImageOfPage\":{\"@id\":\"https:\/\/www.koupelnapro.com\/index.php\/produkt\/dokud-zasoby-vydrzi-vrut-do-sadrokartonu-fsn-tpb-3-5-x-45-fg-bs-ph-bal-1000-ks-10513\/#primaryimage\"},\"image\":{\"@id\":\"https:\/\/www.koupelnapro.com\/index.php\/produkt\/dokud-zasoby-vydrzi-vrut-do-sadrokartonu-fsn-tpb-3-5-x-45-fg-bs-ph-bal-1000-ks-10513\/#primaryimage\"},\"thumbnailUrl\":\"https:\/\/www.koupelnapro.com\/wp-content\/uploads\/2026\/SK0003613-CZ20260425-091813-0-1777079894-gall_e46674ba-69bb-4c3c-afd5-e094aff8d5cc63198-fischer-fsn-.webp\",\"datePublished\":\"2026-04-26T09:13:30+00:00\",\"breadcrumb\":{\"@id\":\"https:\/\/www.koupelnapro.com\/index.php\/produkt\/dokud-zasoby-vydrzi-vrut-do-sadrokartonu-fsn-tpb-3-5-x-45-fg-bs-ph-bal-1000-ks-10513\/#breadcrumb\"},\"inLanguage\":\"cs\",\"potentialAction\":[{\"@type\":\"ReadAction\",\"target\":[\"https:\/\/www.koupelnapro.com\/index.php\/produkt\/dokud-zasoby-vydrzi-vrut-do-sadrokartonu-fsn-tpb-3-5-x-45-fg-bs-ph-bal-1000-ks-10513\/\"]}]},{\"@type\":\"ImageObject\",\"inLanguage\":\"cs\",\"@id\":\"https:\/\/www.koupelnapro.com\/index.php\/produkt\/dokud-zasoby-vydrzi-vrut-do-sadrokartonu-fsn-tpb-3-5-x-45-fg-bs-ph-bal-1000-ks-10513\/#primaryimage\",\"url\":\"https:\/\/www.koupelnapro.com\/wp-content\/uploads\/2026\/SK0003613-CZ20260425-091813-0-1777079894-gall_e46674ba-69bb-4c3c-afd5-e094aff8d5cc63198-fischer-fsn-.webp\",\"contentUrl\":\"https:\/\/www.koupelnapro.com\/wp-content\/uploads\/2026\/SK0003613-CZ20260425-091813-0-1777079894-gall_e46674ba-69bb-4c3c-afd5-e094aff8d5cc63198-fischer-fsn-.webp\",\"width\":420,\"height\":407},{\"@type\":\"BreadcrumbList\",\"@id\":\"https:\/\/www.koupelnapro.com\/index.php\/produkt\/dokud-zasoby-vydrzi-vrut-do-sadrokartonu-fsn-tpb-3-5-x-45-fg-bs-ph-bal-1000-ks-10513\/#breadcrumb\",\"itemListElement\":[{\"@type\":\"ListItem\",\"position\":1,\"name\":\"Home\",\"item\":\"https:\/\/www.koupelnapro.com\/\"},{\"@type\":\"ListItem\",\"position\":2,\"name\":\"Products\",\"item\":\"https:\/\/www.koupelnapro.com\/index.php\/products\/\"},{\"@type\":\"ListItem\",\"position\":3,\"name\":\"Dokud Z\u00e1soby Vydr\u017e\u00ed Vrut do s\u00e1drokartonu FSN-TPB 3,5 \u00d7 45 FG BS PH (bal. 1000 ks)\"}]},{\"@type\":\"WebSite\",\"@id\":\"https:\/\/www.koupelnapro.com\/#website\",\"url\":\"https:\/\/www.koupelnapro.com\/\",\"name\":\"\",\"description\":\"\",\"potentialAction\":[{\"@type\":\"SearchAction\",\"target\":{\"@type\":\"EntryPoint\",\"urlTemplate\":\"https:\/\/www.koupelnapro.com\/?s={search_term_string}\"},\"query-input\":{\"@type\":\"PropertyValueSpecification\",\"valueRequired\":true,\"valueName\":\"search_term_string\"}}],\"inLanguage\":\"cs\"}]}<\/script>\n<!-- \/ Yoast SEO plugin. -->","yoast_head_json":{"title":"Dokud Z\u00e1soby Vydr\u017e\u00ed Vrut do s\u00e1drokartonu FSN-TPB 3,5 \u00d7 45 FG BS PH (bal. 1000 ks) -","robots":{"index":"index","follow":"follow","max-snippet":"max-snippet:-1","max-image-preview":"max-image-preview:large","max-video-preview":"max-video-preview:-1"},"canonical":"https:\/\/www.koupelnapro.com\/index.php\/produkt\/dokud-zasoby-vydrzi-vrut-do-sadrokartonu-fsn-tpb-3-5-x-45-fg-bs-ph-bal-1000-ks-10513\/","og_locale":"cs_CZ","og_type":"article","og_title":"Dokud Z\u00e1soby Vydr\u017e\u00ed Vrut do s\u00e1drokartonu FSN-TPB 3,5 \u00d7 45 FG BS PH (bal. 1000 ks) -","og_description":"Vrut do s\u00e1drokartonu fischer FSN-TPB m\u00e1 parabolickou z\u00e1pustnou hlavu, jemn\u00fd z\u00e1vit s vrt\u00e1\u010dkem na za\u010d\u00e1tku a k\u0159\u00ed\u017eovou dr\u00e1\u017eku PH. Ide\u00e1ln\u00ed k upev\u0148ov\u00e1n\u00ed s\u00e1drokartonov\u00fdch desek na kovov\u00e9 profily z plechu o tlou\u0161\u0165ce max. 2 mm. Dr\u00e1\u017eka PH&nbsp;vhodn\u00e1 pro \u0161roubvac\u00ed n\u00e1stavce optimalizovan\u00e9 pro s\u00e1drokarton\u00e1\u0159e. Parabolick\u00e1 hlava se snadno zapust\u00ed do s\u00e1drokartonu, ani\u017e by ho po\u0161kodila, a vrt\u00e1\u010dek [&hellip;]","og_url":"https:\/\/www.koupelnapro.com\/index.php\/produkt\/dokud-zasoby-vydrzi-vrut-do-sadrokartonu-fsn-tpb-3-5-x-45-fg-bs-ph-bal-1000-ks-10513\/","og_image":[{"width":420,"height":407,"url":"https:\/\/www.koupelnapro.com\/wp-content\/uploads\/2026\/SK0003613-CZ20260425-091813-0-1777079894-gall_e46674ba-69bb-4c3c-afd5-e094aff8d5cc63198-fischer-fsn-.webp","type":"image\/webp"}],"twitter_card":"summary_large_image","twitter_misc":{"Odhadovan\u00e1 doba \u010dten\u00ed":"1 minuta"},"schema":{"@context":"https:\/\/schema.org","@graph":[{"@type":"WebPage","@id":"https:\/\/www.koupelnapro.com\/index.php\/produkt\/dokud-zasoby-vydrzi-vrut-do-sadrokartonu-fsn-tpb-3-5-x-45-fg-bs-ph-bal-1000-ks-10513\/","url":"https:\/\/www.koupelnapro.com\/index.php\/produkt\/dokud-zasoby-vydrzi-vrut-do-sadrokartonu-fsn-tpb-3-5-x-45-fg-bs-ph-bal-1000-ks-10513\/","name":"Dokud Z\u00e1soby Vydr\u017e\u00ed Vrut do s\u00e1drokartonu FSN-TPB 3,5 \u00d7 45 FG BS PH (bal. 1000 ks) -","isPartOf":{"@id":"https:\/\/www.koupelnapro.com\/#website"},"primaryImageOfPage":{"@id":"https:\/\/www.koupelnapro.com\/index.php\/produkt\/dokud-zasoby-vydrzi-vrut-do-sadrokartonu-fsn-tpb-3-5-x-45-fg-bs-ph-bal-1000-ks-10513\/#primaryimage"},"image":{"@id":"https:\/\/www.koupelnapro.com\/index.php\/produkt\/dokud-zasoby-vydrzi-vrut-do-sadrokartonu-fsn-tpb-3-5-x-45-fg-bs-ph-bal-1000-ks-10513\/#primaryimage"},"thumbnailUrl":"https:\/\/www.koupelnapro.com\/wp-content\/uploads\/2026\/SK0003613-CZ20260425-091813-0-1777079894-gall_e46674ba-69bb-4c3c-afd5-e094aff8d5cc63198-fischer-fsn-.webp","datePublished":"2026-04-26T09:13:30+00:00","breadcrumb":{"@id":"https:\/\/www.koupelnapro.com\/index.php\/produkt\/dokud-zasoby-vydrzi-vrut-do-sadrokartonu-fsn-tpb-3-5-x-45-fg-bs-ph-bal-1000-ks-10513\/#breadcrumb"},"inLanguage":"cs","potentialAction":[{"@type":"ReadAction","target":["https:\/\/www.koupelnapro.com\/index.php\/produkt\/dokud-zasoby-vydrzi-vrut-do-sadrokartonu-fsn-tpb-3-5-x-45-fg-bs-ph-bal-1000-ks-10513\/"]}]},{"@type":"ImageObject","inLanguage":"cs","@id":"https:\/\/www.koupelnapro.com\/index.php\/produkt\/dokud-zasoby-vydrzi-vrut-do-sadrokartonu-fsn-tpb-3-5-x-45-fg-bs-ph-bal-1000-ks-10513\/#primaryimage","url":"https:\/\/www.koupelnapro.com\/wp-content\/uploads\/2026\/SK0003613-CZ20260425-091813-0-1777079894-gall_e46674ba-69bb-4c3c-afd5-e094aff8d5cc63198-fischer-fsn-.webp","contentUrl":"https:\/\/www.koupelnapro.com\/wp-content\/uploads\/2026\/SK0003613-CZ20260425-091813-0-1777079894-gall_e46674ba-69bb-4c3c-afd5-e094aff8d5cc63198-fischer-fsn-.webp","width":420,"height":407},{"@type":"BreadcrumbList","@id":"https:\/\/www.koupelnapro.com\/index.php\/produkt\/dokud-zasoby-vydrzi-vrut-do-sadrokartonu-fsn-tpb-3-5-x-45-fg-bs-ph-bal-1000-ks-10513\/#breadcrumb","itemListElement":[{"@type":"ListItem","position":1,"name":"Home","item":"https:\/\/www.koupelnapro.com\/"},{"@type":"ListItem","position":2,"name":"Products","item":"https:\/\/www.koupelnapro.com\/index.php\/products\/"},{"@type":"ListItem","position":3,"name":"Dokud Z\u00e1soby Vydr\u017e\u00ed Vrut do s\u00e1drokartonu FSN-TPB 3,5 \u00d7 45 FG BS PH (bal. 1000 ks)"}]},{"@type":"WebSite","@id":"https:\/\/www.koupelnapro.com\/#website","url":"https:\/\/www.koupelnapro.com\/","name":"","description":"","potentialAction":[{"@type":"SearchAction","target":{"@type":"EntryPoint","urlTemplate":"https:\/\/www.koupelnapro.com\/?s={search_term_string}"},"query-input":{"@type":"PropertyValueSpecification","valueRequired":true,"valueName":"search_term_string"}}],"inLanguage":"cs"}]}},"_links":{"self":[{"href":"https:\/\/www.koupelnapro.com\/index.php\/wp-json\/wp\/v2\/product\/10513","targetHints":{"allow":["GET"]}}],"collection":[{"href":"https:\/\/www.koupelnapro.com\/index.php\/wp-json\/wp\/v2\/product"}],"about":[{"href":"https:\/\/www.koupelnapro.com\/index.php\/wp-json\/wp\/v2\/types\/product"}],"replies":[{"embeddable":true,"href":"https:\/\/www.koupelnapro.com\/index.php\/wp-json\/wp\/v2\/comments?post=10513"}],"wp:featuredmedia":[{"embeddable":true,"href":"https:\/\/www.koupelnapro.com\/index.php\/wp-json\/wp\/v2\/media\/10613"}],"wp:attachment":[{"href":"https:\/\/www.koupelnapro.com\/index.php\/wp-json\/wp\/v2\/media?parent=10513"}],"wp:term":[{"taxonomy":"product_brand","embeddable":true,"href":"https:\/\/www.koupelnapro.com\/index.php\/wp-json\/wp\/v2\/product_brand?post=10513"},{"taxonomy":"product_cat","embeddable":true,"href":"https:\/\/www.koupelnapro.com\/index.php\/wp-json\/wp\/v2\/product_cat?post=10513"},{"taxonomy":"product_tag","embeddable":true,"href":"https:\/\/www.koupelnapro.com\/index.php\/wp-json\/wp\/v2\/product_tag?post=10513"}],"curies":[{"name":"wp","href":"https:\/\/api.w.org\/{rel}","templated":true}]}}